000
CXUS53 KGRR 010910
CF6BTL
PRELIMINARY LOCAL CLIMATOLOGICAL DATA (WS FORM: F-6)
STATION: BATTLE CREEK
MONTH: APRIL
YEAR: 2022
LATITUDE: 42 17 N
LONGITUDE: 85 14 W
TEMPERATURE IN F: :PCPN: SNOW: WIND :SUNSHINE: SKY :PK WND
================================================================================
1 2 3 4 5 6A 6B 7 8 9 10 11 12 13 14 15 16 17 18
12Z AVG MX 2MIN
DY MAX MIN AVG DEP HDD CDD WTR SNW DPTH SPD SPD DIR MIN PSBL S-S WX SPD DR
================================================================================
1 38 26 32 -10 33 0 T M M 9.6 20 290 M M 8 26 280
2 45 24 35 -8 30 0 0.20 M M 6.2 14 160 M M 5 1 27 190
3 50 34 42 -1 23 0 0.00 M M 6.0 14 320 M M 9 1 19 290
4 55 35 45 1 20 0 0.38 M M 10.0 21 290 M M 8 1 27 290
5 59 38 49 5 16 0 0.00 M M 6.9 15 110 M M 6 18 23 120
6 54 46 50 6 15 0 0.67 M M 12.0 25 260 M M 10 18 34 300
7 47 38 43 -2 22 0 0.05 M M 12.9 23 210 M M 10 31 200
8 48 34 41 -4 24 0 0.13 M M 10.6 22 250 M M 10 18 28 250
9 39 27 33 -12 32 0 0.01 M M 8.5 20 310 M M 8 1 26 290
10 59 25 42 -4 23 0 0.00 M M 7.2 20 150 M M 0 30 160
11 68 42 55 9 10 0 T M M 10.9 23 250 M M 4 30 280
12 69 33 51 4 14 0 T M M 8.9 22 150 M M 2 32 170
13 67 60 64 17 1 0 0.47 M M 13.3 23 210 M M 9 1 33 190
14 62 36 49 2 16 0 0.10 M M 20.8 43 240 M M 2 1 65 240
15 51 40 46 -2 19 0 0.20 M M 14.7 36 240 M M 7 1 48 240
16 45 30 38 -10 27 0 0.00 M M 10.4 24 300 M M 4 33 280
17 47 25 36 -12 29 0 0.00 M M 6.9 17 120 M M 0 24 130
18 38 32 35 -14 30 0 0.24 M M 7.6 20 310 M M 7 18 27 310
19 45 27 36 -13 29 0 0.03 M M 12.6 24 290 M M 5 18 32 270
20 53 26 40 -10 25 0 0.03 M M 11.6 26 140 M M 3 40 130
21 66 45 56 6 9 0 0.27 M M 13.2 28 270 M M 3 1 43 290
22 50 42 46 -4 19 0 1.40 M M 9.1 24 100 M M 6 13 35 100
23 82 46 64 13 1 0 0.00 M M 13.7 24 200 M M 2 36 200
24 80 63 72 21 0 7 0.20 M M 16.7 33 210 M M 4 13 45 200
25 63 43 53 1 12 0 T M M 11.3 22 260 M M 9 31 280
26 43 32 38 -14 27 0 0.05 M M 12.2 24 290 M M 9 1 31 290
27 48 29 39 -13 26 0 0.00 M M 9.2 21 290 M M 5 28 350
28 52 34 43 -10 22 0 0.00 M M 8.0 15 130 M M 4 21 130
29 63 44 54 1 11 0 0.00 M M 10.1 16 120 M M 7 25 140
30 59 46 53 -1 12 0 0.58 M M 12.3 24 110 M M 9 3 36 120
================================================================================
SM 1645 1102 577 7 5.01 M 323.4 M 175
================================================================================
AV 54.8 36.7 10.8 FASTST M M 6 MAX(MPH)
MISC ----> 43 240 65 240
================================================================================
NOTES:
# LAST OF SEVERAL OCCURRENCES
COLUMN 17 PEAK WIND IN M.P.H.
PRELIMINARY LOCAL CLIMATOLOGICAL DATA (WS FORM: F-6) , PAGE 2
STATION: BATTLE CREEK
MONTH: APRIL
YEAR: 2022
LATITUDE: 42 17 N
LONGITUDE: 85 14 W
[TEMPERATURE DATA] [PRECIPITATION DATA] SYMBOLS USED IN COLUMN 16
AVERAGE MONTHLY: 45.8 TOTAL FOR MONTH: 5.01 1 = FOG OR MIST
DPTR FM NORMAL: -2.2 DPTR FM NORMAL: 2.13 2 = FOG REDUCING VISIBILITY
HIGHEST: 82 ON 23 GRTST 24HR 1.40 ON 22-22 TO 1/4 MILE OR LESS
LOWEST: 24 ON 2 3 = THUNDER
SNOW, ICE PELLETS, HAIL 4 = ICE PELLETS
TOTAL MONTH: M 5 = HAIL
GRTST 24HR M ON M 6 = FREEZING RAIN OR DRIZZLE
GRTST DEPTH: M ON M 7 = DUSTSTORM OR SANDSTORM:
VSBY 1/2 MILE OR LESS
8 = SMOKE OR HAZE
[NO. OF DAYS WITH] [WEATHER - DAYS WITH] 9 = BLOWING SNOW
X = TORNADO
MAX 32 OR BELOW: 0 0.01 INCH OR MORE: 17
MAX 90 OR ABOVE: 0 0.10 INCH OR MORE: 12
MIN 32 OR BELOW: 11 0.50 INCH OR MORE: 3
MIN 0 OR BELOW: 0 1.00 INCH OR MORE: 1
[HDD (BASE 65) ]
TOTAL THIS MO. 577 CLEAR (SCALE 0-3) 6
DPTR FM NORMAL 62 PTCLDY (SCALE 4-7) 14
TOTAL FM JUL 1 5845 CLOUDY (SCALE 8-10) 10
DPTR FM NORMAL -310
[CDD (BASE 65) ]
TOTAL THIS MO. 7
DPTR FM NORMAL 3 [PRESSURE DATA]
TOTAL FM JAN 1 7 HIGHEST SLP 30.51 ON 22
DPTR FM NORMAL 2 LOWEST SLP 29.45 ON 13
[REMARKS]
#FINAL-04-22#