000
CXUS53 KGRR 011010
CF6BTL
PRELIMINARY LOCAL CLIMATOLOGICAL DATA (WS FORM: F-6)
STATION: BATTLE CREEK
MONTH: FEBRUARY
YEAR: 2022
LATITUDE: 42 17 N
LONGITUDE: 85 14 W
TEMPERATURE IN F: :PCPN: SNOW: WIND :SUNSHINE: SKY :PK WND
================================================================================
1 2 3 4 5 6A 6B 7 8 9 10 11 12 13 14 15 16 17 18
12Z AVG MX 2MIN
DY MAX MIN AVG DEP HDD CDD WTR SNW DPTH SPD SPD DIR MIN PSBL S-S WX SPD DR
================================================================================
1 46 25 36 12 29 0 0.13 M M 12.3 23 190 M M 5 1 32 190
2 39 19 29 5 36 0 0.67 M M 9.4 18 10 M M 10 12 28 40
3 20 11 16 -8 49 0 T M M 13.2 21 40 M M 8 8 27 20
4 20 2 11 -13 54 0 T M M 5.2 16 20 M M 4 18 20 10
5 23 2 13 -11 52 0 T M M 8.2 20 180 M M 3 18 30 200
6 30 15 23 -1 42 0 0.00 M M 13.0 20 190 M M 1 27 190
7 30 20 25 1 40 0 T M M 10.2 17 300 M M 8 168 24 290
8 31 18 25 0 40 0 T M M 11.1 22 190 M M 5 18 30 200
9 40 31 36 11 29 0 0.01 M M 13.5 22 230 M M 6 1 29 250
10 34 26 30 5 35 0 T M M 12.3 22 200 M M 10 1 29 210
11 38 27 33 8 32 0 0.17 M M 15.7 25 310 M M 10 1 34 230
12 30 16 23 -3 42 0 T M M 11.8 25 320 M M 10 8 32 300
13 19 -3 8 -18 57 0 0.07 M M 5.6 15 30 M M 8 128 19 200
14 20 -5 8 -18 57 0 T M M 7.2 15 210 M M 9 18 19 200
15 30 13 22 -4 43 0 0.00 M M 8.7 17 140 M M 3 29 140
16 49 30 40 14 25 0 0.11 M M 18.7 26 200 M M 6 1 38 200
17 48 19 34 7 31 0 0.99 M M 11.9 21 360 M M 10 18 29 350
18 30 15 23 -4 42 0 T M M 15.4 31 240 M M 7 8 46 200
19 30 11 21 -6 44 0 0.01 M M 15.4 35 280 M M 8 19 52 300
20 47 12 30 2 35 0 0.00 M M 17.7 31 200 M M 1 42 200
21 52 28 40 12 25 0 0.00 M M 5.7 13 50 M M 0 17 130
22 54 26 40 12 25 0 0.26 M M 13.0 32 270 M M 10 1 46 250
23 27 20 24 -4 41 0 T M M 12.0 24 290 M M 10 8 35 290
24 30 18 24 -5 41 0 0.03 M M 10.9 17 60 M M 9 18 29 70
25 26 14 20 -9 45 0 0.05 M M 7.2 15 340 M M 9 18 21 330
26 30 20 25 -5 40 0 T M M 12.2 23 250 M M 6 1 28 240
27 39 25 32 2 33 0 0.00 M M 14.1 22 280 M M 1 32 240
28 42 23 33 3 32 0 0.00 M M 9.7 21 160 M M 3 30 150
================================================================================
SM 954 478 1096 0 2.50 M 321.3 M 180
================================================================================
AV 34.1 17.1 11.5 FASTST M M 6 MAX(MPH)
MISC ----> 35 280 52 300
================================================================================
NOTES:
# LAST OF SEVERAL OCCURRENCES
COLUMN 17 PEAK WIND IN M.P.H.
PRELIMINARY LOCAL CLIMATOLOGICAL DATA (WS FORM: F-6) , PAGE 2
STATION: BATTLE CREEK
MONTH: FEBRUARY
YEAR: 2022
LATITUDE: 42 17 N
LONGITUDE: 85 14 W
[TEMPERATURE DATA] [PRECIPITATION DATA] SYMBOLS USED IN COLUMN 16
AVERAGE MONTHLY: 25.6 TOTAL FOR MONTH: 2.50 1 = FOG OR MIST
DPTR FM NORMAL: -0.8 DPTR FM NORMAL: 1.29 2 = FOG REDUCING VISIBILITY
HIGHEST: 54 ON 22 GRTST 24HR 1.09 ON 16-17 TO 1/4 MILE OR LESS
LOWEST: -5 ON 14 3 = THUNDER
SNOW, ICE PELLETS, HAIL 4 = ICE PELLETS
TOTAL MONTH: M 5 = HAIL
GRTST 24HR M ON M 6 = FREEZING RAIN OR DRIZZLE
GRTST DEPTH: M ON M 7 = DUSTSTORM OR SANDSTORM:
VSBY 1/2 MILE OR LESS
8 = SMOKE OR HAZE
[NO. OF DAYS WITH] [WEATHER - DAYS WITH] 9 = BLOWING SNOW
X = TORNADO
MAX 32 OR BELOW: 16 0.01 INCH OR MORE: 11
MAX 90 OR ABOVE: 0 0.10 INCH OR MORE: 6
MIN 32 OR BELOW: 28 0.50 INCH OR MORE: 2
MIN 0 OR BELOW: 2 1.00 INCH OR MORE: 0
[HDD (BASE 65) ]
TOTAL THIS MO. 1096 CLEAR (SCALE 0-3) 5
DPTR FM NORMAL 15 PTCLDY (SCALE 4-7) 11
TOTAL FM JUL 1 4441 CLOUDY (SCALE 8-10) 12
DPTR FM NORMAL -304
[CDD (BASE 65) ]
TOTAL THIS MO. 0
DPTR FM NORMAL 0 [PRESSURE DATA]
TOTAL FM JAN 1 0 HIGHEST SLP 30.54 ON 15
DPTR FM NORMAL 0 LOWEST SLP 29.50 ON 11
[REMARKS]
#FINAL-02-22#