000
CXUS53 KGRR 010910
CF6BTL
PRELIMINARY LOCAL CLIMATOLOGICAL DATA (WS FORM: F-6)
STATION: BATTLE CREEK
MONTH: JULY
YEAR: 2021
LATITUDE: 42 17 N
LONGITUDE: 85 14 W
TEMPERATURE IN F: :PCPN: SNOW: WIND :SUNSHINE: SKY :PK WND
================================================================================
1 2 3 4 5 6A 6B 7 8 9 10 11 12 13 14 15 16 17 18
12Z AVG MX 2MIN
DY MAX MIN AVG DEP HDD CDD WTR SNW DPTH SPD SPD DIR MIN PSBL S-S WX SPD DR
================================================================================
1 81 64 73 1 0 8 0.00 M M 8.3 17 20 M M 2 8 26 360
2 77 55 66 -6 0 1 0.00 M M 8.1 16 10 M M 1 23 20
3 81 57 69 -3 0 4 0.00 M M 9.3 24 290 M M 4 32 290
4 88 66 77 5 0 12 0.00 M M 6.4 13 290 M M 0 8 16 270
5 89 69 79 7 0 14 0.00 M M 11.1 22 240 M M 0 18 27 240
6 90 74 82 10 0 17 T M M 10.2 17 260 M M 2 24 260
7 87 66 77 5 0 12 1.04 M M 7.4 48 260 M M 2 138 69 260
8 74 62 68 -4 0 3 0.38 M M 7.8 16 300 M M 9 13 24 300
9 74 60 67 -5 0 2 0.01 M M 5.9 12 10 M M 9 1 14 10
10 77 57 67 -6 0 2 T M M 5.9 14 140 M M 4 20 170
11 70 66 68 -5 0 3 T M M 9.8 20 60 M M 9 27 70
12 77 64 71 -2 0 6 0.07 M M 7.8 12 110 M M 10 1 18 80
13 80 67 74 1 0 9 0.51 M M 7.5 20 260 M M 7 138 37 250
14 83 66 75 2 0 10 0.00 M M 8.0 15 230 M M 3 1 21 230
15 80 69 75 2 0 10 T M M 11.5 21 250 M M 4 30 260
16 71 67 69 -4 0 4 1.38 M M 6.8 12 60 M M 10 1 17 70
17 80 66 73 0 0 8 0.34 M M 6.8 13 80 M M 8 1 17 20
18 83 60 72 -1 0 7 0.00 M M 2.7 9 130 M M 1 12 120
19 83 62 73 0 0 8 0.00 M M 4.3 14 310 M M 0 17 310
20 84 64 74 1 0 9 0.00 M M 7.8 18 280 M M 1 8 26 260
21 77 63 70 -3 0 5 0.00 M M 6.5 13 40 M M 5 18 20
22 79 58 69 -4 0 4 0.00 M M 4.2 9 160 M M 0 14 210
23 81 64 73 0 0 8 1.14 M M 7.1 20 10 M M 6 13 26 10
24 87 73 80 7 0 15 1.08 M M 11.1 32 270 M M 4 1238 47 270
25 86 67 77 4 0 12 0.00 M M 5.4 14 270 M M 0 1 18 280
26 88 62 75 3 0 10 0.00 M M 4.0 13 300 M M 0 17 340
27 85 67 76 4 0 11 0.00 M M 5.6 12 270 M M 0 16 240
28 87 67 77 5 0 12 T M M 2.9 10 260 M M 3 13 270
29 84 68 76 4 0 11 0.05 M M 10.8 24 210 M M 4 1 36 210
30 75 59 67 -5 0 2 0.00 M M 6.5 13 30 M M 3 19 360
31 78 56 67 -5 0 2 0.00 M M 4.8 14 300 M M 0 19 270
================================================================================
SM 2516 1985 0 241 6.00 M 222.3 M 111
================================================================================
AV 81.2 64.0 7.2 FASTST M M 4 MAX(MPH)
MISC ----> 48 260 69 260
================================================================================
NOTES:
# LAST OF SEVERAL OCCURRENCES
COLUMN 17 PEAK WIND IN M.P.H.
PRELIMINARY LOCAL CLIMATOLOGICAL DATA (WS FORM: F-6) , PAGE 2
STATION: BATTLE CREEK
MONTH: JULY
YEAR: 2021
LATITUDE: 42 17 N
LONGITUDE: 85 14 W
[TEMPERATURE DATA] [PRECIPITATION DATA] SYMBOLS USED IN COLUMN 16
AVERAGE MONTHLY: 72.6 TOTAL FOR MONTH: 6.00 1 = FOG OR MIST
DPTR FM NORMAL: 0.1 DPTR FM NORMAL: 2.65 2 = FOG REDUCING VISIBILITY
HIGHEST: 90 ON 6 GRTST 24HR 1.72 ON 16-17 TO 1/4 MILE OR LESS
LOWEST: 55 ON 2 3 = THUNDER
SNOW, ICE PELLETS, HAIL 4 = ICE PELLETS
TOTAL MONTH: M 5 = HAIL
GRTST 24HR M ON M 6 = FREEZING RAIN OR DRIZZLE
GRTST DEPTH: M ON M 7 = DUSTSTORM OR SANDSTORM:
VSBY 1/2 MILE OR LESS
8 = SMOKE OR HAZE
[NO. OF DAYS WITH] [WEATHER - DAYS WITH] 9 = BLOWING SNOW
X = TORNADO
MAX 32 OR BELOW: 0 0.01 INCH OR MORE: 10
MAX 90 OR ABOVE: 1 0.10 INCH OR MORE: 7
MIN 32 OR BELOW: 0 0.50 INCH OR MORE: 5
MIN 0 OR BELOW: 0 1.00 INCH OR MORE: 4
[HDD (BASE 65) ]
TOTAL THIS MO. 0 CLEAR (SCALE 0-3) 16
DPTR FM NORMAL -6 PTCLDY (SCALE 4-7) 9
TOTAL FM JUL 1 0 CLOUDY (SCALE 8-10) 6
DPTR FM NORMAL 0
[CDD (BASE 65) ]
TOTAL THIS MO. 241
DPTR FM NORMAL 3 [PRESSURE DATA]
TOTAL FM JAN 1 561 HIGHEST SLP 30.24 ON 18
DPTR FM NORMAL 119 LOWEST SLP 29.75 ON 24
[REMARKS]
#FINAL-07-21#