445
CXUS54 KLIX 010810
CF6BTR
PRELIMINARY LOCAL CLIMATOLOGICAL DATA (WS FORM: F-6)
STATION: BATON ROUGE
MONTH: AUGUST
YEAR: 2020
LATITUDE: 30 31 N
LONGITUDE: 91 9 W
TEMPERATURE IN F: :PCPN: SNOW: WIND :SUNSHINE: SKY :PK WND
================================================================================
1 2 3 4 5 6A 6B 7 8 9 10 11 12 13 14 15 16 17 18
12Z AVG MX 2MIN
DY MAX MIN AVG DEP HDD CDD WTR SNW DPTH SPD SPD DIR MIN PSBL S-S WX SPD DR
================================================================================
1 88 74 81 -2 0 16 0.00 0.0 M 3.8 15 280 M M 1 17 270
2 92 74 83 0 0 18 0.00 0.0 M 2.3 12 350 M M 4 14 350
3 93 73 83 0 0 18 0.00 0.0 M 3.2 12 270 M M 0 18 17 250
4 93 74 84 1 0 19 0.00 0.0 M 3.9 14 270 M M 1 21 270
5 93 73 83 0 0 18 T 0.0 M 4.8 13 320 M M 3 20 280
6 93 73 83 0 0 18 0.00 0.0 M 4.2 12 300 M M 1 16 300
7 96 69 83 0 0 18 0.00 0.0 M 2.8 9 350 M M 0 16 280
8 96 74 85 2 0 20 0.00 0.0 M 2.4 12 240 M M 2 13 22 150
9 96 75 86 3 0 21 0.89 0.0 M 2.6 30 150 M M 2 13 42 160
10 95 75 85 2 0 20 0.00 0.0 M 4.4 12 280 M M 0 1 16 280
11 95 76 86 3 0 21 0.00 0.0 M 5.4 12 260 M M 0 15 240
12 97 78 88 5 0 23 0.00 0.0 M 4.9 20 190 M M 3 3 24 180
13 96 75 86 3 0 21 0.47 0.0 M 5.0 29 130 M M 2 13 42 130
14 95 75 85 2 0 20 0.00 0.0 M 5.2 16 230 M M 2 3 20 290
15 96 77 87 4 0 22 0.02 0.0 M 6.9 32 20 M M 3 3 42 20
16 97 73 85 2 0 20 0.00 0.0 M 4.6 28 50 M M 1 35 60
17 93 73 83 0 0 18 0.00 0.0 M 5.0 15 20 M M 2 19 360
18 96 73 85 2 0 20 0.00 0.0 M 4.1 10 360 M M 0 14 40
19 95 71 83 0 0 18 0.00 0.0 M 4.9 13 350 M M 3 3 17 300
20 92 70 81 -2 0 16 0.17 0.0 M 5.0 20 100 M M 2 13 25 110
21 90 69 80 -3 0 15 0.00 0.0 M 2.7 9 40 M M 1 12 20
22 93 69 81 -2 0 16 0.00 0.0 M 4.2 13 30 M M 0 16 20
23 93 71 82 -1 0 17 0.00 0.0 M 6.6 15 110 M M 2 20 80
24 93 73 83 0 0 18 0.00 0.0 M 9.3 17 50 M M 1 23 30
25 92 77 85 2 0 20 0.12 0.0 M 9.8 17 60 M M 8 13 21 60
26 91 77 84 1 0 19 0.59 0.0 M 14.2 24 90 M M 8 138 35 80
27 89 79 84 1 0 19 1.45 0.0 M 17.9 32 170 M M 8 13 42 160
28 89 77 83 1 0 18 0.42 0.0 M 8.0 22 210 M M 6 138 30 210
29 93 76 85 3 0 20 T 0.0 M 4.5 20 290 M M 2 3 25 290
30 92 75 84 2 0 19 T 0.0 M 5.1 17 220 M M 4 22 220
31 94 76 85 3 0 20 0.48 0.0 M 6.6 29 270 M M 4 13 36 260
================================================================================
SM 2896 2294 0 586 4.61 0.0 174.3 M 76
================================================================================
AV 93.4 74.0 5.6 FASTST M M 2 MAX(MPH)
MISC ----> # 32 20 # 42 160
================================================================================
NOTES:
# LAST OF SEVERAL OCCURRENCES
COLUMN 17 PEAK WIND IN M.P.H.
PRELIMINARY LOCAL CLIMATOLOGICAL DATA (WS FORM: F-6) , PAGE 2
STATION: BATON ROUGE
MONTH: AUGUST
YEAR: 2020
LATITUDE: 30 31 N
LONGITUDE: 91 9 W
[TEMPERATURE DATA] [PRECIPITATION DATA] SYMBOLS USED IN COLUMN 16
AVERAGE MONTHLY: 83.7 TOTAL FOR MONTH: 4.61 1 = FOG OR MIST
DPTR FM NORMAL: 0.8 DPTR FM NORMAL: -1.21 2 = FOG REDUCING VISIBILITY
HIGHEST: 97 ON 16,12 GRTST 24HR 2.04 ON 26-27 TO 1/4 MILE OR LESS
LOWEST: 69 ON 22,21 3 = THUNDER
SNOW, ICE PELLETS, HAIL 4 = ICE PELLETS
TOTAL MONTH: 0.0 INCH 5 = HAIL
GRTST 24HR 0.0 6 = FREEZING RAIN OR DRIZZLE
GRTST DEPTH: M ON M 7 = DUSTSTORM OR SANDSTORM:
VSBY 1/2 MILE OR LESS
8 = SMOKE OR HAZE
[NO. OF DAYS WITH] [WEATHER - DAYS WITH] 9 = BLOWING SNOW
X = TORNADO
MAX 32 OR BELOW: 0 0.01 INCH OR MORE: 9
MAX 90 OR ABOVE: 28 0.10 INCH OR MORE: 8
MIN 32 OR BELOW: 0 0.50 INCH OR MORE: 3
MIN 0 OR BELOW: 0 1.00 INCH OR MORE: 1
[HDD (BASE 65) ]
TOTAL THIS MO. 0 CLEAR (SCALE 0-3) 23
DPTR FM NORMAL 0 PTCLDY (SCALE 4-7) 8
TOTAL FM JUL 1 0 CLOUDY (SCALE 8-10) 0
DPTR FM NORMAL 0
[CDD (BASE 65) ]
TOTAL THIS MO. 586
DPTR FM NORMAL 30 [PRESSURE DATA]
TOTAL FM JAN 1 2379 HIGHEST SLP M ON M
DPTR FM NORMAL 218 LOWEST SLP 29.66 ON 27
[REMARKS]
#FINAL-08-20#