000
CXUS55 KRIW 010945
CF6BYG
PRELIMINARY LOCAL CLIMATOLOGICAL DATA (WS FORM: F-6)
STATION: BUFFALO WY
MONTH: MAY
YEAR: 2020
LATITUDE: 44 22 N
LONGITUDE: 106 43 W
TEMPERATURE IN F: :PCPN: SNOW: WIND :SUNSHINE: SKY :PK WND
================================================================================
1 2 3 4 5 6A 6B 7 8 9 10 11 12 13 14 15 16 17 18
12Z AVG MX 2MIN
DY MAX MIN AVG DEP HDD CDD WTR SNW DPTH SPD SPD DIR MIN PSBL S-S WX SPD DR
================================================================================
1 62 41 52 4 13 0 0.00 M M 12.6 30 330 M M 5 42 330
2 66 42 54 6 11 0 0.15 M M 8.2 17 180 M M 3 22 170
3 68 41 55 6 10 0 T M M 10.9 36 330 M M 3 1 55 340
4 49 33 41 -8 24 0 0.11 M M 8.9 29 340 M M 7 12 39 340
5 59 32 46 -3 19 0 0.00 M M 12.2 32 340 M M 0 46 330
6 69 35 52 2 13 0 0.00 M M 15.5 36 340 M M 1 48 350
7 44 33 39 -11 26 0 0.06 M M 18.2 40 340 M M 6 1 58 320
8 61 29 45 -5 20 0 T M M 10.8 30 320 M M 3 44 330
9 51 33 42 -8 23 0 0.04 M M 19.5 38 330 M M 6 1 55 340
10 39 30 35 -16 30 0 0.01 M M 5.3 15 330 M M 9 1 20 330
11 45 35 40 -11 25 0 0.04 M M 10.1 20 150 M M 10 1 25 150
12 53 35 44 -7 21 0 0.07 M M 9.0 22 160 M M 9 13 30 150
13 59 40 50 -1 15 0 0.15 M M 7.4 26 340 M M 7 12 33 360
14 58 39 49 -3 16 0 0.01 M M 7.5 22 180 M M 4 29 180
15 61 42 52 0 13 0 0.06 M M 7.1 29 200 M M 7 13 36 170
16 56 41 49 -3 16 0 0.00 M M 9.8 21 360 M M 9 27 360
17 76 41 59 7 6 0 0.00 M M 18.8 25 150 M M 0 35 180
18 85 50 68 16 0 3 0.00 M M 10.6 20 190 M M 0 25 180
19 80 52 66 13 0 1 T M M 9.6 24 340 M M 0 3 33 330
20 81 47 64 11 1 0 T M M 14.5 45 240 M M 1 3 66 240
21 69 42 56 3 9 0 0.00 M M 10.4 28 270 M M 1 37 230
22 71 44 58 5 7 0 0.00 M M 14.1 24 330 M M 2 37 310
23 54 37 46 -8 19 0 0.06 M M 18.5 33 340 M M 7 44 350
24 55 37 46 -8 19 0 T M M 13.1 24 350 M M 8 34 10
25 65 38 52 -2 13 0 T M M 7.4 21 350 M M 6 29 360
26 73 42 58 4 7 0 0.00 M M 5.9 18 360 M M 5 24 360
27 68 52 60 5 5 0 T M M 8.1 25 320 M M 7 35 320
28 66 49 58 3 7 0 0.00 M M 6.2 21 350 M M 7 29 350
29 82 48 65 10 0 0 0.00 M M 5.3 17 350 M M 0 23 350
30 86 57 72 17 0 7 0.51 0.0 M 15.6 44 200 M M 3 38 59 210
31 90 61 76 20 0 11 0.00 0.0 M 8.8 23 230 M M 1 32 240
================================================================================
SM 2001 1278 388 22 1.27 0.0 339.9 M 137
================================================================================
AV 64.6 41.2 11.0 FASTST M M 4 MAX(MPH)
MISC ----> # 45 240 # 66 240
================================================================================
NOTES:
# LAST OF SEVERAL OCCURRENCES
COLUMN 17 PEAK WIND IN M.P.H.
PRELIMINARY LOCAL CLIMATOLOGICAL DATA (WS FORM: F-6) , PAGE 2
STATION: BUFFALO WY
MONTH: MAY
YEAR: 2020
LATITUDE: 44 22 N
LONGITUDE: 106 43 W
[TEMPERATURE DATA] [PRECIPITATION DATA] SYMBOLS USED IN COLUMN 16
AVERAGE MONTHLY: 52.9 TOTAL FOR MONTH: 1.27 1 = FOG OR MIST
DPTR FM NORMAL: 0.9 DPTR FM NORMAL: -1.26 2 = FOG REDUCING VISIBILITY
HIGHEST: 90 ON 31 GRTST 24HR 0.51 ON 30-30 TO 1/4 MILE OR LESS
LOWEST: 29 ON 8 3 = THUNDER
SNOW, ICE PELLETS, HAIL 4 = ICE PELLETS
TOTAL MONTH: 0.0 INCH 5 = HAIL
GRTST 24HR 0.0 6 = FREEZING RAIN OR DRIZZLE
GRTST DEPTH: M ON M 7 = DUSTSTORM OR SANDSTORM:
VSBY 1/2 MILE OR LESS
8 = SMOKE OR HAZE
[NO. OF DAYS WITH] [WEATHER - DAYS WITH] 9 = BLOWING SNOW
X = TORNADO
MAX 32 OR BELOW: 0 0.01 INCH OR MORE: 12
MAX 90 OR ABOVE: 1 0.10 INCH OR MORE: 4
MIN 32 OR BELOW: 3 0.50 INCH OR MORE: 1
MIN 0 OR BELOW: 0 1.00 INCH OR MORE: 0
[HDD (BASE 65) ]
TOTAL THIS MO. 388 CLEAR (SCALE 0-3) 13
DPTR FM NORMAL -22 PTCLDY (SCALE 4-7) 13
TOTAL FM JUL 1 7368 CLOUDY (SCALE 8-10) 5
DPTR FM NORMAL 114
[CDD (BASE 65) ]
TOTAL THIS MO. 22
DPTR FM NORMAL 15 [PRESSURE DATA]
TOTAL FM JAN 1 22 HIGHEST SLP 30.44 ON 7
DPTR FM NORMAL 15 LOWEST SLP 29.45 ON 20
[REMARKS]
#FINAL-05-20#