000
CXUS51 KCAR 010700
CF6CAR
PRELIMINARY LOCAL CLIMATOLOGICAL DATA (WS FORM: F-6)
STATION: CARIBOU ME
MONTH: OCTOBER
YEAR: 2022
LATITUDE: 46 52 N
LONGITUDE: 68 1 W
TEMPERATURE IN F: :PCPN: SNOW: WIND :SUNSHINE: SKY :PK WND
================================================================================
1 2 3 4 5 6A 6B 7 8 9 10 11 12 13 14 15 16 17 18
12Z AVG MX 2MIN
DY MAX MIN AVG DEP HDD CDD WTR SNW DPTH SPD SPD DIR MIN PSBL S-S WX SPD DR
================================================================================
1 63 37 50 0 15 0 0.00 0.0 0 4.5 15 360 M M 3 22 360
2 52 30 41 -9 24 0 0.00 0.0 0 7.1 18 360 M M 0 25 360
3 58 26 42 -8 23 0 0.00 0.0 0 1.9 9 10 M M 0 14 10
4 65 27 46 -3 19 0 0.00 0.0 0 3.4 12 220 M M 0 18 180
5 69 31 50 1 15 0 0.00 0.0 0 1.3 8 160 M M 0 13 170
6 73 35 54 6 11 0 0.00 0.0 0 2.5 9 120 M M 0 12 120
7 70 47 59 11 6 0 0.13 0.0 0 5.0 15 250 M M 6 13 22 250
8 50 34 42 -6 23 0 0.01 0.0 0 7.0 18 240 M M 3 1 25 240
9 49 30 40 -7 25 0 T 0.0 0 6.7 21 310 M M 6 33 310
10 52 27 40 -7 25 0 0.00 0.0 0 4.8 15 250 M M 1 22 290
11 57 29 43 -3 22 0 0.00 0.0 0 7.4 16 240 M M 0 25 250
12 67 31 49 3 16 0 0.00 0.0 0 4.4 14 220 M M 1 20 230
13 65 49 57 11 8 0 0.00 0.0 0 11.2 24 180 M M 6 35 190
14 66 56 61 16 4 0 0.04 0.0 0 17.0 26 150 M M 9 1 40 150
15 66 53 60 15 5 0 1.75 0.0 0 8.0 23 170 M M 9 1 33 170
16 62 40 51 7 14 0 0.00 0.0 0 3.3 9 270 M M 3 12 14 250
17 62 40 51 7 14 0 0.00 0.0 0 3.8 12 150 M M 3 18 150
18 62 51 57 13 8 0 0.81 0.0 0 12.7 24 140 M M 10 1 41 140
19 65 43 54 11 11 0 1.02 0.0 0 12.0 25 150 M M 7 1 38 150
20 54 35 45 2 20 0 0.00 0.0 0 6.8 17 170 M M 3 27 170
21 55 37 46 3 19 0 0.00 0.0 0 6.5 18 230 M M 2 25 220
22 66 37 52 10 13 0 0.00 0.0 0 7.9 17 170 M M 0 25 170
23 70 40 55 13 10 0 0.00 0.0 0 2.9 9 180 M M 0 13 190
24 63 45 54 12 11 0 0.12 0.0 0 1.9 8 160 M M 5 1 10 140
25 62 52 57 16 8 0 T 0.0 0 3.8 10 200 M M 10 12 16 190
26 69 58 64 23 1 0 0.57 0.0 0 6.1 15 170 M M 9 12 22 150
27 63 34 49 9 16 0 0.01 0.0 0 8.2 22 330 M M 5 1 37 330
28 48 29 39 -1 26 0 0.00 0.0 0 4.5 14 320 M M 0 22 330
29 59 30 45 5 20 0 0.00 0.0 0 5.5 14 240 M M 0 19 230
30 61 34 48 9 17 0 0.00 0.0 0 5.2 13 210 M M 0 18 230
31 63 35 49 10 16 0 0.00 0.0 0 3.9 7 120 M M 0 10 200
================================================================================
SM 1906 1182 465 0 4.46 0.0 187.2 M 101
================================================================================
AV 61.5 38.1 6.0 FASTST M M 3 MAX(MPH)
MISC ----> 26 150 41 140
================================================================================
NOTES:
# LAST OF SEVERAL OCCURRENCES
COLUMN 17 PEAK WIND IN M.P.H.
PRELIMINARY LOCAL CLIMATOLOGICAL DATA (WS FORM: F-6) , PAGE 2
STATION: CARIBOU ME
MONTH: OCTOBER
YEAR: 2022
LATITUDE: 46 52 N
LONGITUDE: 68 1 W
[TEMPERATURE DATA] [PRECIPITATION DATA] SYMBOLS USED IN COLUMN 16
AVERAGE MONTHLY: 49.8 TOTAL FOR MONTH: 4.46 1 = FOG OR MIST
DPTR FM NORMAL: 5.3 DPTR FM NORMAL: 0.47 2 = FOG REDUCING VISIBILITY
HIGHEST: 73 ON 6 GRTST 24HR 1.76 ON 14-15 TO 1/4 MILE OR LESS
LOWEST: 26 ON 3 3 = THUNDER
SNOW, ICE PELLETS, HAIL 4 = ICE PELLETS
TOTAL MONTH: 0.0 INCH 5 = HAIL
GRTST 24HR 0.0 6 = FREEZING RAIN OR DRIZZLE
GRTST DEPTH: 0 7 = DUSTSTORM OR SANDSTORM:
VSBY 1/2 MILE OR LESS
8 = SMOKE OR HAZE
[NO. OF DAYS WITH] [WEATHER - DAYS WITH] 9 = BLOWING SNOW
X = TORNADO
MAX 32 OR BELOW: 0 0.01 INCH OR MORE: 9
MAX 90 OR ABOVE: 0 0.10 INCH OR MORE: 6
MIN 32 OR BELOW: 10 0.50 INCH OR MORE: 4
MIN 0 OR BELOW: 0 1.00 INCH OR MORE: 2
[HDD (BASE 65) ]
TOTAL THIS MO. 465 CLEAR (SCALE 0-3) 19
DPTR FM NORMAL -169 PTCLDY (SCALE 4-7) 7
TOTAL FM JUL 1 783 CLOUDY (SCALE 8-10) 5
DPTR FM NORMAL -233
[CDD (BASE 65) ]
TOTAL THIS MO. 0
DPTR FM NORMAL 0 [PRESSURE DATA]
TOTAL FM JAN 1 243 HIGHEST SLP 30.56 ON 28
DPTR FM NORMAL 19 LOWEST SLP 29.57 ON 27
[REMARKS]
#FINAL-10-22#