000
CXUS56 KMTR 010900
CF6CCR
PRELIMINARY LOCAL CLIMATOLOGICAL DATA (WS FORM: F-6)
STATION: CONCORD AIRPORT
MONTH: MAY
YEAR: 2022
LATITUDE: 37 58 N
LONGITUDE: 122 3 W
TEMPERATURE IN F: :PCPN: SNOW: WIND :SUNSHINE: SKY :PK WND
================================================================================
1 2 3 4 5 6A 6B 7 8 9 10 11 12 13 14 15 16 17 18
12Z AVG MX 2MIN
DY MAX MIN AVG DEP HDD CDD WTR SNW DPTH SPD SPD DIR MIN PSBL S-S WX SPD DR
================================================================================
1 80 49 65 2 0 0 0.00 M M 8.3 22 200 M M 0 26 200
2 70 50 60 -3 5 0 0.00 M M 11.2 22 280 M M 1 28 280
3 83 44 64 1 1 0 0.00 M M 4.8 15 320 M M 0 17 320
4 89 49 69 6 0 4 0.00 M M 4.2 15 270 M M 0 21 330
5 72 52 62 -1 3 0 0.00 M M 9.3 17 230 M M 0 22 220
6 72 57 65 1 0 0 0.00 M M 10.0 18 240 M M 7 24 270
7 72 53 63 -1 2 0 0.00 M M 11.7 24 280 M M 1 29 280
8 63 49 56 -8 9 0 0.00 M M 14.3 29 290 M M 2 36 290
9 62 45 54 -10 11 0 T M M 10.6 22 230 M M 2 28 230
10 64 43 54 -10 11 0 0.00 M M 8.4 21 350 M M 2 25 20
11 70 41 56 -8 9 0 0.00 M M 7.4 17 250 M M 0 23 230
12 70 45 58 -6 7 0 0.00 M M 9.2 17 270 M M 1 23 240
13 81 50 66 1 0 1 0.00 M M 7.7 18 330 M M 0 23 330
14 88 54 71 6 0 6 0.00 M M 5.8 16 280 M M 0 21 330
15 82 57 70 5 0 5 0.00 M M 9.2 21 250 M M 0 25 270
16 76 54 65 0 0 0 0.00 M M 12.8 22 180 M M 1 27 190
17 85 52 69 4 0 4 0.00 M M 10.9 18 290 M M 0 23 290
18 94 53 74 8 0 9 0.00 M M 8.8 16 270 M M 0 23 270
19 86 62 74 8 0 9 0.00 M M 8.4 20 290 M M 0 22 280
20 83 51 67 1 0 2 0.00 M M 6.5 20 330 M M 0 22 320
21 86 52 69 3 0 4 0.00 M M 5.5 16 280 M M 0 22 270
22 88 52 70 4 0 5 0.00 M M 7.1 21 280 M M 0 26 270
23 91 57 74 8 0 9 0.00 M M 7.5 17 270 M M 0 26 310
24 98 57 78 11 0 13 0.00 M M 4.5 15 320 M M 0 17 290
25 99 61 80 13 0 15 0.00 M M 5.9 18 320 M M 0 23 300
26 69 55 62 -5 3 0 0.00 M M 14.7 24 260 M M 1 30 260
27 71 55 63 -4 2 0 0.00 M M 11.6 21 230 M M 4 25 230
28 73 56 65 -2 0 0 0.00 M M 12.7 25 250 M M 6 30 240
29 78 53 66 -2 0 1 0.00 M M 8.7 18 260 M M 1 22 270
30 79 53 66 -2 0 1 0.00 M M 7.1 21 250 M M 0 25 250
31 87 51 69 1 0 4 0.00 M M 6.8 18 310 M M 0 24 300
================================================================================
SM 2461 1612 63 92 T M 271.6 M 29
================================================================================
AV 79.4 52.0 8.8 FASTST M M 1 MAX(MPH)
MISC ----> 29 290 36 290
================================================================================
NOTES:
# LAST OF SEVERAL OCCURRENCES
COLUMN 17 PEAK WIND IN M.P.H.
PRELIMINARY LOCAL CLIMATOLOGICAL DATA (WS FORM: F-6) , PAGE 2
STATION: CONCORD AIRPORT
MONTH: MAY
YEAR: 2022
LATITUDE: 37 58 N
LONGITUDE: 122 3 W
[TEMPERATURE DATA] [PRECIPITATION DATA] SYMBOLS USED IN COLUMN 16
AVERAGE MONTHLY: 65.7 TOTAL FOR MONTH: T 1 = FOG OR MIST
DPTR FM NORMAL: 0.4 DPTR FM NORMAL: -0.51 2 = FOG REDUCING VISIBILITY
HIGHEST: 99 ON 25 GRTST 24HR T ON 9- 9 TO 1/4 MILE OR LESS
LOWEST: 41 ON 11 3 = THUNDER
SNOW, ICE PELLETS, HAIL 4 = ICE PELLETS
TOTAL MONTH: M 5 = HAIL
GRTST 24HR M ON M 6 = FREEZING RAIN OR DRIZZLE
GRTST DEPTH: M ON M 7 = DUSTSTORM OR SANDSTORM:
VSBY 1/2 MILE OR LESS
8 = SMOKE OR HAZE
[NO. OF DAYS WITH] [WEATHER - DAYS WITH] 9 = BLOWING SNOW
X = TORNADO
MAX 32 OR BELOW: 0 0.01 INCH OR MORE: 0
MAX 90 OR ABOVE: 4 0.10 INCH OR MORE: 0
MIN 32 OR BELOW: 0 0.50 INCH OR MORE: 0
MIN 0 OR BELOW: 0 1.00 INCH OR MORE: 0
[HDD (BASE 65) ]
TOTAL THIS MO. 63 CLEAR (SCALE 0-3) 28
DPTR FM NORMAL -2 PTCLDY (SCALE 4-7) 3
TOTAL FM JUL 1 2106 CLOUDY (SCALE 8-10) 0
DPTR FM NORMAL -39
[CDD (BASE 65) ]
TOTAL THIS MO. 92
DPTR FM NORMAL 19 [PRESSURE DATA]
TOTAL FM JAN 1 106 HIGHEST SLP M ON M
DPTR FM NORMAL 14 LOWEST SLP 29.70 ON 25
[REMARKS]
#FINAL-05-22#