000
CXAK56 PAFC 010940
CF6CDB
PRELIMINARY LOCAL CLIMATOLOGICAL DATA (WS FORM: F-6)
STATION: COLD BAY
MONTH: OCTOBER
YEAR: 2023
LATITUDE: 55 13 N
LONGITUDE: 162 44 W
TEMPERATURE IN F: :PCPN: SNOW: WIND :SUNSHINE: SKY :PK WND
================================================================================
1 2 3 4 5 6A 6B 7 8 9 10 11 12 13 14 15 16 17 18
12Z AVG MX 2MIN
DY MAX MIN AVG DEP HDD CDD WTR SNW DPTH SPD SPD DIR MIN PSBL S-S WX SPD DR
================================================================================
1 51 43 47 2 18 0 0.13 M M 20.2 29 330 M M 9 1 41 330
2 47 40 44 -1 21 0 0.02 M M 17.2 26 360 M M 7 1 36 20
3 52 33 43 -1 22 0 0.00 M M 10.8 25 20 M M 5 32 20
4 49 32 41 -3 24 0 0.27 M M 12.2 28 20 M M 6 1 37 20
5 48 44 46 2 19 0 0.31 M M 10.5 21 240 M M 9 1 26 250
6 51 43 47 3 18 0 0.10 M M 9.3 22 230 M M 10 1 26 220
7 48 44 46 3 19 0 0.11 M M 10.3 17 270 M M 10 1 22 270
8 50 41 46 3 19 0 0.02 M M 10.9 21 340 M M 9 1 29 350
9 45 38 42 -1 23 0 0.12 M M 16.7 28 320 M M 8 1 34 320
10 48 36 42 -1 23 0 0.12 M M 10.5 22 310 M M 7 1 29 290
11 48 35 42 0 23 0 0.02 M M 9.3 17 260 M M 7 1 22 320
12 49 38 44 2 21 0 T M M 25.3 41 120 M M 9 54 120
13 50 40 45 3 20 0 0.03 M M 13.6 26 120 M M 9 1 34 90
14 44 40 42 0 23 0 0.29 M M 20.1 30 340 M M 10 1 39 340
15 45 40 43 1 22 0 0.15 M M 16.3 23 360 M M 10 1 31 360
16 45 35 40 -1 25 0 0.01 M M 22.3 33 330 M M 10 1 42 330
17 43 35 39 -2 26 0 0.04 M M 25.0 35 340 M M 10 1 45 330
18 48 38 43 2 22 0 0.07 M M 14.8 24 300 M M 9 1 30 300
19 47 41 44 3 21 0 0.02 M M 13.9 25 120 M M 10 1 33 130
20 49 46 48 8 17 0 0.21 M M 17.2 26 80 M M 10 1 39 80
21 49 42 46 6 19 0 T M M 7.2 20 90 M M 9 30 80
22 50 32 41 1 24 0 0.00 M M 3.9 13 160 M M 6 15 150
23 47 34 41 1 24 0 0.00 M M 11.0 18 150 M M 2 24 130
24 49 38 44 5 21 0 T M M 23.1 35 140 M M 4 46 140
25 48 46 47 8 18 0 0.02 M M 29.8 45 140 M M 7 1 56 120
26 50 47 49 10 16 0 0.06 M M 21.3 33 140 M M 10 1 45 140
27 51 47 49 10 16 0 0.01 M M 18.5 31 120 M M 10 1 42 120
28 51 47 49 11 16 0 0.01 M M 15.6 25 140 M M 10 1 33 130
29 50 45 48 10 17 0 0.10 M M 3.8 14 170 M M 10 12 20 170
30 50 45 48 10 17 0 0.01 M M 3.4 8 130 M M 9 1 11 160
31 50 42 46 8 19 0 0.00 M M 8.2 18 30 M M 6 1 25 30
================================================================================
SM 1502 1247 633 0 2.25 M 452.2 M 257
================================================================================
AV 48.5 40.2 14.6 FASTST M M 8 MAX(MPH)
MISC ----> 45 140 56 120
================================================================================
NOTES:
# LAST OF SEVERAL OCCURRENCES
COLUMN 17 PEAK WIND IN M.P.H.
PRELIMINARY LOCAL CLIMATOLOGICAL DATA (WS FORM: F-6) , PAGE 2
STATION: COLD BAY
MONTH: OCTOBER
YEAR: 2023
LATITUDE: 55 13 N
LONGITUDE: 162 44 W
[TEMPERATURE DATA] [PRECIPITATION DATA] SYMBOLS USED IN COLUMN 16
AVERAGE MONTHLY: 44.3 TOTAL FOR MONTH: 2.25 1 = FOG OR MIST
DPTR FM NORMAL: 3.0 DPTR FM NORMAL: -2.68 2 = FOG REDUCING VISIBILITY
HIGHEST: 52 ON 3 GRTST 24HR 0.46 ON 4- 5 TO 1/4 MILE OR LESS
LOWEST: 32 ON 22, 4 3 = THUNDER
SNOW, ICE PELLETS, HAIL 4 = ICE PELLETS
TOTAL MONTH: M 5 = HAIL
GRTST 24HR M ON M 6 = FREEZING RAIN OR DRIZZLE
GRTST DEPTH: M ON M 7 = DUSTSTORM OR SANDSTORM:
VSBY 1/2 MILE OR LESS
8 = SMOKE OR HAZE
[NO. OF DAYS WITH] [WEATHER - DAYS WITH] 9 = BLOWING SNOW
X = TORNADO
MAX 32 OR BELOW: 0 0.01 INCH OR MORE: 24
MAX 90 OR ABOVE: 0 0.10 INCH OR MORE: 11
MIN 32 OR BELOW: 2 0.50 INCH OR MORE: 0
MIN 0 OR BELOW: 0 1.00 INCH OR MORE: 0
[HDD (BASE 65) ]
TOTAL THIS MO. 633 CLEAR (SCALE 0-3) 1
DPTR FM NORMAL -102 PTCLDY (SCALE 4-7) 9
TOTAL FM JUL 1 1851 CLOUDY (SCALE 8-10) 21
DPTR FM NORMAL -182
[CDD (BASE 65) ]
TOTAL THIS MO. 0
DPTR FM NORMAL 0 [PRESSURE DATA]
TOTAL FM JAN 1 0 HIGHEST SLP M ON M
DPTR FM NORMAL 0 LOWEST SLP 29.04 ON 5
[REMARKS]
#FINAL-10-23#