000
CXUS54 KLZK 011230
CF6CDH
PRELIMINARY LOCAL CLIMATOLOGICAL DATA (WS FORM: F-6)
STATION: CAMDEN AIRPORT
MONTH: OCTOBER
YEAR: 2023
LATITUDE: 33 57 N
LONGITUDE: 92 46 W
TEMPERATURE IN F: :PCPN: SNOW: WIND :SUNSHINE: SKY :PK WND
================================================================================
1 2 3 4 5 6A 6B 7 8 9 10 11 12 13 14 15 16 17 18
12Z AVG MX 2MIN
DY MAX MIN AVG DEP HDD CDD WTR SNW DPTH SPD SPD DIR MIN PSBL S-S WX SPD DR
================================================================================
1 93 63 78 M 0 13 0.00 M M 0.4 6 100 M M 1 18 13 110
2 91 61 76 M 0 11 0.00 M M 0.9 8 80 M M 5 18 16 99
3 90 59 75 M 0 10 0.00 M M 1.9 10 150 M M 1 18 18 150
4 73 66 70 M 0 5 0.00 M M 2.4 14 120 M M 10 18 23 120
5 70 61 66 M 0 1 0.00 M M 2.9 8 30 M M 9 12 M M
6 82 61 72 M 0 7 0.00 M M 1.5 8 30 M M 3 128 15 30
7 70 46 58 M 7 0 0.00 M M 3.7 9 290 M M 0 16 360
8 75 41 58 M 7 0 0.00 M M 0.4 6 230 M M 0 12 99
9 84 45 65 M 0 0 0.00 M M 1.5 9 230 M M 0 14 210
10 86 54 70 M 0 5 0.00 M M 0.7 6 200 M M 0 M M
11 75 55 65 M 0 0 0.00 M M 0.9 7 140 M M 0 8 M M
12 66 54 60 M 5 0 0.00 M M 0.6 7 130 M M 9 1 M M
13 75 55 65 M 0 0 0.00 M M 2.4 12 180 M M 7 12 17 180
14 68 50 59 M 6 0 0.00 M M 2.8 9 330 M M 3 20 320
15 68 50 59 M 6 0 0.01 M M 2.5 12 320 M M 9 20 320
16 68 46 57 M 8 0 0.00 M M 2.3 10 320 M M 2 16 330
17 73 39 56 M 9 0 0.00 M M 0.0 M M M M 0 M M
18 79 41 60 M 5 0 0.00 M M 3.2 14 180 M M 0 1 17 200
19 82 52 67 M 0 2 0.00 M M 1.6 9 240 M M 1 18 15 99
20 88 48 68 M 0 3 0.00 M M 1.7 9 310 M M 0 18 12 99
21 88 46 67 M 0 2 0.00 M M 1.1 7 240 M M 0 18 15 230
22 82 55 69 M 0 4 0.00 M M 0.0 M M M M 0 18 M M
23 86 59 73 M 0 8 0.00 M M 1.1 9 190 M M 0 18 14 200
24 86 61 74 M 0 9 0.00 M M 4.7 17 160 M M 1 18 25 160
25 86 66 76 M 0 11 0.00 M M 2.7 10 160 M M 6 18 16 130
26 82 68 75 M 0 10 0.32 M M 3.9 12 130 M M 9 18 18 160
27 81 68 75 M 0 10 0.00 M M 1.0 7 210 M M 9 18 13 210
28 81 72 77 M 0 12 0.02 M M 0.7 10 190 M M 9 18 M M
29 82 50 66 M 0 1 0.68 M M 4.6 13 330 M M 9 18 16 10
30 52 39 46 M 19 0 0.24 M M 6.2 12 360 M M 4 22 350
31 57 32 45 M 20 0 0.00 M M 1.9 9 20 M M 0 1 14 10
================================================================================
SM 2419 1663 92 124 1.27 M 62.3 M 107
================================================================================
AV 78.0 53.6 2.0 FASTST M M 3 MAX(MPH)
MISC ----> 17 160 25 160
================================================================================
NOTES:
# LAST OF SEVERAL OCCURRENCES
COLUMN 17 PEAK WIND IN M.P.H.
PRELIMINARY LOCAL CLIMATOLOGICAL DATA (WS FORM: F-6) , PAGE 2
STATION: CAMDEN AIRPORT
MONTH: OCTOBER
YEAR: 2023
LATITUDE: 33 57 N
LONGITUDE: 92 46 W
[TEMPERATURE DATA] [PRECIPITATION DATA] SYMBOLS USED IN COLUMN 16
AVERAGE MONTHLY: 65.8 TOTAL FOR MONTH: 1.27 1 = FOG OR MIST
DPTR FM NORMAL: 0.0 DPTR FM NORMAL: M 2 = FOG REDUCING VISIBILITY
HIGHEST: 93 ON 1 GRTST 24HR 0.68 ON 29-29 TO 1/4 MILE OR LESS
LOWEST: 32 ON 31 3 = THUNDER
SNOW, ICE PELLETS, HAIL 4 = ICE PELLETS
TOTAL MONTH: M 5 = HAIL
GRTST 24HR M ON M 6 = FREEZING RAIN OR DRIZZLE
GRTST DEPTH: M ON M 7 = DUSTSTORM OR SANDSTORM:
VSBY 1/2 MILE OR LESS
8 = SMOKE OR HAZE
[NO. OF DAYS WITH] [WEATHER - DAYS WITH] 9 = BLOWING SNOW
X = TORNADO
MAX 32 OR BELOW: 0 0.01 INCH OR MORE: 5
MAX 90 OR ABOVE: 3 0.10 INCH OR MORE: 3
MIN 32 OR BELOW: 1 0.50 INCH OR MORE: 1
MIN 0 OR BELOW: 0 1.00 INCH OR MORE: 0
[HDD (BASE 65) ]
TOTAL THIS MO. 92 CLEAR (SCALE 0-3) 18
DPTR FM NORMAL M PTCLDY (SCALE 4-7) 5
TOTAL FM JUL 1 92 CLOUDY (SCALE 8-10) 8
DPTR FM NORMAL M
[CDD (BASE 65) ]
TOTAL THIS MO. 124
DPTR FM NORMAL M [PRESSURE DATA]
TOTAL FM JAN 1 2556 HIGHEST SLP M ON M
DPTR FM NORMAL M LOWEST SLP M ON M
[REMARKS]
#FINAL-10-23#