000
CXUS54 KLUB 010730
CF6CDS
PRELIMINARY LOCAL CLIMATOLOGICAL DATA (WS FORM: F-6)
STATION: CHILDRESS
MONTH: OCTOBER
YEAR: 2023
LATITUDE: 34 25 N
LONGITUDE: 100 17 W
TEMPERATURE IN F: :PCPN: SNOW: WIND :SUNSHINE: SKY :PK WND
================================================================================
1 2 3 4 5 6A 6B 7 8 9 10 11 12 13 14 15 16 17 18
12Z AVG MX 2MIN
DY MAX MIN AVG DEP HDD CDD WTR SNW DPTH SPD SPD DIR MIN PSBL S-S WX SPD DR
================================================================================
1 88 70 79 10 0 14 0.00 0.0 0 9.8 20 190 M M 1 3 28 190
2 88 66 77 9 0 12 0.00 0.0 0 10.6 20 140 M M 2 29 180
3 85 66 76 8 0 11 0.16 0.0 0 13.3 23 150 M M 2 1 35 160
4 80 65 73 5 0 8 0.14 0.0 0 6.9 24 20 M M 4 13 29 20
5 84 58 71 4 0 6 0.00 0.0 0 8.1 17 360 M M 1 1 22 40
6 81 54 68 1 0 3 0.00 0.0 0 7.4 28 50 M M 4 8 42 40
7 69 50 60 -7 5 0 0.00 0.0 0 4.9 9 150 M M 6 14 110
8 83 47 65 -1 0 0 0.00 0.0 0 8.7 17 220 M M 0 23 190
9 88 55 72 6 0 7 0.00 0.0 0 6.3 15 210 M M 0 19 210
10 87 52 70 4 0 5 0.00 0.0 0 9.3 20 200 M M 0 30 170
11 85 60 73 8 0 8 0.00 0.0 0 13.2 23 180 M M 1 33 150
12 90 59 75 10 0 10 0.00 0.0 0 12.2 21 310 M M 0 32 310
13 74 50 62 -2 3 0 0.00 0.0 0 14.1 30 350 M M 0 43 360
14 69 41 55 -9 10 0 0.00 0.0 0 10.0 22 10 M M 0 30 10
15 69 38 54 -10 11 0 0.00 0.0 0 8.4 20 10 M M 0 27 20
16 70 37 54 -9 11 0 0.00 0.0 0 4.3 8 160 M M 0 13 310
17 83 43 63 0 2 0 0.00 0.0 M 9.7 21 200 M M 0 28 190
18 82 50 66 4 0 1 0.00 0.0 0 9.2 20 20 M M 0 28 30
19 88 49 69 7 0 4 0.00 0.0 0 7.5 14 230 M M 0 21 310
20 91 54 73 11 0 8 0.00 0.0 0 7.1 12 200 M M 0 18 210
21 90 58 74 13 0 9 0.00 0.0 0 8.7 17 190 M M 0 25 190
22 84 59 72 11 0 7 0.00 0.0 0 10.9 23 180 M M 0 34 170
23 82 60 71 11 0 6 0.04 0.0 0 11.2 30 210 M M 4 1 44 200
24 82 61 72 12 0 7 0.51 0.0 0 8.6 17 210 M M 6 12 25 140
25 73 62 68 8 0 3 0.61 0.0 0 10.1 24 310 M M 7 13 32 310
26 84 56 70 11 0 5 0.00 0.0 0 11.6 21 210 M M 1 26 220
27 64 49 57 -2 8 0 0.00 0.0 0 11.8 26 350 M M 5 35 350
28 50 36 43 -16 22 0 0.03 0.0 0 8.9 21 20 M M 10 1 29 10
29 39 34 37 -21 28 0 0.08 0.0 0 18.3 30 10 M M 10 13 38 360
30 49 29 39 -19 26 0 0.00 0.0 0 7.0 18 10 M M 0 25 10
31 55 27 41 -16 24 0 0.00 0.0 0 6.7 21 10 M M 0 27 10
================================================================================
SM 2386 1595 150 134 1.57 0.0 294.8 M 64
================================================================================
AV 77.0 51.5 9.5 FASTST M M 2 MAX(MPH)
MISC ----> # 30 350 44 200
================================================================================
NOTES:
# LAST OF SEVERAL OCCURRENCES
COLUMN 17 PEAK WIND IN M.P.H.
PRELIMINARY LOCAL CLIMATOLOGICAL DATA (WS FORM: F-6) , PAGE 2
STATION: CHILDRESS
MONTH: OCTOBER
YEAR: 2023
LATITUDE: 34 25 N
LONGITUDE: 100 17 W
[TEMPERATURE DATA] [PRECIPITATION DATA] SYMBOLS USED IN COLUMN 16
AVERAGE MONTHLY: 64.2 TOTAL FOR MONTH: 1.57 1 = FOG OR MIST
DPTR FM NORMAL: 1.1 DPTR FM NORMAL: -0.38 2 = FOG REDUCING VISIBILITY
HIGHEST: 91 ON 20 GRTST 24HR 1.02 ON 24-25 TO 1/4 MILE OR LESS
LOWEST: 27 ON 31 3 = THUNDER
SNOW, ICE PELLETS, HAIL 4 = ICE PELLETS
TOTAL MONTH: 0.0 INCH 5 = HAIL
GRTST 24HR 0.0 6 = FREEZING RAIN OR DRIZZLE
GRTST DEPTH: 0 7 = DUSTSTORM OR SANDSTORM:
VSBY 1/2 MILE OR LESS
8 = SMOKE OR HAZE
[NO. OF DAYS WITH] [WEATHER - DAYS WITH] 9 = BLOWING SNOW
X = TORNADO
MAX 32 OR BELOW: 0 0.01 INCH OR MORE: 7
MAX 90 OR ABOVE: 3 0.10 INCH OR MORE: 4
MIN 32 OR BELOW: 2 0.50 INCH OR MORE: 2
MIN 0 OR BELOW: 0 1.00 INCH OR MORE: 0
[HDD (BASE 65) ]
TOTAL THIS MO. 150 CLEAR (SCALE 0-3) 22
DPTR FM NORMAL 12 PTCLDY (SCALE 4-7) 7
TOTAL FM JUL 1 150 CLOUDY (SCALE 8-10) 2
DPTR FM NORMAL -3
[CDD (BASE 65) ]
TOTAL THIS MO. 134
DPTR FM NORMAL 53 [PRESSURE DATA]
TOTAL FM JAN 1 2587 HIGHEST SLP M ON M
DPTR FM NORMAL 330 LOWEST SLP 29.39 ON 12
[REMARKS]
#FINAL-10-23#