000
CXUS53 KPAH 010700
CF6CGI
PRELIMINARY LOCAL CLIMATOLOGICAL DATA (WS FORM: F-6)
STATION: CAPE GIRARDEAU MO
MONTH: NOVEMBER
YEAR: 2022
LATITUDE: 37 13 N
LONGITUDE: 89 35 W
TEMPERATURE IN F: :PCPN: SNOW: WIND :SUNSHINE: SKY :PK WND
================================================================================
1 2 3 4 5 6A 6B 7 8 9 10 11 12 13 14 15 16 17 18
12Z AVG MX 2MIN
DY MAX MIN AVG DEP HDD CDD WTR SNW DPTH SPD SPD DIR MIN PSBL S-S WX SPD DR
================================================================================
1 76 43 60 8 5 0 0.00 M M 2.1 13 200 M M 3 128 15 220
2 76 47 62 10 3 0 0.00 M M 4.9 15 260 M M 1 18 19 260
3 78 45 62 10 3 0 0.00 M M 7.7 17 160 M M 0 18 25 160
4 81 61 71 20 0 6 T M M 14.7 25 200 M M 7 8 36 160
5 71 48 60 9 5 0 1.45 M M 16.6 35 170 M M 10 13 52 190
6 71 44 58 8 7 0 0.00 M M 4.8 17 170 M M 0 1 21 170
7 65 44 55 5 10 0 0.00 M M 10.1 20 40 M M 6 1 27 30
8 65 51 58 8 7 0 T M M 6.3 16 40 M M 9 8 20 30
9 79 48 64 15 1 0 0.00 M M 4.9 12 180 M M 0 8 17 180
10 72 44 58 9 7 0 0.00 M M 4.9 17 200 M M 0 1 23 220
11 55 36 46 -2 19 0 T M M 13.5 25 350 M M 7 1 34 350
12 36 30 33 -15 32 0 0.04 M M 11.5 23 360 M M 10 1 30 20
13 43 22 33 -15 32 0 T M M 4.8 13 40 M M 3 19 30
14 47 20 34 -13 31 0 0.18 M M 4.2 14 70 M M 2 1 19 70
15 45 35 40 -7 25 0 0.06 M M 7.4 16 300 M M 10 18 22 300
16 42 23 33 -13 32 0 0.00 M M 9.3 23 290 M M 4 32 280
17 43 20 32 -14 33 0 0.00 M M 6.6 12 250 M M 2 17 250
18 40 21 31 -15 34 0 0.00 M M 7.9 18 330 M M 5 25 280
19 43 13 28 -17 37 0 0.00 M M 10.1 21 350 M M 0 30 230
20 41 15 28 -17 37 0 0.00 M M 2.9 10 340 M M 0 14 330
21 51 16 34 -11 31 0 0.00 M M 4.7 15 210 M M 0 19 210
22 59 22 41 -3 24 0 0.00 M M 2.9 12 200 M M 0 8 17 200
23 62 25 44 0 21 0 0.00 M M 3.4 10 150 M M 1 18 14 140
24 51 41 46 2 19 0 0.22 M M 2.3 12 150 M M 8 1 16 150
25 54 31 43 0 22 0 0.00 M M 5.4 15 20 M M 6 128 25 10
26 56 30 43 0 22 0 0.49 M M 5.2 18 140 M M 8 128 24 130
27 62 38 50 7 15 0 0.14 M M 13.2 30 170 M M 8 1 43 220
28 50 37 44 2 21 0 0.00 M M 2.9 12 140 M M 7 16 140
29 63 43 53 11 12 0 0.13 M M 13.2 29 330 M M 6 18 39 330
30 45 25 35 -7 30 0 0.00 M M 10.7 29 340 M M 1 37 330
================================================================================
SM 1722 1018 577 6 2.71 M 219.1 M 124
================================================================================
AV 57.4 33.9 7.3 FASTST M M 4 MAX(MPH)
MISC ----> 35 170 52 190
================================================================================
NOTES:
# LAST OF SEVERAL OCCURRENCES
COLUMN 17 PEAK WIND IN M.P.H.
PRELIMINARY LOCAL CLIMATOLOGICAL DATA (WS FORM: F-6) , PAGE 2
STATION: CAPE GIRARDEAU MO
MONTH: NOVEMBER
YEAR: 2022
LATITUDE: 37 13 N
LONGITUDE: 89 35 W
[TEMPERATURE DATA] [PRECIPITATION DATA] SYMBOLS USED IN COLUMN 16
AVERAGE MONTHLY: 45.7 TOTAL FOR MONTH: 2.71 1 = FOG OR MIST
DPTR FM NORMAL: -1.0 DPTR FM NORMAL: -1.54 2 = FOG REDUCING VISIBILITY
HIGHEST: 81 ON 4 GRTST 24HR 1.45 ON 5- 5 TO 1/4 MILE OR LESS
LOWEST: 13 ON 19 3 = THUNDER
SNOW, ICE PELLETS, HAIL 4 = ICE PELLETS
TOTAL MONTH: M 5 = HAIL
GRTST 24HR M ON M 6 = FREEZING RAIN OR DRIZZLE
GRTST DEPTH: M ON M 7 = DUSTSTORM OR SANDSTORM:
VSBY 1/2 MILE OR LESS
8 = SMOKE OR HAZE
[NO. OF DAYS WITH] [WEATHER - DAYS WITH] 9 = BLOWING SNOW
X = TORNADO
MAX 32 OR BELOW: 0 0.01 INCH OR MORE: 8
MAX 90 OR ABOVE: 0 0.10 INCH OR MORE: 6
MIN 32 OR BELOW: 14 0.50 INCH OR MORE: 1
MIN 0 OR BELOW: 0 1.00 INCH OR MORE: 1
[HDD (BASE 65) ]
TOTAL THIS MO. 577 CLEAR (SCALE 0-3) 14
DPTR FM NORMAL 27 PTCLDY (SCALE 4-7) 11
TOTAL FM JUL 1 874 CLOUDY (SCALE 8-10) 5
DPTR FM NORMAL 49
[CDD (BASE 65) ]
TOTAL THIS MO. 6
DPTR FM NORMAL 3 [PRESSURE DATA]
TOTAL FM JAN 1 1702 HIGHEST SLP M ON M
DPTR FM NORMAL 136 LOWEST SLP 29.42 ON 27
[REMARKS]
#FINAL-11-22#