000
CXUS53 KPAH 010700
CF6CGI
PRELIMINARY LOCAL CLIMATOLOGICAL DATA (WS FORM: F-6)
STATION: CAPE GIRARDEAU MO
MONTH: JULY
YEAR: 2022
LATITUDE: 37 13 N
LONGITUDE: 89 35 W
TEMPERATURE IN F: :PCPN: SNOW: WIND :SUNSHINE: SKY :PK WND
================================================================================
1 2 3 4 5 6A 6B 7 8 9 10 11 12 13 14 15 16 17 18
12Z AVG MX 2MIN
DY MAX MIN AVG DEP HDD CDD WTR SNW DPTH SPD SPD DIR MIN PSBL S-S WX SPD DR
================================================================================
1 94 74 84 5 0 19 0.00 M M 6.2 12 190 M M 2 18 200
2 93 72 83 4 0 18 0.04 M M 5.8 25 10 M M 3 1 33 360
3 92 74 83 4 0 18 T M M 5.8 13 60 M M 5 1 17 70
4 94 72 83 4 0 18 0.00 M M 5.7 14 220 M M 1 1 19 200
5 100 76 88 9 0 23 0.00 M M 4.1 10 240 M M 0 8 16 230
6 100 78 89 10 0 24 0.00 M M 4.5 20 330 M M 2 38 28 310
7 99 75 87 8 0 22 0.65 M M 6.8 36 220 M M 2 38 51 220
8 95 78 87 8 0 22 T M M 5.0 15 330 M M 2 3 22 320
9 91 72 82 3 0 17 0.00 M M 8.4 24 340 M M 6 33 350
10 90 65 78 -1 0 13 0.00 M M 6.6 16 40 M M 0 21 30
11 93 61 77 -2 0 12 0.00 M M 4.4 12 250 M M 0 16 180
12 91 66 79 0 0 14 0.00 M M 5.9 16 40 M M 0 1 21 350
13 92 62 77 -2 0 12 0.00 M M 3.1 12 90 M M 0 16 30
14 95 61 78 -1 0 13 0.00 M M 2.3 9 230 M M 0 1 13 220
15 94 65 80 1 0 15 0.00 M M 4.5 12 250 M M 1 16 250
16 97 70 84 5 0 19 T M M 8.4 25 260 M M 2 3 37 250
17 84 70 77 -2 0 12 0.51 M M 7.9 38 300 M M 5 13 62 280
18 90 69 80 1 0 15 0.00 M M 1.5 7 340 M M 5 1 9 120
19 91 67 79 0 0 14 0.00 M M 5.2 12 190 M M 3 12 17 210
20 98 79 89 10 0 24 T M M 7.4 14 230 M M 2 3 19 240
21 95 67 81 2 0 16 0.00 M M 3.4 12 10 M M 0 18 16 360
22 96 68 82 3 0 17 0.00 M M 4.4 12 190 M M 0 8 18 170
23 95 70 83 4 0 18 0.00 M M 6.6 15 210 M M 0 8 21 190
24 97 75 86 7 0 21 0.00 M M 7.6 17 190 M M 1 1 25 190
25 85 75 80 1 0 15 0.28 M M 5.6 13 360 M M 4 13 17 350
26 90 74 82 3 0 17 0.00 M M 7.6 15 190 M M 2 20 180
27 93 75 84 5 0 19 0.02 M M 6.3 16 270 M M 3 25 250
28 88 70 79 0 0 14 0.03 M M 4.6 20 350 M M 6 1 26 200
29 87 67 77 -2 0 12 0.00 M M 5.4 13 50 M M 5 17 50
30 80 68 74 -5 0 9 0.01 M M 4.2 13 60 M M 4 16 60
31 82 69 76 -3 0 11 T M M 5.1 12 210 M M 8 18 19 220
================================================================================
SM 2861 2184 0 513 1.54 M 170.3 M 74
================================================================================
AV 92.3 70.5 5.5 FASTST M M 2 MAX(MPH)
MISC ----> 38 300 62 280
================================================================================
NOTES:
# LAST OF SEVERAL OCCURRENCES
COLUMN 17 PEAK WIND IN M.P.H.
PRELIMINARY LOCAL CLIMATOLOGICAL DATA (WS FORM: F-6) , PAGE 2
STATION: CAPE GIRARDEAU MO
MONTH: JULY
YEAR: 2022
LATITUDE: 37 13 N
LONGITUDE: 89 35 W
[TEMPERATURE DATA] [PRECIPITATION DATA] SYMBOLS USED IN COLUMN 16
AVERAGE MONTHLY: 81.4 TOTAL FOR MONTH: 1.54 1 = FOG OR MIST
DPTR FM NORMAL: 2.1 DPTR FM NORMAL: -2.33 2 = FOG REDUCING VISIBILITY
HIGHEST: 100 ON 6, 5 GRTST 24HR 0.65 ON 7- 7 TO 1/4 MILE OR LESS
LOWEST: 61 ON 14,11 3 = THUNDER
SNOW, ICE PELLETS, HAIL 4 = ICE PELLETS
TOTAL MONTH: M 5 = HAIL
GRTST 24HR M ON M 6 = FREEZING RAIN OR DRIZZLE
GRTST DEPTH: M ON M 7 = DUSTSTORM OR SANDSTORM:
VSBY 1/2 MILE OR LESS
8 = SMOKE OR HAZE
[NO. OF DAYS WITH] [WEATHER - DAYS WITH] 9 = BLOWING SNOW
X = TORNADO
MAX 32 OR BELOW: 0 0.01 INCH OR MORE: 7
MAX 90 OR ABOVE: 25 0.10 INCH OR MORE: 3
MIN 32 OR BELOW: 0 0.50 INCH OR MORE: 2
MIN 0 OR BELOW: 0 1.00 INCH OR MORE: 0
[HDD (BASE 65) ]
TOTAL THIS MO. 0 CLEAR (SCALE 0-3) 22
DPTR FM NORMAL 0 PTCLDY (SCALE 4-7) 9
TOTAL FM JUL 1 0 CLOUDY (SCALE 8-10) 0
DPTR FM NORMAL 0
[CDD (BASE 65) ]
TOTAL THIS MO. 513
DPTR FM NORMAL 71 [PRESSURE DATA]
TOTAL FM JAN 1 1105 HIGHEST SLP M ON M
DPTR FM NORMAL 143 LOWEST SLP 29.68 ON 20
[REMARKS]
#FINAL-07-22#