000
CXUS55 KDVN 012138
CF6CID
PRELIMINARY LOCAL CLIMATOLOGICAL DATA (WS FORM: F-6)
STATION: CEDAR RAPIDS IA
MONTH: JULY
YEAR: 2023
LATITUDE: 41 52 N
LONGITUDE: 91 42 W
TEMPERATURE IN F: :PCPN: SNOW: WIND :SUNSHINE: SKY :PK WND
================================================================================
1 2 3 4 5 6A 6B 7 8 9 10 11 12 13 14 15 16 17 18
12Z AVG MX 2MIN
DY MAX MIN AVG DEP HDD CDD WTR SNW DPTH SPD SPD DIR MIN PSBL S-S WX SPD DR
================================================================================
1 77 68 73 1 0 8 0.05 M M 4.0 14 20 M M 8 1 17 30
2 88 68 78 5 0 13 0.00 M M 5.8 15 340 M M 5 18 20 10
3 89 63 76 3 0 11 0.00 M M 4.3 10 220 M M 2 18 15 200
4 90 68 79 6 0 14 T M M 7.4 20 50 M M 3 8 25 40
5 81 63 72 -1 0 7 0.00 M M 9.3 21 320 M M 2 18 27 350
6 78 55 67 -6 0 2 0.00 M M 9.4 17 290 M M 2 30 290
7 75 47 61 -12 4 0 0.10 M M 4.7 9 10 M M 5 1 13 130
8 80 57 69 -4 0 4 0.00 M M 7.7 17 310 M M 4 22 310
9 82 54 68 -5 0 3 0.00 M M 6.3 14 310 M M 0 22 290
10 88 54 71 -2 0 6 0.00 M M 8.7 18 220 M M 1 26 230
11 88 63 76 3 0 11 0.00 M M 7.3 15 50 M M 1 3 20 10
12 82 64 73 0 0 8 0.92 M M 10.3 33 200 M M 5 13 49 210
13 85 63 74 1 0 9 0.06 M M 6.1 22 290 M M 3 138 31 300
14 88 63 76 3 0 11 T M M 8.1 25 270 M M 2 3 32 270
15 83 65 74 1 0 9 0.00 M M 8.3 15 290 M M 2 18 21 300
16 82 59 71 -2 0 6 0.00 M M 6.1 17 300 M M 5 128 25 320
17 78 55 67 -6 0 2 0.00 M M 6.3 17 310 M M 1 18 24 310
18 79 52 66 -7 0 1 0.00 M M 3.8 9 100 M M 0 15 140
19 83 56 70 -3 0 5 0.00 M M 4.8 15 190 M M 0 18 19 190
20 84 61 73 0 0 8 0.00 M M 10.1 22 300 M M 2 1 30 310
21 84 57 71 -2 0 6 0.00 M M 5.2 14 360 M M 1 18 19 10
22 86 56 71 -2 0 6 0.00 M M 6.5 24 60 M M 1 8 36 10
23 89 58 74 1 0 9 T M M 3.3 14 320 M M 3 3 18 310
24 89 61 75 2 0 10 0.00 M M 3.7 10 190 M M 0 18 14 170
25 93 66 80 7 0 15 0.00 M M 8.4 16 180 M M 1 18 24 170
26 95 72 84 11 0 19 T M M 5.3 15 330 M M 1 8 19 330
27 95 67 81 8 0 16 0.00 M M 5.3 15 150 M M 1 1 22 180
28 97 69 83 11 0 18 0.86 M M 9.6 44 350 M M 1 138 69 360
29 87 65 76 4 0 11 0.00 M M 7.4 15 20 M M 2 18 20 20
30 86 62 74 2 0 9 0.00 M M 3.7 12 290 M M 1 16 350
31 86 62 74 2 0 9 0.00 M M 2.8 9 190 M M 1 11 250
================================================================================
SM 2647 1893 4 266 1.99 M 200.0 M 66
================================================================================
AV 85.4 61.1 6.5 FASTST M M 2 MAX(MPH)
MISC ----> 44 350 69 360
================================================================================
NOTES:
# LAST OF SEVERAL OCCURRENCES
COLUMN 17 PEAK WIND IN M.P.H.
PRELIMINARY LOCAL CLIMATOLOGICAL DATA (WS FORM: F-6) , PAGE 2
STATION: CEDAR RAPIDS IA
MONTH: JULY
YEAR: 2023
LATITUDE: 41 52 N
LONGITUDE: 91 42 W
[TEMPERATURE DATA] [PRECIPITATION DATA] SYMBOLS USED IN COLUMN 16
AVERAGE MONTHLY: 73.2 TOTAL FOR MONTH: 1.99 1 = FOG OR MIST
DPTR FM NORMAL: 0.4 DPTR FM NORMAL: -2.42 2 = FOG REDUCING VISIBILITY
HIGHEST: 97 ON 28 GRTST 24HR 0.92 ON 12-12 TO 1/4 MILE OR LESS
LOWEST: 47 ON 7 3 = THUNDER
SNOW, ICE PELLETS, HAIL 4 = ICE PELLETS
TOTAL MONTH: M 5 = HAIL
GRTST 24HR M ON M 6 = FREEZING RAIN OR DRIZZLE
GRTST DEPTH: M ON M 7 = DUSTSTORM OR SANDSTORM:
VSBY 1/2 MILE OR LESS
8 = SMOKE OR HAZE
[NO. OF DAYS WITH] [WEATHER - DAYS WITH] 9 = BLOWING SNOW
X = TORNADO
MAX 32 OR BELOW: 0 0.01 INCH OR MORE: 5
MAX 90 OR ABOVE: 5 0.10 INCH OR MORE: 3
MIN 32 OR BELOW: 0 0.50 INCH OR MORE: 2
MIN 0 OR BELOW: 0 1.00 INCH OR MORE: 0
[HDD (BASE 65) ]
TOTAL THIS MO. 4 CLEAR (SCALE 0-3) 24
DPTR FM NORMAL -1 PTCLDY (SCALE 4-7) 7
TOTAL FM JUL 1 4 CLOUDY (SCALE 8-10) 0
DPTR FM NORMAL 4
[CDD (BASE 65) ]
TOTAL THIS MO. 266
DPTR FM NORMAL 21 [PRESSURE DATA]
TOTAL FM JAN 1 541 HIGHEST SLP 30.15 ON 31
DPTR FM NORMAL 65 LOWEST SLP 29.69 ON 12
[REMARKS]
#FINAL-07-23#