000
CXUS51 KRLX 011639
CF6CKB
PRELIMINARY LOCAL CLIMATOLOGICAL DATA (WS FORM: F-6)
STATION: CLARKSBURG WV
MONTH: DECEMBER
YEAR: 2022
LATITUDE: 39 16 N
LONGITUDE: 80 14 W
TEMPERATURE IN F: :PCPN: SNOW: WIND :SUNSHINE: SKY :PK WND
================================================================================
1 2 3 4 5 6A 6B 7 8 9 10 11 12 13 14 15 16 17 18
12Z AVG MX 2MIN
DY MAX MIN AVG DEP HDD CDD WTR SNW DPTH SPD SPD DIR MIN PSBL S-S WX SPD DR
================================================================================
1 41 25 33 -8 32 0 0.00 M M 7.1 22 270 M M 3 28 270
2 63 24 44 3 21 0 0.00 M M 2.9 15 250 M M 6 20 240
3 62 35 49 8 16 0 0.37 M M 11.9 29 290 M M 6 3 40 290
4 43 25 34 -7 31 0 0.00 M M 2.3 12 210 M M 0 14 230
5 56 23 40 0 25 0 0.00 M M 0.5 10 230 M M 1 13 210
6 62 43 53 13 12 0 0.26 M M 1.6 7 170 M M 10 12 10 120
7 68 55 62 22 3 0 0.15 M M 5.6 10 330 M M 10 1 15 320
8 55 43 49 9 16 0 T M M 3.7 14 10 M M 9 17 10
9 57 36 47 8 18 0 T M M 5.9 12 360 M M 3 8 14 360
10 53 43 48 9 17 0 0.12 M M 1.5 9 80 M M 9 1 11 80
11 49 42 46 7 19 0 0.03 M M 4.3 13 330 M M 10 1 17 320
12 42 36 39 0 26 0 T M M 5.4 12 10 M M 10 15 360
13 45 30 38 0 27 0 0.00 M M 3.6 9 100 M M 5 13 50
14 51 29 40 2 25 0 0.05 M M 4.2 10 30 M M 4 12 30
15 52 38 45 7 20 0 0.67 M M 5.9 14 140 M M 9 18 22 110
16 45 39 42 4 23 0 0.05 M M 6.6 21 280 M M 10 1 26 280
17 41 35 38 1 27 0 0.01 M M 8.4 20 230 M M 10 8 30 220
18 35 29 32 -5 33 0 T M M 9.0 16 260 M M 10 8 22 270
19 36 22 29 -8 36 0 0.00 M M 7.3 14 240 M M 3 17 250
20 42 19 31 -6 34 0 0.00 M M 2.4 8 30 M M 2 11 10
21 49 20 35 -1 30 0 0.00 M M 2.8 9 110 M M 0 13 120
22 48 36 42 6 23 0 0.18 M M 5.3 13 100 M M 7 128 18 160
23 45 1 23 -13 42 0 0.21 M M 19.0 33 250 M M 10 189 54 250
24 16 1 9 -27 56 0 T M M 15.9 25 240 M M 10 89 32 240
25 22 15 19 -17 46 0 T M M 12.1 21 220 M M 6 27 220
26 25 14 20 -16 45 0 T M M 4.9 14 190 M M 6 8 18 190
27 35 25 30 -5 35 0 0.00 M M 4.0 12 210 M M 9 16 220
28 50 21 36 1 29 0 0.00 M M 3.1 17 210 M M 0 18 22 220
29 64 23 44 9 21 0 0.00 M M 2.2 14 230 M M 2 19 210
30 71 47 59 24 6 0 T M M 3.0 12 200 M M 6 16 200
31 61 50 56 21 9 0 0.72 M M 5.7 17 230 M M 9 1 26 220
================================================================================
SM 1484 924 803 0 2.82 M 178.1 M 195
================================================================================
AV 47.9 29.8 5.7 FASTST M M 6 MAX(MPH)
MISC ----> 33 250 54 250
================================================================================
NOTES:
# LAST OF SEVERAL OCCURRENCES
COLUMN 17 PEAK WIND IN M.P.H.
PRELIMINARY LOCAL CLIMATOLOGICAL DATA (WS FORM: F-6) , PAGE 2
STATION: CLARKSBURG WV
MONTH: DECEMBER
YEAR: 2022
LATITUDE: 39 16 N
LONGITUDE: 80 14 W
[TEMPERATURE DATA] [PRECIPITATION DATA] SYMBOLS USED IN COLUMN 16
AVERAGE MONTHLY: 38.8 TOTAL FOR MONTH: 2.82 1 = FOG OR MIST
DPTR FM NORMAL: 1.0 DPTR FM NORMAL: -0.56 2 = FOG REDUCING VISIBILITY
HIGHEST: 71 ON 30 GRTST 24HR 0.72 ON 31-31 TO 1/4 MILE OR LESS
LOWEST: 1 ON 24,23 3 = THUNDER
SNOW, ICE PELLETS, HAIL 4 = ICE PELLETS
TOTAL MONTH: M 5 = HAIL
GRTST 24HR M ON M 6 = FREEZING RAIN OR DRIZZLE
GRTST DEPTH: M ON M 7 = DUSTSTORM OR SANDSTORM:
VSBY 1/2 MILE OR LESS
8 = SMOKE OR HAZE
[NO. OF DAYS WITH] [WEATHER - DAYS WITH] 9 = BLOWING SNOW
X = TORNADO
MAX 32 OR BELOW: 3 0.01 INCH OR MORE: 12
MAX 90 OR ABOVE: 0 0.10 INCH OR MORE: 8
MIN 32 OR BELOW: 17 0.50 INCH OR MORE: 2
MIN 0 OR BELOW: 0 1.00 INCH OR MORE: 0
[HDD (BASE 65) ]
TOTAL THIS MO. 803 CLEAR (SCALE 0-3) 9
DPTR FM NORMAL -41 PTCLDY (SCALE 4-7) 8
TOTAL FM JUL 1 1722 CLOUDY (SCALE 8-10) 14
DPTR FM NORMAL -65
[CDD (BASE 65) ]
TOTAL THIS MO. 0
DPTR FM NORMAL 0 [PRESSURE DATA]
TOTAL FM JAN 1 1128 HIGHEST SLP 30.53 ON 1
DPTR FM NORMAL 101 LOWEST SLP 29.20 ON 23
[REMARKS]
#FINAL-12-22#