000
CXUS51 KRLX 012114
CF6CKB
PRELIMINARY LOCAL CLIMATOLOGICAL DATA (WS FORM: F-6)
STATION: CLARKSBURG WV
MONTH: NOVEMBER
YEAR: 2023
LATITUDE: 39 16 N
LONGITUDE: 80 14 W
TEMPERATURE IN F: :PCPN: SNOW: WIND :SUNSHINE: SKY :PK WND
================================================================================
1 2 3 4 5 6A 6B 7 8 9 10 11 12 13 14 15 16 17 18
12Z AVG MX 2MIN
DY MAX MIN AVG DEP HDD CDD WTR SNW DPTH SPD SPD DIR MIN PSBL S-S WX SPD DR
================================================================================
1 42 26 34 -16 31 0 T M M 6.1 20 300 M M 6 28 300
2 50 22 36 -14 29 0 0.00 M M 2.3 12 190 M M 0 15 200
3 62 25 44 -5 21 0 0.00 M M 2.9 15 200 M M 0 19 200
4 67 36 52 3 13 0 0.00 M M 4.6 16 210 M M 1 21 230
5 64 40 52 3 13 0 0.00 M M 2.4 13 280 M M 2 16 290
6 67 32 50 2 15 0 0.00 M M 5.0 20 210 M M 1 18 25 210
7 72 47 60 12 5 0 0.00 M M 10.3 21 220 M M 5 29 210
8 72 37 55 7 10 0 0.00 M M 2.9 9 190 M M 0 8 12 190
9 70 42 56 8 9 0 0.12 M M 8.7 18 220 M M 6 1 25 220
10 49 38 44 -3 21 0 0.22 M M 4.1 16 150 M M 6 1 23 140
11 52 31 42 -5 23 0 0.00 M M 0.9 9 20 M M 2 1 11 10
12 55 31 43 -4 22 0 0.00 M M 3.6 9 30 M M 0 11 30
13 60 28 44 -2 21 0 0.00 M M 5.2 17 230 M M 0 23 220
14 57 31 44 -2 21 0 0.00 M M 1.1 8 250 M M 0 12 210
15 67 28 48 2 17 0 0.00 M M 2.2 15 200 M M 0 20 250
16 70 32 51 5 14 0 0.00 M M 0.7 9 210 M M 0 11 220
17 71 41 56 11 9 0 0.53 M M 5.4 21 310 M M 6 1 26 300
18 57 32 45 0 20 0 T M M 4.9 18 330 M M 5 1 24 320
19 53 27 40 -5 25 0 0.00 M M 1.9 13 230 M M 0 16 260
20 54 27 41 -3 24 0 0.00 M M 5.8 10 70 M M 0 13 80
21 53 46 50 6 15 0 1.18 M M 7.1 16 110 M M 10 1 24 100
22 52 40 46 2 19 0 0.07 M M 7.2 18 290 M M 10 1 24 300
23 49 30 40 -4 25 0 T M M 5.6 17 220 M M 5 1 22 230
24 43 28 36 -7 29 0 0.00 M M 4.1 14 30 M M 4 1 17 20
25 48 24 36 -7 29 0 0.00 M M 3.4 8 80 M M 0 11 90
26 55 30 43 0 22 0 0.07 M M 4.0 15 250 M M 4 1 20 230
27 46 32 39 -3 26 0 0.05 M M 11.9 22 290 M M 10 1 31 300
28 32 19 26 -16 39 0 0.01 M M 11.2 22 290 M M 10 31 300
29 39 16 28 -14 37 0 0.00 M M 5.6 16 200 M M 2 20 200
30 58 30 44 2 21 0 0.00 M M 6.3 18 220 M M 0 26 210
================================================================================
SM 1686 948 625 0 2.25 M 147.4 M 95
================================================================================
AV 56.2 31.6 4.9 FASTST M M 3 MAX(MPH)
MISC ----> # 22 290 # 31 300
================================================================================
NOTES:
# LAST OF SEVERAL OCCURRENCES
COLUMN 17 PEAK WIND IN M.P.H.
PRELIMINARY LOCAL CLIMATOLOGICAL DATA (WS FORM: F-6) , PAGE 2
STATION: CLARKSBURG WV
MONTH: NOVEMBER
YEAR: 2023
LATITUDE: 39 16 N
LONGITUDE: 80 14 W
[TEMPERATURE DATA] [PRECIPITATION DATA] SYMBOLS USED IN COLUMN 16
AVERAGE MONTHLY: 43.9 TOTAL FOR MONTH: 2.25 1 = FOG OR MIST
DPTR FM NORMAL: -1.8 DPTR FM NORMAL: -0.92 2 = FOG REDUCING VISIBILITY
HIGHEST: 72 ON 8, 7 GRTST 24HR 1.18 ON 21-21 TO 1/4 MILE OR LESS
LOWEST: 16 ON 29 3 = THUNDER
SNOW, ICE PELLETS, HAIL 4 = ICE PELLETS
TOTAL MONTH: M 5 = HAIL
GRTST 24HR M ON M 6 = FREEZING RAIN OR DRIZZLE
GRTST DEPTH: M ON M 7 = DUSTSTORM OR SANDSTORM:
VSBY 1/2 MILE OR LESS
8 = SMOKE OR HAZE
[NO. OF DAYS WITH] [WEATHER - DAYS WITH] 9 = BLOWING SNOW
X = TORNADO
MAX 32 OR BELOW: 1 0.01 INCH OR MORE: 8
MAX 90 OR ABOVE: 0 0.10 INCH OR MORE: 4
MIN 32 OR BELOW: 21 0.50 INCH OR MORE: 2
MIN 0 OR BELOW: 0 1.00 INCH OR MORE: 1
[HDD (BASE 65) ]
TOTAL THIS MO. 625 CLEAR (SCALE 0-3) 17
DPTR FM NORMAL 47 PTCLDY (SCALE 4-7) 9
TOTAL FM JUL 1 972 CLOUDY (SCALE 8-10) 4
DPTR FM NORMAL 28
[CDD (BASE 65) ]
TOTAL THIS MO. 0
DPTR FM NORMAL -1 [PRESSURE DATA]
TOTAL FM JAN 1 707 HIGHEST SLP 30.52 ON 2
DPTR FM NORMAL -320 LOWEST SLP 29.74 ON 26
[REMARKS]
#FINAL-11-23#
DUE TO ASOS EQUIPMENT ISSUES, DATA WAS USED FROM THE CLARKSBURG, WV COOP
(THE BACKUP SITE; STATION INDEX NUMBER: 46-1677-02) FOR THE FOLLOWING DATES
IN TERMS OF PRECIPITATION DATA- NOVEMBER 9-10; NOVEMBER 21-22; NOVEMBER 26-28.
THE BACKUP SITE IS APPROXIMATELY 7 MILES WEST OF THE ASOS LOCATION.