000
CXUS51 KRLX 010807
CF6CKB
PRELIMINARY LOCAL CLIMATOLOGICAL DATA (WS FORM: F-6)
STATION: CLARKSBURG WV
MONTH: AUGUST
YEAR: 2023
LATITUDE: 39 16 N
LONGITUDE: 80 14 W
TEMPERATURE IN F: :PCPN: SNOW: WIND :SUNSHINE: SKY :PK WND
================================================================================
1 2 3 4 5 6A 6B 7 8 9 10 11 12 13 14 15 16 17 18
12Z AVG MX 2MIN
DY MAX MIN AVG DEP HDD CDD WTR SNW DPTH SPD SPD DIR MIN PSBL S-S WX SPD DR
================================================================================
1 76 53 65 -10 0 0 0.00 M M 1.6 9 40 M M 1 13 50
2 80 56 68 -7 0 3 0.00 M M 1.7 8 200 M M 1 12 12 210
3 77 61 69 -6 0 4 T M M 2.3 13 220 M M 5 1 16 210
4 86 60 73 -2 0 8 0.00 M M 3.1 13 290 M M 4 12 15 20
5 85 63 74 -1 0 9 0.00 M M 2.1 8 340 M M 1 1 13 310
6 83 63 73 -2 0 8 0.10 M M 3.8 17 210 M M 4 13 21 200
7 83 65 74 0 0 9 1.78 M M 6.4 28 340 M M 7 123 40 240
8 80 62 71 -3 0 6 0.00 M M 6.8 16 240 M M 5 24 250
9 81 61 71 -3 0 6 0.00 M M 5.2 13 230 M M 4 17 220
10 76 66 71 -3 0 6 0.26 M M 5.0 14 320 M M 7 1 17 320
11 81 64 73 -1 0 8 0.00 M M 4.8 14 250 M M 5 17 250
12 85 65 75 1 0 10 1.07 M M 6.9 29 320 M M 4 13 42 320
13 84 64 74 0 0 9 0.23 M M 3.5 10 310 M M 5 13 14 250
14 80 64 72 -2 0 7 0.16 M M 3.2 16 210 M M 7 18 21 210
15 80 66 73 -1 0 8 T M M 8.2 17 230 M M 9 23 260
16 75 64 70 -4 0 5 0.02 M M 2.8 9 280 M M 10 1 12 280
17 83 60 72 -2 0 7 0.01 M M 5.0 17 220 M M 6 12 23 230
18 74 56 65 -9 0 0 0.10 M M 6.0 20 300 M M 5 1 24 300
19 78 51 65 -9 0 0 0.00 M M 2.0 8 200 M M 1 1 11 350
20 84 52 68 -6 0 3 0.00 M M 2.3 12 190 M M 0 18 14 190
21 86 61 74 1 0 9 0.00 M M 0.9 8 270 M M 2 1 12 270
22 80 60 70 -3 0 5 0.00 M M 5.2 14 20 M M 3 1 18 20
23 84 56 70 -3 0 5 0.16 M M 3.5 18 30 M M 3 13 22 30
24 83 67 75 2 0 10 0.05 M M 6.3 13 200 M M 2 1 18 180
25 82 68 75 2 0 10 1.05 M M 6.3 26 40 M M 8 13 34 30
26 84 68 76 3 0 11 0.00 M M 3.1 10 360 M M 6 128 15 320
27 80 65 73 1 0 8 0.00 M M 6.9 14 350 M M 5 1 19 20
28 82 64 73 1 0 8 0.56 M M 1.9 15 220 M M 7 138 19 220
29 80 68 74 2 0 9 1.67 M M 1.4 9 140 M M 10 1238 14 130
30 76 58 67 -5 0 2 0.00 M M 5.0 13 360 M M 5 12 17 360
31 75 56 66 -6 0 1 0.00 M M 6.8 15 10 M M 4 21 50
================================================================================
SM 2503 1907 0 194 7.22 M 130.0 M 146
================================================================================
AV 80.7 61.5 4.2 FASTST M M 5 MAX(MPH)
MISC ----> 29 320 42 320
================================================================================
NOTES:
# LAST OF SEVERAL OCCURRENCES
COLUMN 17 PEAK WIND IN M.P.H.
PRELIMINARY LOCAL CLIMATOLOGICAL DATA (WS FORM: F-6) , PAGE 2
STATION: CLARKSBURG WV
MONTH: AUGUST
YEAR: 2023
LATITUDE: 39 16 N
LONGITUDE: 80 14 W
[TEMPERATURE DATA] [PRECIPITATION DATA] SYMBOLS USED IN COLUMN 16
AVERAGE MONTHLY: 71.1 TOTAL FOR MONTH: 7.22 1 = FOG OR MIST
DPTR FM NORMAL: -2.5 DPTR FM NORMAL: 3.60 2 = FOG REDUCING VISIBILITY
HIGHEST: 86 ON 21, 4 GRTST 24HR 2.11 ON 28-29 TO 1/4 MILE OR LESS
LOWEST: 51 ON 19 3 = THUNDER
SNOW, ICE PELLETS, HAIL 4 = ICE PELLETS
TOTAL MONTH: M 5 = HAIL
GRTST 24HR M ON M 6 = FREEZING RAIN OR DRIZZLE
GRTST DEPTH: M ON M 7 = DUSTSTORM OR SANDSTORM:
VSBY 1/2 MILE OR LESS
8 = SMOKE OR HAZE
[NO. OF DAYS WITH] [WEATHER - DAYS WITH] 9 = BLOWING SNOW
X = TORNADO
MAX 32 OR BELOW: 0 0.01 INCH OR MORE: 14
MAX 90 OR ABOVE: 0 0.10 INCH OR MORE: 11
MIN 32 OR BELOW: 0 0.50 INCH OR MORE: 5
MIN 0 OR BELOW: 0 1.00 INCH OR MORE: 4
[HDD (BASE 65) ]
TOTAL THIS MO. 0 CLEAR (SCALE 0-3) 9
DPTR FM NORMAL -2 PTCLDY (SCALE 4-7) 19
TOTAL FM JUL 1 0 CLOUDY (SCALE 8-10) 3
DPTR FM NORMAL -1
[CDD (BASE 65) ]
TOTAL THIS MO. 194
DPTR FM NORMAL -76 [PRESSURE DATA]
TOTAL FM JAN 1 607 HIGHEST SLP 30.22 ON 2
DPTR FM NORMAL -277 LOWEST SLP 29.66 ON 10
[REMARKS]
#FINAL-08-23#