000
CXUS55 KOHX 011210
CF6CKV
PRELIMINARY LOCAL CLIMATOLOGICAL DATA (WS FORM: F-6)
STATION: CLARKSVILLE
MONTH: NOVEMBER
YEAR: 2023
LATITUDE: 36 37 N
LONGITUDE: 87 25 W
TEMPERATURE IN F: :PCPN: SNOW: WIND :SUNSHINE: SKY :PK WND
================================================================================
1 2 3 4 5 6A 6B 7 8 9 10 11 12 13 14 15 16 17 18
12Z AVG MX 2MIN
DY MAX MIN AVG DEP HDD CDD WTR SNW DPTH SPD SPD DIR MIN PSBL S-S WX SPD DR
================================================================================
1 50 27 39 -14 26 0 0.00 M M 2.5 9 360 M M 0 12 340
2 61 28 45 -8 20 0 0.00 M M 3.8 14 200 M M 0 18 18 200
3 67 33 50 -2 15 0 0.00 M M 7.0 18 190 M M 0 26 200
4 73 47 60 8 5 0 0.00 M M 4.6 15 250 M M 0 23 260
5 73 46 60 8 5 0 0.00 M M 2.5 8 10 M M 0 11 10
6 79 45 62 11 3 0 0.00 M M 6.7 22 200 M M 0 8 28 200
7 79 58 69 18 0 4 0.00 M M 3.8 10 200 M M 2 8 16 250
8 84 58 71 20 0 6 0.00 M M 10.7 28 200 M M 0 43 180
9 73 50 62 12 3 0 0.02 M M 9.6 23 330 M M 9 30 340
10 65 47 56 6 9 0 0.01 M M 6.1 13 20 M M 4 18 20
11 63 41 52 2 13 0 0.00 M M 7.7 15 50 M M 0 23 50
12 68 37 53 4 12 0 0.00 M M 2.4 8 10 M M 0 8 12 50
13 71 36 54 5 11 0 0.00 M M 1.9 9 10 M M 0 13 10
14 68 39 54 6 11 0 0.00 M M 4.3 14 90 M M 0 18 100
15 73 45 59 11 6 0 0.00 M M 5.6 16 200 M M 3 22 180
16 77 48 63 15 2 0 0.00 M M 5.7 17 200 M M 3 21 180
17 67 51 59 11 6 0 T M M 7.8 18 350 M M 8 8 30 190
18 59 37 48 1 17 0 0.00 M M 6.7 16 20 M M 3 8 19 30
19 64 30 47 0 18 0 0.00 M M 4.5 13 90 M M 0 18 70
20 66 45 56 10 9 0 1.20 M M 4.1 15 130 M M 7 1 20 130
21 59 45 52 6 13 0 0.30 M M 9.4 18 310 M M 10 18 26 310
22 51 34 43 -3 22 0 0.00 M M 6.9 16 320 M M 8 128 21 340
23 M M M M M M 0.00 M M 2.3 10 270 M M 1 128 14 270
24 M M M M M M 0.00 M M 7.4 17 360 M M 0 8 23 10
25 M M M M M M 0.00 M M 3.0 10 20 M M 0 8 15 40
26 M M M M M M 0.01 M M 6.8 22 300 M M 7 18 31 300
27 M M M M M M 0.00 M M 7.8 17 300 M M 2 24 290
28 M M M M M M 0.00 M M 5.8 16 310 M M 0 22 310
29 M M M M M M 0.00 M M 5.2 17 250 M M 0 26 270
30 M M M M M M 0.08 M M 9.0 21 200 M M 2 29 190
================================================================================
SM 1490 927 226 10 1.62 M 171.6 M 69
================================================================================
AV 67.7 42.1 5.7 FASTST M M 2 MAX(MPH)
MISC ----> 28 200 43 180
================================================================================
NOTES:
# LAST OF SEVERAL OCCURRENCES
COLUMN 17 PEAK WIND IN M.P.H.
PRELIMINARY LOCAL CLIMATOLOGICAL DATA (WS FORM: F-6) , PAGE 2
STATION: CLARKSVILLE
MONTH: NOVEMBER
YEAR: 2023
LATITUDE: 36 37 N
LONGITUDE: 87 25 W
[TEMPERATURE DATA] [PRECIPITATION DATA] SYMBOLS USED IN COLUMN 16
AVERAGE MONTHLY: 54.9 TOTAL FOR MONTH: 1.62 1 = FOG OR MIST
DPTR FM NORMAL: 6.8 DPTR FM NORMAL: -2.42 2 = FOG REDUCING VISIBILITY
HIGHEST: 84 ON 8 GRTST 24HR 1.50 ON 20-21 TO 1/4 MILE OR LESS
LOWEST: 27 ON 1 3 = THUNDER
SNOW, ICE PELLETS, HAIL 4 = ICE PELLETS
TOTAL MONTH: M 5 = HAIL
GRTST 24HR M ON M 6 = FREEZING RAIN OR DRIZZLE
GRTST DEPTH: M ON M 7 = DUSTSTORM OR SANDSTORM:
VSBY 1/2 MILE OR LESS
8 = SMOKE OR HAZE
[NO. OF DAYS WITH] [WEATHER - DAYS WITH] 9 = BLOWING SNOW
X = TORNADO
MAX 32 OR BELOW: 0 0.01 INCH OR MORE: 6
MAX 90 OR ABOVE: 0 0.10 INCH OR MORE: 2
MIN 32 OR BELOW: 3 0.50 INCH OR MORE: 1
MIN 0 OR BELOW: 0 1.00 INCH OR MORE: 1
[HDD (BASE 65) ]
TOTAL THIS MO. 226 CLEAR (SCALE 0-3) 22
DPTR FM NORMAL -284 PTCLDY (SCALE 4-7) 5
TOTAL FM JUL 1 377 CLOUDY (SCALE 8-10) 3
DPTR FM NORMAL -378
[CDD (BASE 65) ]
TOTAL THIS MO. 10
DPTR FM NORMAL 7 [PRESSURE DATA]
TOTAL FM JAN 1 1734 HIGHEST SLP 30.50 ON 1
DPTR FM NORMAL 225 LOWEST SLP 29.76 ON 8
[REMARKS]
#FINAL-11-23#