000
CXUS52 KGSP 011551
CF6CLT
PRELIMINARY LOCAL CLIMATOLOGICAL DATA (WS FORM: F-6)
STATION: CHARLOTTE NC
MONTH: JULY
YEAR: 2022
LATITUDE: 35 12 N
LONGITUDE: 80 57 W
TEMPERATURE IN F: :PCPN: SNOW: WIND :SUNSHINE: SKY :PK WND
================================================================================
1 2 3 4 5 6A 6B 7 8 9 10 11 12 13 14 15 16 17 18
12Z AVG MX 2MIN
DY MAX MIN AVG DEP HDD CDD WTR SNW DPTH SPD SPD DIR MIN PSBL S-S WX SPD DR
================================================================================
1 86 72 79 0 0 14 0.07 0.0 0 5.2 18 160 M M 6 3 21 150
2 94 68 81 1 0 16 0.00 0.0 0 3.2 12 360 M M 5 1 15 150
3 97 71 84 4 0 19 0.01 0.0 0 4.4 25 10 M M 6 31 360
4 90 73 82 2 0 17 0.01 0.0 0 7.0 20 120 M M 5 8 23 120
5 95 72 84 4 0 19 0.28 0.0 0 5.9 32 350 M M 7 1238 45 350
6 98 71 85 5 0 20 0.03 0.0 0 4.6 18 300 M M 7 3 25 300
7 99 72 86 6 0 21 0.00 0.0 0 4.0 18 140 M M 7 138 15 150
8 96 73 85 5 0 20 0.16 0.0 0 3.7 21 30 M M 7 13 26 50
9 95 73 84 4 0 19 0.35 0.0 0 5.6 13 320 M M 7 3 31 340
10 77 68 73 -7 0 8 0.29 0.0 0 9.1 14 50 M M 10 1 22 60
11 85 67 76 -4 0 11 0.00 0.0 0 4.9 10 180 M M 8 1 18 50
12 89 68 79 -1 0 14 0.00 0.0 0 6.1 12 220 M M 6 M M
13 92 73 83 3 0 18 0.72 0.0 0 6.7 25 190 M M 7 13 32 170
14 88 72 80 0 0 15 0.00 0.0 0 3.1 12 30 M M 8 19 40
15 92 69 81 1 0 16 0.00 0.0 0 5.1 17 170 M M 5 1 20 170
16 91 72 82 2 0 17 0.65 0.0 0 6.5 28 320 M M 6 3 38 320
17 92 71 82 2 0 17 0.00 0.0 0 8.1 20 170 M M 4 23 160
18 92 72 82 2 0 17 0.01 0.0 0 8.2 20 190 M M 4 25 190
19 92 71 82 2 0 17 0.14 0.0 0 4.6 20 340 M M 5 13 25 350
20 91 70 81 1 0 16 0.21 0.0 0 6.3 17 340 M M 5 13 25 200
21 91 76 84 4 0 19 0.00 0.0 0 8.5 18 210 M M 6 23 240
22 94 75 85 5 0 20 0.00 0.0 0 3.2 8 310 M M 6 1 10 250
23 95 74 85 5 0 20 0.00 0.0 0 5.1 12 180 M M 5 1 16 190
24 95 72 84 4 0 19 0.00 0.0 0 6.3 18 150 M M 5 3 22 110
25 92 72 82 2 0 17 0.17 0.0 0 7.7 20 210 M M 7 13 24 210
26 91 74 83 3 0 18 0.01 0.0 0 6.9 20 210 M M 7 3 28 220
27 95 76 86 6 0 21 0.00 0.0 0 8.2 17 200 M M 6 26 230
28 97 76 87 7 0 22 0.67 0.0 0 7.9 16 210 M M 5 13 21 240
29 96 74 85 5 0 20 0.00 0.0 0 5.1 13 20 M M 7 20 240
30 92 73 83 3 0 18 1.60 0.0 0 5.2 21 360 M M 7 13 28 360
31 91 73 82 2 0 17 0.13 0.0 0 5.9 16 230 M M 7 13 21 230
================================================================================
SM 2860 2233 0 542 5.51 0.0 182.3 M 193
================================================================================
AV 92.3 72.0 5.9 FASTST M M 6 MAX(MPH)
MISC ----> 32 350 45 350
================================================================================
NOTES:
# LAST OF SEVERAL OCCURRENCES
COLUMN 17 PEAK WIND IN M.P.H.
PRELIMINARY LOCAL CLIMATOLOGICAL DATA (WS FORM: F-6) , PAGE 2
STATION: CHARLOTTE NC
MONTH: JULY
YEAR: 2022
LATITUDE: 35 12 N
LONGITUDE: 80 57 W
[TEMPERATURE DATA] [PRECIPITATION DATA] SYMBOLS USED IN COLUMN 16
AVERAGE MONTHLY: 82.1 TOTAL FOR MONTH: 5.51 1 = FOG OR MIST
DPTR FM NORMAL: 2.0 DPTR FM NORMAL: 1.77 2 = FOG REDUCING VISIBILITY
HIGHEST: 99 ON 7 GRTST 24HR 1.60 ON 30-30 TO 1/4 MILE OR LESS
LOWEST: 67 ON 11 3 = THUNDER
SNOW, ICE PELLETS, HAIL 4 = ICE PELLETS
TOTAL MONTH: 0.0 INCH 5 = HAIL
GRTST 24HR 0.0 6 = FREEZING RAIN OR DRIZZLE
GRTST DEPTH: 0 7 = DUSTSTORM OR SANDSTORM:
VSBY 1/2 MILE OR LESS
8 = SMOKE OR HAZE
[NO. OF DAYS WITH] [WEATHER - DAYS WITH] 9 = BLOWING SNOW
X = TORNADO
MAX 32 OR BELOW: 0 0.01 INCH OR MORE: 18
MAX 90 OR ABOVE: 26 0.10 INCH OR MORE: 12
MIN 32 OR BELOW: 0 0.50 INCH OR MORE: 4
MIN 0 OR BELOW: 0 1.00 INCH OR MORE: 1
[HDD (BASE 65) ]
TOTAL THIS MO. 0 CLEAR (SCALE 0-3) 0
DPTR FM NORMAL 0 PTCLDY (SCALE 4-7) 30
TOTAL FM JUL 1 0 CLOUDY (SCALE 8-10) 1
DPTR FM NORMAL 0
[CDD (BASE 65) ]
TOTAL THIS MO. 542
DPTR FM NORMAL 74 [PRESSURE DATA]
TOTAL FM JAN 1 1286 HIGHEST SLP M ON M
DPTR FM NORMAL 246 LOWEST SLP M ON M
[REMARKS]
#FINAL-07-22#