000
CXUS56 KLOX 011255
CF6CMA
PRELIMINARY LOCAL CLIMATOLOGICAL DATA (WS FORM: F-6)
STATION: CAMARILLO AIRPORT CA
MONTH: NOVEMBER
YEAR: 2023
LATITUDE: 34 12 N
LONGITUDE: 119 6 W
TEMPERATURE IN F: :PCPN: SNOW: WIND :SUNSHINE: SKY :PK WND
================================================================================
1 2 3 4 5 6A 6B 7 8 9 10 11 12 13 14 15 16 17 18
12Z AVG MX 2MIN
DY MAX MIN AVG DEP HDD CDD WTR SNW DPTH SPD SPD DIR MIN PSBL S-S WX SPD DR
================================================================================
1 88 48 68 5 0 3 0.00 M M 7.0 18 80 M M 0 24 70
2 81 47 64 1 1 0 0.00 M M 3.0 10 230 M M 0 8 16 240
3 78 44 61 -2 4 0 0.00 M M 3.3 10 200 M M 0 1 14 190
4 76 45 61 -2 4 0 0.00 M M 3.1 10 280 M M 1 12 15 240
5 75 48 62 -1 3 0 0.00 M M 2.6 9 260 M M 0 15 230
6 75 48 62 -1 3 0 0.00 M M 4.9 13 210 M M 3 20 220
7 72 49 61 -1 4 0 0.00 M M 6.2 28 270 M M 1 40 270
8 81 44 63 1 2 0 0.00 M M 8.0 23 40 M M 0 51 50
9 81 44 63 1 2 0 0.00 M M 9.8 21 70 M M 0 8 42 70
10 74 42 58 -4 7 0 0.00 M M 3.1 12 260 M M 0 15 270
11 81 44 63 1 2 0 0.00 M M 3.1 14 220 M M 0 17 210
12 87 47 67 5 0 2 0.00 M M 6.0 14 230 M M 0 19 70
13 75 44 60 -1 5 0 0.00 M M 4.0 15 230 M M 0 20 240
14 75 42 59 -2 6 0 0.00 M M 3.5 12 220 M M 0 17 220
15 74 47 61 0 4 0 0.23 M M 8.9 21 70 M M 8 1 37 80
16 73 59 66 5 0 1 0.01 M M 6.7 16 200 M M 5 1 20 210
17 73 54 64 4 1 0 0.12 M M 5.6 21 210 M M 5 18 34 240
18 71 59 65 5 0 0 0.20 M M 4.4 14 210 M M 9 1 18 190
19 72 50 61 1 4 0 0.00 M M 5.3 14 80 M M 2 12 18 70
20 76 49 63 3 2 0 0.00 M M 24.0 52 70 M M 0 8 74 60
21 82 58 70 10 0 5 0.00 M M 16.3 24 60 M M 0 51 80
22 85 48 67 8 0 2 0.00 M M 6.5 18 70 M M 0 24 50
23 70 50 60 1 5 0 0.00 M M 4.5 15 230 M M 1 20 240
24 70 48 59 0 6 0 0.00 M M 4.3 13 270 M M 0 18 270
25 72 45 59 0 6 0 0.00 M M 10.1 21 70 M M 0 40 80
26 70 58 64 6 1 0 0.00 M M 17.5 22 40 M M 0 46 90
27 74 53 64 6 1 0 0.00 M M 13.2 21 70 M M 0 42 60
28 73 44 59 1 6 0 0.00 M M 5.5 14 60 M M 0 17 270
29 67 42 55 -3 10 0 0.00 M M 3.4 15 270 M M 5 19 270
30 67 47 57 -1 8 0 T M M 2.6 12 240 M M 3 8 16 230
================================================================================
SM 2268 1447 97 13 0.56 M 206.4 M 43
================================================================================
AV 75.6 48.2 6.9 FASTST M M 1 MAX(MPH)
MISC ----> 52 70 74 60
================================================================================
NOTES:
# LAST OF SEVERAL OCCURRENCES
COLUMN 17 PEAK WIND IN M.P.H.
PRELIMINARY LOCAL CLIMATOLOGICAL DATA (WS FORM: F-6) , PAGE 2
STATION: CAMARILLO AIRPORT CA
MONTH: NOVEMBER
YEAR: 2023
LATITUDE: 34 12 N
LONGITUDE: 119 6 W
[TEMPERATURE DATA] [PRECIPITATION DATA] SYMBOLS USED IN COLUMN 16
AVERAGE MONTHLY: 61.9 TOTAL FOR MONTH: 0.56 1 = FOG OR MIST
DPTR FM NORMAL: 1.2 DPTR FM NORMAL: -0.31 2 = FOG REDUCING VISIBILITY
HIGHEST: 88 ON 1 GRTST 24HR 0.27 ON 17-18 TO 1/4 MILE OR LESS
LOWEST: 42 ON 29,14 3 = THUNDER
SNOW, ICE PELLETS, HAIL 4 = ICE PELLETS
TOTAL MONTH: M 5 = HAIL
GRTST 24HR M ON M 6 = FREEZING RAIN OR DRIZZLE
GRTST DEPTH: M ON M 7 = DUSTSTORM OR SANDSTORM:
VSBY 1/2 MILE OR LESS
8 = SMOKE OR HAZE
[NO. OF DAYS WITH] [WEATHER - DAYS WITH] 9 = BLOWING SNOW
X = TORNADO
MAX 32 OR BELOW: 0 0.01 INCH OR MORE: 4
MAX 90 OR ABOVE: 0 0.10 INCH OR MORE: 3
MIN 32 OR BELOW: 0 0.50 INCH OR MORE: 0
MIN 0 OR BELOW: 0 1.00 INCH OR MORE: 0
[HDD (BASE 65) ]
TOTAL THIS MO. 97 CLEAR (SCALE 0-3) 24
DPTR FM NORMAL -58 PTCLDY (SCALE 4-7) 5
TOTAL FM JUL 1 119 CLOUDY (SCALE 8-10) 1
DPTR FM NORMAL -108
[CDD (BASE 65) ]
TOTAL THIS MO. 13
DPTR FM NORMAL -13 [PRESSURE DATA]
TOTAL FM JAN 1 582 HIGHEST SLP 30.33 ON 21
DPTR FM NORMAL -56 LOWEST SLP 29.78 ON 23
[REMARKS]
#FINAL-11-23#