000
CXUS56 KLOX 011155
CF6CMA
PRELIMINARY LOCAL CLIMATOLOGICAL DATA (WS FORM: F-6)
STATION: CAMARILLO AIRPORT CA
MONTH: AUGUST
YEAR: 2023
LATITUDE: 34 12 N
LONGITUDE: 119 6 W
TEMPERATURE IN F: :PCPN: SNOW: WIND :SUNSHINE: SKY :PK WND
================================================================================
1 2 3 4 5 6A 6B 7 8 9 10 11 12 13 14 15 16 17 18
12Z AVG MX 2MIN
DY MAX MIN AVG DEP HDD CDD WTR SNW DPTH SPD SPD DIR MIN PSBL S-S WX SPD DR
================================================================================
1 81 64 73 3 0 8 0.00 M M 5.5 15 260 M M 1 18 25 270
2 79 61 70 0 0 5 0.00 M M 5.1 15 260 M M 0 18 23 260
3 80 59 70 0 0 5 0.00 M M 5.6 13 230 M M 1 18 18 240
4 79 58 69 -1 0 4 0.00 M M 4.7 14 230 M M 0 18 20 240
5 80 59 70 0 0 5 0.00 M M 4.0 14 210 M M 0 22 240
6 80 60 70 0 0 5 0.00 M M 4.9 15 200 M M 1 128 21 200
7 78 65 72 2 0 7 0.00 M M 5.8 15 240 M M 5 18 20 220
8 79 63 71 1 0 6 0.00 M M 5.1 15 230 M M 4 8 23 250
9 77 67 72 2 0 7 0.00 M M 4.4 17 200 M M 4 8 22 220
10 78 67 73 3 0 8 0.01 M M 5.6 16 240 M M 5 22 230
11 79 68 74 4 0 9 0.00 M M 5.6 15 270 M M 8 8 21 260
12 79 63 71 1 0 6 0.00 M M 5.4 15 210 M M 3 18 24 230
13 79 63 71 1 0 6 0.00 M M 5.6 15 210 M M 4 18 21 230
14 78 65 72 2 0 7 T M M 4.5 13 260 M M 7 18 18 230
15 77 65 71 1 0 6 0.00 M M 4.1 12 270 M M 6 18 18 240
16 79 64 72 2 0 7 0.00 M M 4.8 13 270 M M 4 18 19 240
17 77 64 71 1 0 6 0.00 M M 4.9 14 270 M M 6 18 19 250
18 80 63 72 2 0 7 0.00 M M 4.1 13 260 M M 4 18 20 160
19 80 57 69 -1 0 4 0.00 M M 4.7 13 230 M M 1 17 230
20 80 67 74 4 0 9 2.18 M M 5.4 21 70 M M 7 12 44 60
21 80 66 73 3 0 8 0.41 M M 4.4 15 210 M M 7 18 18 210
22 81 62 72 2 0 7 0.00 M M 4.3 13 260 M M 0 1 17 260
23 80 62 71 1 0 6 0.00 M M 4.8 13 280 M M 3 18 18 250
24 76 63 70 -1 0 5 0.00 M M 4.9 13 230 M M 6 18 17 250
25 78 62 70 -1 0 5 T M M 3.6 12 270 M M 3 128 17 240
26 80 57 69 -2 0 4 0.00 M M 4.7 13 260 M M 0 1 18 270
27 85 56 71 0 0 6 0.00 M M 3.5 10 240 M M 0 18 16 230
28 89 62 76 5 0 11 0.00 M M 4.0 10 250 M M 0 18 16 230
29 88 61 75 4 0 10 0.00 M M 3.4 10 250 M M 0 18 16 250
30 88 61 75 4 0 10 0.00 M M 4.2 15 240 M M 0 18 20 220
31 78 63 71 0 0 6 0.00 M M 4.6 15 230 M M 5 128 21 240
================================================================================
SM 2482 1937 0 205 2.60 M 146.2 M 95
================================================================================
AV 80.1 62.5 4.7 FASTST M M 3 MAX(MPH)
MISC ----> 21 70 44 60
================================================================================
NOTES:
# LAST OF SEVERAL OCCURRENCES
COLUMN 17 PEAK WIND IN M.P.H.
PRELIMINARY LOCAL CLIMATOLOGICAL DATA (WS FORM: F-6) , PAGE 2
STATION: CAMARILLO AIRPORT CA
MONTH: AUGUST
YEAR: 2023
LATITUDE: 34 12 N
LONGITUDE: 119 6 W
[TEMPERATURE DATA] [PRECIPITATION DATA] SYMBOLS USED IN COLUMN 16
AVERAGE MONTHLY: 71.3 TOTAL FOR MONTH: 2.60 1 = FOG OR MIST
DPTR FM NORMAL: 1.1 DPTR FM NORMAL: 2.60 2 = FOG REDUCING VISIBILITY
HIGHEST: 89 ON 28 GRTST 24HR 2.18 ON 20-20 TO 1/4 MILE OR LESS
LOWEST: 56 ON 27 3 = THUNDER
SNOW, ICE PELLETS, HAIL 4 = ICE PELLETS
TOTAL MONTH: M 5 = HAIL
GRTST 24HR M ON M 6 = FREEZING RAIN OR DRIZZLE
GRTST DEPTH: M ON M 7 = DUSTSTORM OR SANDSTORM:
VSBY 1/2 MILE OR LESS
8 = SMOKE OR HAZE
[NO. OF DAYS WITH] [WEATHER - DAYS WITH] 9 = BLOWING SNOW
X = TORNADO
MAX 32 OR BELOW: 0 0.01 INCH OR MORE: 3
MAX 90 OR ABOVE: 0 0.10 INCH OR MORE: 2
MIN 32 OR BELOW: 0 0.50 INCH OR MORE: 1
MIN 0 OR BELOW: 0 1.00 INCH OR MORE: 1
[HDD (BASE 65) ]
TOTAL THIS MO. 0 CLEAR (SCALE 0-3) 15
DPTR FM NORMAL -1 PTCLDY (SCALE 4-7) 16
TOTAL FM JUL 1 2 CLOUDY (SCALE 8-10) 0
DPTR FM NORMAL -1
[CDD (BASE 65) ]
TOTAL THIS MO. 205
DPTR FM NORMAL 43 [PRESSURE DATA]
TOTAL FM JAN 1 369 HIGHEST SLP 30.06 ON 21
DPTR FM NORMAL -35 LOWEST SLP 29.54 ON 20
[REMARKS]
#FINAL-08-23#