000
CXUS53 KILX 010900
CF6CMI
PRELIMINARY LOCAL CLIMATOLOGICAL DATA (WS FORM: F-6)
STATION: CHAMPAIGN IL AIRPORT
MONTH: OCTOBER
YEAR: 2023
LATITUDE: 40 1 N
LONGITUDE: 88 17 W
TEMPERATURE IN F: :PCPN: SNOW: WIND :SUNSHINE: SKY :PK WND
================================================================================
1 2 3 4 5 6A 6B 7 8 9 10 11 12 13 14 15 16 17 18
12Z AVG MX 2MIN
DY MAX MIN AVG DEP HDD CDD WTR SNW DPTH SPD SPD DIR MIN PSBL S-S WX SPD DR
================================================================================
1 87 57 72 10 0 7 0.00 M M 6.3 14 120 M M 0 19 120
2 89 57 73 12 0 8 0.00 M M 5.5 14 140 M M 0 1 18 160
3 89 55 72 11 0 7 0.00 M M 8.0 18 180 M M 0 24 180
4 87 64 76 16 0 11 0.00 M M 11.2 24 200 M M 3 33 190
5 71 55 63 3 2 0 1.04 M M 9.0 20 210 M M 8 1 27 200
6 67 46 57 -3 8 0 T M M 10.8 25 290 M M 4 41 300
7 61 39 50 -9 15 0 0.00 M M 8.0 22 300 M M 2 29 300
8 62 41 52 -7 13 0 T M M 4.1 15 240 M M 9 20 250
9 64 40 52 -6 13 0 0.00 M M 6.9 17 300 M M 3 25 280
10 65 34 50 -8 15 0 0.00 M M 6.9 17 260 M M 0 28 300
11 75 36 56 -1 9 0 T M M 7.8 17 130 M M 5 25 180
12 80 51 66 9 0 1 T M M 7.2 16 180 M M 2 21 170
13 71 55 63 7 2 0 1.27 M M 10.4 28 250 M M 8 1238 39 270
14 56 51 54 -2 11 0 T M M 11.5 23 10 M M 9 33 30
15 59 44 52 -4 13 0 0.01 M M 11.2 18 300 M M 7 28 310
16 57 43 50 -5 15 0 0.00 M M 7.1 14 350 M M 9 20 340
17 66 36 51 -4 14 0 0.00 M M 5.3 15 240 M M 2 12 21 210
18 71 44 58 4 7 0 0.10 M M 14.0 25 180 M M 2 35 200
19 62 53 58 4 7 0 0.24 M M 11.7 21 240 M M 9 1 28 250
20 65 44 55 2 10 0 0.00 M M 10.1 25 310 M M 3 1 36 310
21 72 41 57 4 8 0 0.00 M M 12.5 30 300 M M 1 44 310
22 61 37 49 -3 16 0 0.00 M M 6.1 14 350 M M 2 18 350
23 74 37 56 4 9 0 0.00 M 0 13.6 23 170 M M 0 31 170
24 77 54 66 15 0 1 T M M 13.8 21 180 M M 3 27 190
25 68 59 64 13 1 0 0.24 M M 13.3 23 190 M M 9 18 32 180
26 74 61 68 18 0 3 0.40 M M 13.8 26 180 M M 8 1 34 170
27 75 45 60 10 5 0 0.50 M M 12.1 23 330 M M 7 13 29 330
28 52 40 46 -4 19 0 0.61 M M 12.2 18 350 M M 9 13 26 350
29 49 39 44 -5 21 0 0.35 M M 13.0 23 330 M M 10 1 30 340
30 44 26 35 -14 30 0 0.00 M M 11.5 22 340 M M 4 28 330
31 38 23 31 -17 34 0 0.00 M M 16.1 29 290 M M 6 38 280
================================================================================
SM 2088 1407 297 38 4.76 M 311.0 M 144
================================================================================
AV 67.4 45.4 10.0 FASTST M M 5 MAX(MPH)
MISC ----> 30 300 44 310
================================================================================
NOTES:
# LAST OF SEVERAL OCCURRENCES
COLUMN 17 PEAK WIND IN M.P.H.
PRELIMINARY LOCAL CLIMATOLOGICAL DATA (WS FORM: F-6) , PAGE 2
STATION: CHAMPAIGN IL AIRPORT
MONTH: OCTOBER
YEAR: 2023
LATITUDE: 40 1 N
LONGITUDE: 88 17 W
[TEMPERATURE DATA] [PRECIPITATION DATA] SYMBOLS USED IN COLUMN 16
AVERAGE MONTHLY: 56.4 TOTAL FOR MONTH: 4.76 1 = FOG OR MIST
DPTR FM NORMAL: 1.4 DPTR FM NORMAL: 1.73 2 = FOG REDUCING VISIBILITY
HIGHEST: 89 ON 3, 2 GRTST 24HR 1.27 ON 13-13 TO 1/4 MILE OR LESS
LOWEST: 23 ON 31 3 = THUNDER
SNOW, ICE PELLETS, HAIL 4 = ICE PELLETS
TOTAL MONTH: M 5 = HAIL
GRTST 24HR M ON M 6 = FREEZING RAIN OR DRIZZLE
GRTST DEPTH: 0 7 = DUSTSTORM OR SANDSTORM:
VSBY 1/2 MILE OR LESS
8 = SMOKE OR HAZE
[NO. OF DAYS WITH] [WEATHER - DAYS WITH] 9 = BLOWING SNOW
X = TORNADO
MAX 32 OR BELOW: 0 0.01 INCH OR MORE: 10
MAX 90 OR ABOVE: 0 0.10 INCH OR MORE: 9
MIN 32 OR BELOW: 2 0.50 INCH OR MORE: 4
MIN 0 OR BELOW: 0 1.00 INCH OR MORE: 2
[HDD (BASE 65) ]
TOTAL THIS MO. 297 CLEAR (SCALE 0-3) 12
DPTR FM NORMAL -39 PTCLDY (SCALE 4-7) 12
TOTAL FM JUL 1 309 CLOUDY (SCALE 8-10) 7
DPTR FM NORMAL -99
[CDD (BASE 65) ]
TOTAL THIS MO. 38
DPTR FM NORMAL 12 [PRESSURE DATA]
TOTAL FM JAN 1 1073 HIGHEST SLP 30.35 ON 31
DPTR FM NORMAL 20 LOWEST SLP 29.62 ON 21
[REMARKS]
#FINAL-10-23#