000
CXUS53 KARX 181946
CF6CMY
PRELIMINARY LOCAL CLIMATOLOGICAL DATA (WS FORM: F-6)
STATION: SPARTA - FORT MCCOY WI
MONTH: JANUARY
YEAR: 2024
LATITUDE: 43 58 N
LONGITUDE: 90 44 W
TEMPERATURE IN F: :PCPN: SNOW: WIND :SUNSHINE: SKY :PK WND
================================================================================
1 2 3 4 5 6A 6B 7 8 9 10 11 12 13 14 15 16 17 18
12Z AVG MX 2MIN
DY MAX MIN AVG DEP HDD CDD WTR SNW DPTH SPD SPD DIR MIN PSBL S-S WX SPD DR
================================================================================
1 27 24 26 M 39 0 0.00 0.0 M 5.2 9 230 M M 10 M M
2 32 22 27 M 38 0 0.00 0.0 M 4.1 9 260 M M 6 M M
3 35 28 32 M 33 0 T T 0 3.4 10 320 M M 10 M M
4 28 22 25 M 40 0 0.00 0.0 0 0.4 7 280 M M 10 M M
5 38 22 30 M 35 0 0.00 0.0 0 1.4 10 190 M M 6 17 190
6 32 24 28 M 37 0 0.00 0.0 0 0.0 M M M M 9 18 M M
7 32 24 28 M 37 0 0.00 0.0 0 1.5 8 250 M M 10 M M
8 32 27 30 M 35 0 T T 0 4.2 9 80 M M 10 M M
9 32 30 31 M 34 0 M M M 6.7 12 350 M M 10 1 17 30
10 32 23 28 M 37 0 T M M 2.0 10 300 M M 10 M M
11 28 19 24 M 41 0 M M M 2.1 8 270 M M 10 1 M M
12 29 19 24 M 41 0 M M M 5.3 12 360 M M 9 12 20 360
13 26 0 13 M 52 0 T M M 11.3 15 280 M M 9 189 23 310
14 1 -10 -4 M 69 0 M M M 11.2 16 260 M M 7 M M
15 3 -15 -6 M 71 0 0.00 0.0 M 5.8 15 240 M M 1 M M
16 4 -9 -2 M 67 0 0.00 0.0 M 10.1 21 260 M M 0 8 27 260
17 12 -17 -2 M 67 0 0.00 0.0 M 4.2 14 240 M M 0 M M
18 11 -10 1 M 64 0 M M M 3.2 10 340 M M 2 M M
19 7 -12 -2 M 67 0 M M M 5.2 10 340 M M 3 8 16 340
20 10 -23 -6 M 71 0 0.00 0.0 M 0.9 9 250 M M 0 M M
21 20 -16 2 M 63 0 0.00 0.0 M 6.4 13 180 M M 6 20 180
22 34 20 27 M 38 0 0.00 0.0 M 5.7 14 210 M M 6 20 210
23 33 30 32 M 33 0 0.00 0.0 M 0.6 4 70 M M 10 1 M M
24 38 31 35 M 30 0 0.00 0.0 M 0.0 M M M M 10 1 M M
25 38 33 36 M 29 0 0.25 0.0 M 0.0 M M M M 10 1 M M
26 38 33 36 M 29 0 0.20 0.0 M 0.0 M M M M 10 12 M M
27 36 32 34 M 31 0 0.00 0.0 M 1.2 7 310 M M 10 12 M M
28 33 31 32 M 33 0 0.00 0.0 M 3.0 7 260 M M 10 M M
29 41 29 35 M 30 0 0.00 0.0 M 4.7 12 320 M M 8 1 M M
30 41 34 38 M 27 0 T 0.0 M 4.4 12 310 M M 10 M M
31 50 28 39 M 26 0 0.00 0.0 M 5.5 14 210 M M 4 17 220
================================================================================
SM 853 473 1344 0 0.45 T 119.7 M 226
================================================================================
AV 27.5 15.3 3.9 FASTST M M 7 MAX(MPH)
MISC ----> 21 260 27 260
================================================================================
NOTES:
# LAST OF SEVERAL OCCURRENCES
COLUMN 17 PEAK WIND IN M.P.H.
PRELIMINARY LOCAL CLIMATOLOGICAL DATA (WS FORM: F-6) , PAGE 2
STATION: SPARTA - FORT MCCOY WI
MONTH: JANUARY
YEAR: 2024
LATITUDE: 43 58 N
LONGITUDE: 90 44 W
[TEMPERATURE DATA] [PRECIPITATION DATA] SYMBOLS USED IN COLUMN 16
AVERAGE MONTHLY: 21.4 TOTAL FOR MONTH: 0.45 1 = FOG OR MIST
DPTR FM NORMAL: 0.0 DPTR FM NORMAL: M 2 = FOG REDUCING VISIBILITY
HIGHEST: 50 ON 31 GRTST 24HR 0.25 ON 25-25 TO 1/4 MILE OR LESS
LOWEST: -23 ON 20 3 = THUNDER
SNOW, ICE PELLETS, HAIL 4 = ICE PELLETS
TOTAL MONTH: T 5 = HAIL
GRTST 24HR T ON 3- 3 6 = FREEZING RAIN OR DRIZZLE
GRTST DEPTH: 0 7 = DUSTSTORM OR SANDSTORM:
VSBY 1/2 MILE OR LESS
8 = SMOKE OR HAZE
[NO. OF DAYS WITH] [WEATHER - DAYS WITH] 9 = BLOWING SNOW
X = TORNADO
MAX 32 OR BELOW: 19 0.01 INCH OR MORE: 2
MAX 90 OR ABOVE: 0 0.10 INCH OR MORE: 2
MIN 32 OR BELOW: 28 0.50 INCH OR MORE: 0
MIN 0 OR BELOW: 9 1.00 INCH OR MORE: 0
[HDD (BASE 65) ]
TOTAL THIS MO. 1344 CLEAR (SCALE 0-3) 5
DPTR FM NORMAL M PTCLDY (SCALE 4-7) 8
TOTAL FM JUL 1 3748 CLOUDY (SCALE 8-10) 18
DPTR FM NORMAL M
[CDD (BASE 65) ]
TOTAL THIS MO. 0
DPTR FM NORMAL M [PRESSURE DATA]
TOTAL FM JAN 1 0 HIGHEST SLP M ON M
DPTR FM NORMAL M LOWEST SLP M ON M
[REMARKS]
#FINAL-01-24#