000
CXUS53 KTOP 010810
CF6CNK
PRELIMINARY LOCAL CLIMATOLOGICAL DATA (WS FORM: F-6)
STATION: CONCORDIA KS
MONTH: APRIL
YEAR: 2022
LATITUDE: 39 32 N
LONGITUDE: 97 39 W
TEMPERATURE IN F: :PCPN: SNOW: WIND :SUNSHINE: SKY :PK WND
================================================================================
1 2 3 4 5 6A 6B 7 8 9 10 11 12 13 14 15 16 17 18
12Z AVG MX 2MIN
DY MAX MIN AVG DEP HDD CDD WTR SNW DPTH SPD SPD DIR MIN PSBL S-S WX SPD DR
================================================================================
1 67 27 47 -2 18 0 T M M 15.0 31 160 M M 2 40 180
2 65 36 51 2 14 0 0.00 M M 7.8 17 360 M M 0 24 340
3 69 48 59 9 6 0 0.00 M M 10.6 24 340 M M 1 33 360
4 64 36 50 0 15 0 0.00 M M 8.6 14 150 M M 0 20 10
5 72 45 59 9 6 0 T M M 14.6 38 320 M M 6 53 310
6 61 40 51 1 14 0 T M M 18.6 40 330 M M 3 53 330
7 51 40 46 -5 19 0 0.00 M M 23.0 43 330 M M 6 59 340
8 57 33 45 -6 20 0 0.00 M M 17.3 30 340 M M 0 48 340
9 73 24 49 -2 16 0 0.00 M M 12.1 29 180 M M 0 8 40 160
10 72 45 59 7 6 0 0.00 M M 13.8 25 330 M M 0 35 340
11 68 43 56 4 9 0 0.00 M M 9.0 23 130 M M 3 8 31 130
12 92 50 71 19 0 6 T M M 28.7 45 190 M M 2 138 59 170
13 54 32 43 -9 22 0 0.00 M M 16.3 29 330 M M 3 42 320
14 65 31 48 -5 17 0 0.00 M M 10.4 25 230 M M 0 35 250
15 56 35 46 -7 19 0 0.00 M M 12.9 21 20 M M 0 31 20
16 55 32 44 -9 21 0 0.00 M M 11.7 22 30 M M 2 30 40
17 58 37 48 -5 17 0 T M M 8.1 16 90 M M 5 8 24 120
18 59 36 48 -6 17 0 0.00 M M 9.3 22 360 M M 2 29 330
19 60 33 47 -7 18 0 T M M 18.9 36 150 M M 6 48 150
20 74 45 60 6 5 0 T M M 10.3 25 160 M M 6 1 35 170
21 81 44 63 9 2 0 T M M 15.7 35 140 M M 5 12 45 150
22 83 69 76 21 0 11 0.00 M M 30.0 44 180 M M 5 59 180
23 81 49 65 10 0 0 0.14 M M 25.7 43 180 M M 2 13 64 170
24 67 42 55 0 10 0 0.00 M M 14.6 25 340 M M 0 41 290
25 62 33 48 -8 17 0 0.00 M M 11.9 25 340 M M 0 37 350
26 74 30 52 -4 13 0 0.00 M M 12.9 26 180 M M 0 39 180
27 83 53 68 12 0 3 0.00 M M 21.9 36 200 M M 0 49 200
28 84 58 71 14 0 6 0.00 M M 12.3 21 160 M M 1 28 180
29 85 52 69 12 0 4 0.74 M M 18.8 51 290 M M 6 13 71 270
30 63 47 55 -2 10 0 T M M 20.5 37 300 M M 6 50 290
================================================================================
SM 2055 1225 331 30 0.88 M 461.3 M 72
================================================================================
AV 68.5 40.8 15.4 FASTST M M 2 MAX(MPH)
MISC ----> 51 290 71 270
================================================================================
NOTES:
# LAST OF SEVERAL OCCURRENCES
COLUMN 17 PEAK WIND IN M.P.H.
PRELIMINARY LOCAL CLIMATOLOGICAL DATA (WS FORM: F-6) , PAGE 2
STATION: CONCORDIA KS
MONTH: APRIL
YEAR: 2022
LATITUDE: 39 32 N
LONGITUDE: 97 39 W
[TEMPERATURE DATA] [PRECIPITATION DATA] SYMBOLS USED IN COLUMN 16
AVERAGE MONTHLY: 54.7 TOTAL FOR MONTH: 0.88 1 = FOG OR MIST
DPTR FM NORMAL: 1.6 DPTR FM NORMAL: -1.65 2 = FOG REDUCING VISIBILITY
HIGHEST: 92 ON 12 GRTST 24HR 0.74 ON 29-29 TO 1/4 MILE OR LESS
LOWEST: 24 ON 9 3 = THUNDER
SNOW, ICE PELLETS, HAIL 4 = ICE PELLETS
TOTAL MONTH: M 5 = HAIL
GRTST 24HR M ON M 6 = FREEZING RAIN OR DRIZZLE
GRTST DEPTH: M ON M 7 = DUSTSTORM OR SANDSTORM:
VSBY 1/2 MILE OR LESS
8 = SMOKE OR HAZE
[NO. OF DAYS WITH] [WEATHER - DAYS WITH] 9 = BLOWING SNOW
X = TORNADO
MAX 32 OR BELOW: 0 0.01 INCH OR MORE: 2
MAX 90 OR ABOVE: 1 0.10 INCH OR MORE: 2
MIN 32 OR BELOW: 6 0.50 INCH OR MORE: 1
MIN 0 OR BELOW: 0 1.00 INCH OR MORE: 0
[HDD (BASE 65) ]
TOTAL THIS MO. 331 CLEAR (SCALE 0-3) 20
DPTR FM NORMAL -40 PTCLDY (SCALE 4-7) 10
TOTAL FM JUL 1 4448 CLOUDY (SCALE 8-10) 0
DPTR FM NORMAL -722
[CDD (BASE 65) ]
TOTAL THIS MO. 30
DPTR FM NORMAL 18 [PRESSURE DATA]
TOTAL FM JAN 1 30 HIGHEST SLP M ON M
DPTR FM NORMAL 16 LOWEST SLP 29.09 ON 12
[REMARKS]
#FINAL-04-22#