000
CXUS53 KTOP 010810
CF6CNK
PRELIMINARY LOCAL CLIMATOLOGICAL DATA (WS FORM: F-6)
STATION: CONCORDIA KS
MONTH: OCTOBER
YEAR: 2023
LATITUDE: 39 32 N
LONGITUDE: 97 39 W
TEMPERATURE IN F: :PCPN: SNOW: WIND :SUNSHINE: SKY :PK WND
================================================================================
1 2 3 4 5 6A 6B 7 8 9 10 11 12 13 14 15 16 17 18
12Z AVG MX 2MIN
DY MAX MIN AVG DEP HDD CDD WTR SNW DPTH SPD SPD DIR MIN PSBL S-S WX SPD DR
================================================================================
1 93 71 82 20 0 17 0.00 M M 14.8 26 160 M M 0 8 37 150
2 91 65 78 16 0 13 0.00 0.0 0 13.8 24 160 M M 0 43 150
3 86 60 73 12 0 8 0.84 0.0 0 17.1 33 250 M M 4 13 50 250
4 75 56 66 5 0 1 0.00 0.0 0 6.6 17 340 M M 0 1 24 360
5 76 51 64 4 1 0 0.00 0.0 0 9.8 22 10 M M 0 30 340
6 61 41 51 -9 14 0 T 0.0 0 11.0 29 350 M M 4 40 350
7 66 37 52 -8 13 0 0.00 M M 8.2 18 210 M M 0 25 200
8 83 49 66 7 0 1 0.00 M M 7.6 17 210 M M 0 24 220
9 71 45 58 -1 7 0 0.00 M 0 6.1 14 10 M M 0 19 50
10 76 40 58 0 7 0 T M M 7.2 20 130 M M 1 29 160
11 86 48 67 9 0 2 0.00 M M 12.8 24 150 M M 0 34 180
12 75 58 67 10 0 2 0.64 M M 15.6 35 140 M M 8 13 47 150
13 58 49 54 -3 11 0 0.00 M M 21.5 32 320 M M 8 46 320
14 54 48 51 -5 14 0 T M M 13.9 28 330 M M 10 1 39 340
15 53 46 50 -6 15 0 0.00 M M 10.1 16 340 M M 10 22 10
16 64 36 50 -6 15 0 0.00 M M 6.8 14 340 M M 0 19 330
17 78 37 58 3 7 0 0.00 M M 10.6 23 180 M M 0 35 180
18 75 53 64 9 1 0 0.00 M M 10.6 23 320 M M 0 32 320
19 81 50 66 12 0 1 0.00 M M 9.1 17 300 M M 0 23 320
20 88 51 70 16 0 5 0.00 M M 7.7 16 270 M M 0 24 260
21 79 49 64 11 1 0 0.00 M M 6.9 18 40 M M 0 24 30
22 78 45 62 9 3 0 0.00 M M 12.8 26 180 M M 0 38 180
23 87 65 76 24 0 11 0.00 M M 17.8 31 190 M M 0 41 200
24 75 62 69 17 0 4 T M M 12.3 31 180 M M 5 18 41 180
25 71 56 64 12 1 0 0.01 M M 9.0 18 170 M M 10 12 24 170
26 76 45 61 10 4 0 0.00 M M 10.7 28 360 M M 7 40 350
27 47 32 40 -11 25 0 0.00 M M 14.8 26 350 M M 4 37 350
28 40 28 34 -16 31 0 0.00 M M 11.6 20 10 M M 8 28 10
29 39 26 33 -17 32 0 0.01 M M 12.7 21 340 M M 7 29 360
30 46 20 33 -16 32 0 0.00 M M 8.2 17 280 M M 0 22 250
31 40 23 32 -17 33 0 0.00 M M 10.1 25 350 M M 0 36 360
================================================================================
SM 2168 1442 267 65 1.50 0.0 347.8 M 86
================================================================================
AV 69.9 46.5 11.2 FASTST M M 3 MAX(MPH)
MISC ----> 35 140 50 250
================================================================================
NOTES:
# LAST OF SEVERAL OCCURRENCES
COLUMN 17 PEAK WIND IN M.P.H.
PRELIMINARY LOCAL CLIMATOLOGICAL DATA (WS FORM: F-6) , PAGE 2
STATION: CONCORDIA KS
MONTH: OCTOBER
YEAR: 2023
LATITUDE: 39 32 N
LONGITUDE: 97 39 W
[TEMPERATURE DATA] [PRECIPITATION DATA] SYMBOLS USED IN COLUMN 16
AVERAGE MONTHLY: 58.2 TOTAL FOR MONTH: 1.50 1 = FOG OR MIST
DPTR FM NORMAL: 2.6 DPTR FM NORMAL: -0.48 2 = FOG REDUCING VISIBILITY
HIGHEST: 93 ON 1 GRTST 24HR 0.84 ON 3- 3 TO 1/4 MILE OR LESS
LOWEST: 20 ON 30 3 = THUNDER
SNOW, ICE PELLETS, HAIL 4 = ICE PELLETS
TOTAL MONTH: 0.0 INCH 5 = HAIL
GRTST 24HR 0.0 6 = FREEZING RAIN OR DRIZZLE
GRTST DEPTH: 0 7 = DUSTSTORM OR SANDSTORM:
VSBY 1/2 MILE OR LESS
8 = SMOKE OR HAZE
[NO. OF DAYS WITH] [WEATHER - DAYS WITH] 9 = BLOWING SNOW
X = TORNADO
MAX 32 OR BELOW: 0 0.01 INCH OR MORE: 4
MAX 90 OR ABOVE: 2 0.10 INCH OR MORE: 2
MIN 32 OR BELOW: 5 0.50 INCH OR MORE: 2
MIN 0 OR BELOW: 0 1.00 INCH OR MORE: 0
[HDD (BASE 65) ]
TOTAL THIS MO. 267 CLEAR (SCALE 0-3) 19
DPTR FM NORMAL -51 PTCLDY (SCALE 4-7) 8
TOTAL FM JUL 1 268 CLOUDY (SCALE 8-10) 4
DPTR FM NORMAL -116
[CDD (BASE 65) ]
TOTAL THIS MO. 65
DPTR FM NORMAL 39 [PRESSURE DATA]
TOTAL FM JAN 1 1856 HIGHEST SLP M ON M
DPTR FM NORMAL 484 LOWEST SLP 29.24 ON 12
[REMARKS]
#FINAL-10-23#