000
CXUS54 KMAF 011110
CF6CNM
PRELIMINARY LOCAL CLIMATOLOGICAL DATA (WS FORM: F-6)
STATION: CARLSBAD
MONTH: MAY
YEAR: 2020
LATITUDE: 32 20 N
LONGITUDE: 104 15 W
TEMPERATURE IN F: :PCPN: SNOW: WIND :SUNSHINE: SKY :PK WND
================================================================================
1 2 3 4 5 6A 6B 7 8 9 10 11 12 13 14 15 16 17 18
12Z AVG MX 2MIN
DY MAX MIN AVG DEP HDD CDD WTR SNW DPTH SPD SPD DIR MIN PSBL S-S WX SPD DR
================================================================================
1 99 59 79 11 0 14 0.00 M M 9.5 26 270 M M 0 33 280
2 99 67 83 15 0 18 0.00 M M 14.5 26 220 M M 0 37 260
3 99 66 83 15 0 18 0.00 M M 12.3 25 260 M M 0 32 250
4 99 67 83 14 0 18 0.00 M M 13.4 25 270 M M 0 31 270
5 81 59 70 1 0 5 0.00 M M 10.6 26 30 M M 2 35 30
6 88 57 73 4 0 8 0.00 M M 11.0 18 120 M M 0 24 130
7 102 62 82 12 0 17 0.00 M M 14.2 31 270 M M 0 39 270
8 80 56 68 -2 0 3 0.00 M M 13.7 25 20 M M 1 8 34 360
9 85 50 68 -2 0 3 0.00 M M 10.2 18 170 M M 0 23 160
10 79 56 68 -3 0 3 0.00 M M 8.6 18 190 M M 0 22 200
11 84 53 69 -2 0 4 T 0.0 0 12.2 32 190 M M 1 40 320
12 94 54 74 3 0 9 0.00 0.0 0 8.6 22 180 M M 0 34 160
13 96 59 78 6 0 13 0.00 M M 10.1 26 240 M M 0 33 250
14 94 51 73 1 0 8 0.00 0.0 0 10.6 23 260 M M 0 31 260
15 92 58 75 3 0 10 0.00 0.0 0 8.1 21 110 M M 0 26 120
16 89 53 71 -2 0 6 0.00 M M 8.0 16 120 M M 1 23 130
17 95 60 78 5 0 13 0.00 0.0 0 11.6 22 140 M M 0 30 140
18 103 58 81 8 0 16 0.00 M M 5.5 22 260 M M 0 8 27 260
19 100 63 82 8 0 17 T 0.0 0 8.8 33 230 M M 0 8 50 240
20 98 64 81 7 0 16 0.00 0.0 0 11.9 26 250 M M 0 33 260
21 93 55 74 0 0 9 0.00 0.0 0 13.2 28 250 M M 0 40 250
22 95 59 77 3 0 12 0.00 0.0 0 10.3 21 250 M M 0 26 230
23 97 58 78 3 0 13 0.00 0.0 0 11.4 26 270 M M 0 32 260
24 94 57 76 1 0 11 0.00 0.0 0 8.4 28 280 M M 0 33 280
25 75 57 66 -9 0 1 0.00 M M 10.7 22 360 M M 4 26 60
26 86 48 67 -9 0 2 0.00 M M 8.3 20 180 M M 0 24 180
27 96 56 76 0 0 11 0.00 M M 6.7 17 340 M M 0 8 23 340
28 92 59 76 0 0 11 0.00 M M 7.5 22 60 M M 0 28 50
29 89 59 74 -3 0 9 0.00 M M 8.9 18 160 M M 0 25 160
30 91 63 77 0 0 12 0.00 M M 11.1 22 140 M M 0 31 140
31 88 58 73 -4 0 8 0.00 M M 9.6 22 150 M M 0 8 29 150
================================================================================
SM 2852 1801 0 318 T 0.0 319.5 M 9
================================================================================
AV 92.0 58.1 10.3 FASTST M M 0 MAX(MPH)
MISC ----> 33 230 50 240
================================================================================
NOTES:
# LAST OF SEVERAL OCCURRENCES
COLUMN 17 PEAK WIND IN M.P.H.
PRELIMINARY LOCAL CLIMATOLOGICAL DATA (WS FORM: F-6) , PAGE 2
STATION: CARLSBAD
MONTH: MAY
YEAR: 2020
LATITUDE: 32 20 N
LONGITUDE: 104 15 W
[TEMPERATURE DATA] [PRECIPITATION DATA] SYMBOLS USED IN COLUMN 16
AVERAGE MONTHLY: 75.0 TOTAL FOR MONTH: T 1 = FOG OR MIST
DPTR FM NORMAL: 2.4 DPTR FM NORMAL: -1.45 2 = FOG REDUCING VISIBILITY
HIGHEST: 103 ON 18 GRTST 24HR T ON 11-12 TO 1/4 MILE OR LESS
LOWEST: 48 ON 26 3 = THUNDER
SNOW, ICE PELLETS, HAIL 4 = ICE PELLETS
TOTAL MONTH: 0.0 INCH 5 = HAIL
GRTST 24HR 0.0 6 = FREEZING RAIN OR DRIZZLE
GRTST DEPTH: 0 7 = DUSTSTORM OR SANDSTORM:
VSBY 1/2 MILE OR LESS
8 = SMOKE OR HAZE
[NO. OF DAYS WITH] [WEATHER - DAYS WITH] 9 = BLOWING SNOW
X = TORNADO
MAX 32 OR BELOW: 0 0.01 INCH OR MORE: 0
MAX 90 OR ABOVE: 20 0.10 INCH OR MORE: 0
MIN 32 OR BELOW: 0 0.50 INCH OR MORE: 0
MIN 0 OR BELOW: 0 1.00 INCH OR MORE: 0
[HDD (BASE 65) ]
TOTAL THIS MO. 0 CLEAR (SCALE 0-3) 30
DPTR FM NORMAL -16 PTCLDY (SCALE 4-7) 1
TOTAL FM JUL 1 2670 CLOUDY (SCALE 8-10) 0
DPTR FM NORMAL -148
[CDD (BASE 65) ]
TOTAL THIS MO. 318
DPTR FM NORMAL 68 [PRESSURE DATA]
TOTAL FM JAN 1 419 HIGHEST SLP 30.19 ON 8
DPTR FM NORMAL 92 LOWEST SLP 29.48 ON 24
[REMARKS]
#FINAL-05-20#