000
CXUS56 KSGX 011145
CF6CNO
PRELIMINARY LOCAL CLIMATOLOGICAL DATA (WS FORM: F-6)
STATION: CHINO AIRPORT CA
MONTH: DECEMBER
YEAR: 2022
LATITUDE: 33 58 N
LONGITUDE: 117 38 W
TEMPERATURE IN F: :PCPN: SNOW: WIND :SUNSHINE: SKY :PK WND
================================================================================
1 2 3 4 5 6A 6B 7 8 9 10 11 12 13 14 15 16 17 18
12Z AVG MX 2MIN
DY MAX MIN AVG DEP HDD CDD WTR SNW DPTH SPD SPD DIR MIN PSBL S-S WX SPD DR
================================================================================
1 60 50 55 -1 10 0 0.00 M M 3.6 13 230 M M 9 8 15 240
2 61 50 56 0 9 0 0.05 M M 1.6 7 20 M M 9 18 11 50
3 74 45 60 4 5 0 0.00 M M 1.7 12 250 M M 3 18 13 250
4 66 44 55 0 10 0 0.02 M M 3.4 12 300 M M 7 12 15 310
5 66 47 57 2 8 0 0.02 M M 4.7 14 230 M M 6 12 18 230
6 61 42 52 -3 13 0 0.02 M M 1.9 10 240 M M 5 1 12 240
7 63 39 51 -4 14 0 0.00 M M 2.7 13 240 M M 4 128 16 240
8 65 36 51 -4 14 0 0.00 M M 1.8 13 260 M M 0 18 14 260
9 65 35 50 -4 15 0 0.00 M M 2.0 12 270 M M 0 18 13 270
10 66 37 52 -2 13 0 T M M 2.8 12 280 M M 3 18 16 270
11 57 40 49 -5 16 0 0.64 M M 7.6 24 270 M M 7 1 30 270
12 52 37 45 -9 20 0 0.24 M M 2.4 8 30 M M 5 18 12 60
13 59 36 48 -6 17 0 0.00 M M 2.1 10 240 M M 2 18 13 200
14 62 34 48 -6 17 0 0.00 M M 1.3 8 240 M M 1 18 10 240
15 63 35 49 -5 16 0 0.00 M M 1.7 6 340 M M 4 18 8 290
16 69 40 55 1 10 0 0.00 M M 6.1 15 90 M M 3 19 130
17 66 35 51 -3 14 0 0.00 M M 2.6 9 150 M M 4 11 140
18 66 33 50 -4 15 0 0.00 M M 2.7 14 250 M M 1 18 16 240
19 67 33 50 -4 15 0 0.00 M M 0.2 6 10 M M 1 18 8 90
20 69 34 52 -2 13 0 0.00 M M 1.2 7 220 M M 1 18 8 260
21 75 35 55 1 10 0 0.00 M M 2.4 10 290 M M 1 18 13 290
22 72 38 55 1 10 0 0.00 M M 1.7 8 270 M M 3 8 8 270
23 71 37 54 0 11 0 0.00 M M 1.4 10 270 M M 1 18 12 270
24 81 38 60 6 5 0 0.00 M M 2.1 7 90 M M 0 18 9 320
25 85 43 64 10 1 0 0.00 M M 2.1 9 360 M M 1 10 310
26 81 43 62 8 3 0 0.00 M M 1.5 6 110 M M 3 8 7 290
27 67 48 58 4 7 0 0.34 M M 2.5 15 280 M M 6 18 17 270
28 64 51 58 4 7 0 0.04 M M 2.6 9 250 M M 7 18 12 260
29 59 51 55 0 10 0 T M M 3.5 12 250 M M 10 1 13 280
30 59 54 57 2 8 0 0.12 M M 1.6 7 180 M M 10 18 9 290
31 60 55 58 3 7 0 0.83 M M 3.6 21 220 M M 10 18 26 210
================================================================================
SM 2051 1275 343 0 2.32 M 79.1 M 127
================================================================================
AV 66.2 41.1 2.6 FASTST M M 4 MAX(MPH)
MISC ----> 24 270 30 270
================================================================================
NOTES:
# LAST OF SEVERAL OCCURRENCES
COLUMN 17 PEAK WIND IN M.P.H.
PRELIMINARY LOCAL CLIMATOLOGICAL DATA (WS FORM: F-6) , PAGE 2
STATION: CHINO AIRPORT CA
MONTH: DECEMBER
YEAR: 2022
LATITUDE: 33 58 N
LONGITUDE: 117 38 W
[TEMPERATURE DATA] [PRECIPITATION DATA] SYMBOLS USED IN COLUMN 16
AVERAGE MONTHLY: 53.6 TOTAL FOR MONTH: 2.32 1 = FOG OR MIST
DPTR FM NORMAL: -1.0 DPTR FM NORMAL: 0.63 2 = FOG REDUCING VISIBILITY
HIGHEST: 85 ON 25 GRTST 24HR 0.83 ON 31-31 TO 1/4 MILE OR LESS
LOWEST: 33 ON 19,18 3 = THUNDER
SNOW, ICE PELLETS, HAIL 4 = ICE PELLETS
TOTAL MONTH: M 5 = HAIL
GRTST 24HR M ON M 6 = FREEZING RAIN OR DRIZZLE
GRTST DEPTH: M ON M 7 = DUSTSTORM OR SANDSTORM:
VSBY 1/2 MILE OR LESS
8 = SMOKE OR HAZE
[NO. OF DAYS WITH] [WEATHER - DAYS WITH] 9 = BLOWING SNOW
X = TORNADO
MAX 32 OR BELOW: 0 0.01 INCH OR MORE: 10
MAX 90 OR ABOVE: 0 0.10 INCH OR MORE: 5
MIN 32 OR BELOW: 0 0.50 INCH OR MORE: 2
MIN 0 OR BELOW: 0 1.00 INCH OR MORE: 0
[HDD (BASE 65) ]
TOTAL THIS MO. 343 CLEAR (SCALE 0-3) 11
DPTR FM NORMAL 18 PTCLDY (SCALE 4-7) 15
TOTAL FM JUL 1 578 CLOUDY (SCALE 8-10) 5
DPTR FM NORMAL 66
[CDD (BASE 65) ]
TOTAL THIS MO. 0
DPTR FM NORMAL -1 [PRESSURE DATA]
TOTAL FM JAN 1 2318 HIGHEST SLP 30.33 ON 8
DPTR FM NORMAL 499 LOWEST SLP 29.74 ON 31
[REMARKS]
#FINAL-12-22#