000
CXUS51 KGYX 020935
CF6CON
PRELIMINARY LOCAL CLIMATOLOGICAL DATA (WS FORM: F-6)
STATION: CONCORD NH
MONTH: MAY
YEAR: 2023
LATITUDE: 43 12 N
LONGITUDE: 71 30 W
TEMPERATURE IN F: :PCPN: SNOW: WIND :SUNSHINE: SKY :PK WND
================================================================================
1 2 3 4 5 6A 6B 7 8 9 10 11 12 13 14 15 16 17 18
12Z AVG MX 2MIN
DY MAX MIN AVG DEP HDD CDD WTR SNW DPTH SPD SPD DIR MIN PSBL S-S WX SPD DR
================================================================================
1 63 45 54 2 11 0 0.58 0.0 0 10.3 24 240 M M 6 1 42 220
2 58 37 48 -4 17 0 0.82 0.0 0 4.2 28 190 M M 8 13 41 190
3 55 42 49 -4 16 0 0.13 0.0 0 7.2 16 60 M M 10 1 23 60
4 52 41 47 -6 18 0 0.01 0.0 0 5.7 14 40 M M 10 1 21 340
5 65 41 53 0 12 0 T 0.0 0 4.3 15 310 M M 7 1 21 330
6 76 37 57 3 8 0 0.00 0.0 0 7.0 22 330 M M 0 1 31 330
7 78 39 59 5 6 0 0.01 0.0 0 6.0 18 310 M M 2 28 300
8 72 43 58 4 7 0 0.00 0.0 0 9.8 24 310 M M 2 36 330
9 65 34 50 -5 15 0 0.00 0.0 0 5.2 16 310 M M 0 25 340
10 74 31 53 -2 12 0 0.00 0.0 0 5.4 20 300 M M 0 29 310
11 81 39 60 5 5 0 T 0.0 0 5.1 24 340 M M 1 38 330
12 83 44 64 8 1 0 0.00 0.0 0 5.1 18 320 M M 2 27 330
13 75 50 63 7 2 0 0.01 0.0 0 9.8 23 310 M M 1 12 35 320
14 65 38 52 -4 13 0 0.00 0.0 0 10.1 22 340 M M 0 32 350
15 74 33 54 -2 11 0 0.00 0.0 0 5.8 20 260 M M 0 31 260
16 76 51 64 7 1 0 0.00 0.0 0 7.2 17 330 M M 2 28 230
17 53 30 42 -15 23 0 0.00 0.0 0 14.1 26 320 M M 2 40 350
18 66 25 46 -11 19 0 0.00 0.0 0 5.0 15 340 M M 0 22 290
19 73 40 57 -1 8 0 0.00 0.0 0 8.6 21 210 M M 0 29 220
20 67 44 56 -2 9 0 0.89 0.0 0 4.8 12 150 M M 6 1 18 150
21 75 49 62 4 3 0 0.00 0.0 0 8.3 20 320 M M 0 1 27 310
22 71 44 58 -1 7 0 0.00 0.0 0 4.2 16 160 M M 3 24 170
23 72 42 57 -2 8 0 0.00 0.0 0 4.6 16 170 M M 4 24 150
24 75 40 58 -1 7 0 0.23 0.0 0 4.5 25 310 M M 5 1 36 290
25 65 39 52 -7 13 0 0.00 0.0 0 9.7 20 340 M M 5 29 290
26 72 34 53 -7 12 0 0.00 0.0 0 6.7 23 310 M M 0 31 330
27 82 39 61 1 4 0 0.00 0.0 0 2.5 15 330 M M 0 20 330
28 91 49 70 10 0 5 0.00 0.0 0 3.7 15 260 M M 0 23 260
29 76 45 61 0 4 0 0.00 0.0 0 5.7 16 150 M M 0 24 40
30 76 40 58 -3 7 0 0.00 0.0 0 4.0 13 160 M M 0 19 180
31 85 45 65 4 0 0 0.00 0.0 0 3.8 12 190 M M 0 16 130
================================================================================
SM 2211 1250 279 5 2.68 0.0 198.4 M 76
================================================================================
AV 71.3 40.3 6.4 FASTST M M 2 MAX(MPH)
MISC ----> 28 190 42 220
================================================================================
NOTES:
# LAST OF SEVERAL OCCURRENCES
COLUMN 17 PEAK WIND IN M.P.H.
PRELIMINARY LOCAL CLIMATOLOGICAL DATA (WS FORM: F-6) , PAGE 2
STATION: CONCORD NH
MONTH: MAY
YEAR: 2023
LATITUDE: 43 12 N
LONGITUDE: 71 30 W
[TEMPERATURE DATA] [PRECIPITATION DATA] SYMBOLS USED IN COLUMN 16
AVERAGE MONTHLY: 55.8 TOTAL FOR MONTH: 2.68 1 = FOG OR MIST
DPTR FM NORMAL: -0.9 DPTR FM NORMAL: -0.79 2 = FOG REDUCING VISIBILITY
HIGHEST: 91 ON 28 GRTST 24HR 0.89 ON 20-20 TO 1/4 MILE OR LESS
LOWEST: 25 ON 18 3 = THUNDER
SNOW, ICE PELLETS, HAIL 4 = ICE PELLETS
TOTAL MONTH: 0.0 INCH 5 = HAIL
GRTST 24HR 0.0 6 = FREEZING RAIN OR DRIZZLE
GRTST DEPTH: 0 7 = DUSTSTORM OR SANDSTORM:
VSBY 1/2 MILE OR LESS
8 = SMOKE OR HAZE
[NO. OF DAYS WITH] [WEATHER - DAYS WITH] 9 = BLOWING SNOW
X = TORNADO
MAX 32 OR BELOW: 0 0.01 INCH OR MORE: 8
MAX 90 OR ABOVE: 1 0.10 INCH OR MORE: 5
MIN 32 OR BELOW: 3 0.50 INCH OR MORE: 3
MIN 0 OR BELOW: 0 1.00 INCH OR MORE: 0
[HDD (BASE 65) ]
TOTAL THIS MO. 279 CLEAR (SCALE 0-3) 22
DPTR FM NORMAL 1 PTCLDY (SCALE 4-7) 7
TOTAL FM JUL 1 6167 CLOUDY (SCALE 8-10) 2
DPTR FM NORMAL -742
[CDD (BASE 65) ]
TOTAL THIS MO. 5
DPTR FM NORMAL -15 [PRESSURE DATA]
TOTAL FM JAN 1 9 HIGHEST SLP 30.39 ON 23
DPTR FM NORMAL -13 LOWEST SLP 29.03 ON 1
[REMARKS]
#FINAL-05-23#