000
CXUS51 KGYX 022109
CF6CON
PRELIMINARY LOCAL CLIMATOLOGICAL DATA (WS FORM: F-6)
STATION: CONCORD NH
MONTH: MARCH
YEAR: 2022
LATITUDE: 43 12 N
LONGITUDE: 71 30 W
TEMPERATURE IN F: :PCPN: SNOW: WIND :SUNSHINE: SKY :PK WND
================================================================================
1 2 3 4 5 6A 6B 7 8 9 10 11 12 13 14 15 16 17 18
12Z AVG MX 2MIN
DY MAX MIN AVG DEP HDD CDD WTR SNW DPTH SPD SPD DIR MIN PSBL S-S WX SPD DR
================================================================================
1 34 4 19 -10 46 0 0.13 1.4 7 2.8 15 320 M M 7 1 34 340
2 37 17 27 -2 38 0 T T 8 5.6 22 300 M M 4 1 29 310
3 32 13 23 -6 42 0 0.03 0.4 8 11.8 26 310 M M 4 1 36 300
4 31 7 19 -11 46 0 0.00 0.0 7 6.6 18 300 M M 0 22 300
5 39 3 21 -9 44 0 T T 7 2.3 13 320 M M 2 16 310
6 63 32 48 18 17 0 0.01 0.0 6 5.8 23 230 M M 5 1 37 230
7 55 39 47 17 18 0 0.56 0.0 5 7.4 31 290 M M 5 12 44 280
8 45 22 34 3 31 0 0.00 0.0 3 14.2 33 290 M M 2 45 300
9 36 21 29 -2 36 0 0.16 4.4 3 2.6 10 220 M M 5 12 14 210
10 50 13 32 1 33 0 0.00 0.0 7 2.4 10 250 M M 2 12 15 260
11 51 21 36 4 29 0 0.00 0.0 4 4.1 13 160 M M 1 17 110
12 39 20 30 -2 35 0 0.38 1.7 2 12.7 31 310 M M 9 1 45 310
13 31 18 25 -7 40 0 0.00 0.0 4 12.1 26 280 M M 1 35 280
14 46 23 35 2 30 0 0.00 0.0 3 5.7 18 240 M M 5 25 250
15 52 30 41 8 24 0 0.16 0.0 2 1.8 10 30 M M 3 1 15 350
16 57 34 46 13 19 0 T 0.0 1 3.1 12 170 M M 4 1 16 150
17 59 37 48 14 17 0 0.04 0.0 T 4.5 13 140 M M 7 12 18 150
18 72 43 58 24 7 0 0.00 0.0 T 3.3 15 300 M M 7 12 19 310
19 52 41 47 13 18 0 0.41 0.0 0 5.0 16 270 M M 9 13 21 280
20 61 38 50 15 15 0 0.00 0.0 0 8.2 21 310 M M 9 12 27 310
21 56 36 46 11 19 0 0.00 0.0 0 14.1 28 280 M M 3 36 300
22 46 31 39 4 26 0 0.00 0.0 0 16.7 33 310 M M 0 43 310
23 51 23 37 1 28 0 T 0.0 0 4.0 13 310 M M 3 16 320
24 41 35 38 2 27 0 0.36 0.0 0 6.5 13 70 M M 10 1 18 10
25 59 34 47 11 18 0 0.29 0.0 0 5.8 14 260 M M 9 1 21 280
26 51 32 42 5 23 0 T 0.0 0 4.8 15 260 M M 6 20 270
27 48 27 38 1 27 0 T T 0 9.3 21 310 M M 7 29 280
28 27 15 21 -17 44 0 T T 0 16.5 24 300 M M 8 34 280
29 36 15 26 -12 39 0 0.00 0.0 0 16.9 29 300 M M 3 39 290
30 47 24 36 -2 29 0 T 0.0 0 8.8 22 310 M M 2 29 310
31 51 33 42 3 23 0 0.97 0.0 0 4.6 17 320 M M 10 1 22 320
================================================================================
SM 1455 781 888 0 3.50 7.9 230.0 M 152
================================================================================
AV 46.9 25.2 7.4 FASTST M M 5 MAX(MPH)
MISC ----> # 33 290 # 45 300
================================================================================
NOTES:
# LAST OF SEVERAL OCCURRENCES
COLUMN 17 PEAK WIND IN M.P.H.
PRELIMINARY LOCAL CLIMATOLOGICAL DATA (WS FORM: F-6) , PAGE 2
STATION: CONCORD NH
MONTH: MARCH
YEAR: 2022
LATITUDE: 43 12 N
LONGITUDE: 71 30 W
[TEMPERATURE DATA] [PRECIPITATION DATA] SYMBOLS USED IN COLUMN 16
AVERAGE MONTHLY: 36.1 TOTAL FOR MONTH: 3.50 1 = FOG OR MIST
DPTR FM NORMAL: 2.7 DPTR FM NORMAL: 0.22 2 = FOG REDUCING VISIBILITY
HIGHEST: 72 ON 18 GRTST 24HR 0.97 ON 31-31 TO 1/4 MILE OR LESS
LOWEST: 3 ON 5 3 = THUNDER
SNOW, ICE PELLETS, HAIL 4 = ICE PELLETS
TOTAL MONTH: 7.9 INCHES 5 = HAIL
GRTST 24HR 4.4 ON 9- 9 6 = FREEZING RAIN OR DRIZZLE
GRTST DEPTH: 8 ON 2, 3 7 = DUSTSTORM OR SANDSTORM:
VSBY 1/2 MILE OR LESS
8 = SMOKE OR HAZE
[NO. OF DAYS WITH] [WEATHER - DAYS WITH] 9 = BLOWING SNOW
X = TORNADO
MAX 32 OR BELOW: 4 0.01 INCH OR MORE: 12
MAX 90 OR ABOVE: 0 0.10 INCH OR MORE: 9
MIN 32 OR BELOW: 21 0.50 INCH OR MORE: 2
MIN 0 OR BELOW: 0 1.00 INCH OR MORE: 0
[HDD (BASE 65) ]
TOTAL THIS MO. 888 CLEAR (SCALE 0-3) 12
DPTR FM NORMAL -90 PTCLDY (SCALE 4-7) 13
TOTAL FM JUL 1 5603 CLOUDY (SCALE 8-10) 6
DPTR FM NORMAL -438
[CDD (BASE 65) ]
TOTAL THIS MO. 0
DPTR FM NORMAL 0 [PRESSURE DATA]
TOTAL FM JAN 1 0 HIGHEST SLP 30.51 ON 5
DPTR FM NORMAL 0 LOWEST SLP 29.09 ON 12
[REMARKS]
#FINAL-03-22#