000
CXUS51 KGYX 011829
CF6CON
PRELIMINARY LOCAL CLIMATOLOGICAL DATA (WS FORM: F-6)
STATION: CONCORD NH
MONTH: JULY
YEAR: 2021
LATITUDE: 43 12 N
LONGITUDE: 71 30 W
TEMPERATURE IN F: :PCPN: SNOW: WIND :SUNSHINE: SKY :PK WND
================================================================================
1 2 3 4 5 6A 6B 7 8 9 10 11 12 13 14 15 16 17 18
12Z AVG MX 2MIN
DY MAX MIN AVG DEP HDD CDD WTR SNW DPTH SPD SPD DIR MIN PSBL S-S WX SPD DR
================================================================================
1 79 64 72 2 0 7 0.44 0.0 0 4.5 14 320 M M 4 1 18 320
2 65 56 61 -9 4 0 1.57 0.0 0 5.0 15 90 M M 10 1 22 20
3 59 54 57 -13 8 0 0.76 0.0 0 5.1 10 30 M M 10 1 12 20
4 72 54 63 -7 2 0 0.26 0.0 0 4.7 16 50 M M 10 1 21 40
5 77 56 67 -3 0 2 0.00 0.0 0 4.2 14 170 M M 6 1 19 170
6 88 65 77 6 0 12 0.22 0.0 0 5.7 15 250 M M 4 13 27 100
7 86 67 77 6 0 12 0.00 0.0 0 5.5 13 320 M M 3 17 270
8 68 58 63 -8 2 0 0.59 0.0 0 4.6 23 260 M M 8 13 31 250
9 76 58 67 -4 0 2 1.67 0.0 0 5.3 23 330 M M 7 1 30 330
10 78 62 70 -1 0 5 T 0.0 0 3.0 9 300 M M 6 12 260
11 80 59 70 -1 0 5 0.24 0.0 0 3.3 10 220 M M 6 12 13 230
12 73 63 68 -3 0 3 1.19 0.0 0 3.1 10 50 M M 8 1 15 30
13 70 63 67 -4 0 2 0.39 0.0 0 3.3 10 130 M M 9 1 15 60
14 81 63 72 1 0 7 0.03 0.0 0 3.1 10 130 M M 9 1 14 150
15 88 70 79 8 0 14 0.00 0.0 0 4.1 14 220 M M 6 12 29 210
16 90 69 80 9 0 15 0.00 0.0 0 5.9 18 260 M M 1 27 250
17 83 66 75 3 0 10 0.82 0.0 0 3.4 12 30 M M 8 13 14 20
18 70 62 66 -6 0 1 1.84 0.0 0 4.6 18 240 M M 10 13 26 30
19 77 63 70 -2 0 5 0.21 0.0 0 3.0 14 300 M M 8 1 17 290
20 85 59 72 0 0 7 0.46 0.0 0 4.0 23 310 M M 1 138 28 290
21 80 61 71 -1 0 6 T 0.0 0 6.3 17 330 M M 4 12 23 330
22 80 55 68 -4 0 3 0.04 0.0 0 5.0 14 330 M M 1 21 310
23 80 53 67 -5 0 2 T 0.0 0 4.7 15 30 M M 2 38 23 330
24 81 54 68 -4 0 3 0.00 0.0 0 2.6 9 170 M M 3 12 15 160
25 78 62 70 -2 0 5 0.30 0.0 0 6.8 15 210 M M 5 1 27 100
26 85 61 73 2 0 8 T 0.0 0 3.7 13 310 M M 5 128 17 290
27 85 59 72 1 0 7 0.16 0.0 0 3.7 33 320 M M 3 138 44 320
28 77 53 65 -6 0 0 0.07 0.0 0 3.9 12 330 M M 7 1 20 10
29 77 52 65 -6 0 0 1.78 0.0 0 4.4 18 120 M M 7 1 24 190
30 78 57 68 -3 0 3 0.00 0.0 0 9.7 22 310 M M 4 30 290
31 75 52 64 -7 1 0 0.00 0.0 0 8.4 18 320 M M 2 25 310
================================================================================
SM 2421 1850 17 146 13.04 0.0 144.6 M 177
================================================================================
AV 78.1 59.7 4.7 FASTST M M 6 MAX(MPH)
MISC ----> 33 320 44 320
================================================================================
NOTES:
# LAST OF SEVERAL OCCURRENCES
COLUMN 17 PEAK WIND IN M.P.H.
PRELIMINARY LOCAL CLIMATOLOGICAL DATA (WS FORM: F-6) , PAGE 2
STATION: CONCORD NH
MONTH: JULY
YEAR: 2021
LATITUDE: 43 12 N
LONGITUDE: 71 30 W
[TEMPERATURE DATA] [PRECIPITATION DATA] SYMBOLS USED IN COLUMN 16
AVERAGE MONTHLY: 68.9 TOTAL FOR MONTH: 13.04 1 = FOG OR MIST
DPTR FM NORMAL: -2.2 DPTR FM NORMAL: 9.42 2 = FOG REDUCING VISIBILITY
HIGHEST: 90 ON 16 GRTST 24HR 2.66 ON 17-18 TO 1/4 MILE OR LESS
LOWEST: 52 ON 31,29 3 = THUNDER
SNOW, ICE PELLETS, HAIL 4 = ICE PELLETS
TOTAL MONTH: 0.0 INCH 5 = HAIL
GRTST 24HR 0.0 6 = FREEZING RAIN OR DRIZZLE
GRTST DEPTH: 0 7 = DUSTSTORM OR SANDSTORM:
VSBY 1/2 MILE OR LESS
8 = SMOKE OR HAZE
[NO. OF DAYS WITH] [WEATHER - DAYS WITH] 9 = BLOWING SNOW
X = TORNADO
MAX 32 OR BELOW: 0 0.01 INCH OR MORE: 20
MAX 90 OR ABOVE: 1 0.10 INCH OR MORE: 17
MIN 32 OR BELOW: 0 0.50 INCH OR MORE: 8
MIN 0 OR BELOW: 0 1.00 INCH OR MORE: 5
[HDD (BASE 65) ]
TOTAL THIS MO. 17 CLEAR (SCALE 0-3) 7
DPTR FM NORMAL 7 PTCLDY (SCALE 4-7) 17
TOTAL FM JUL 1 17 CLOUDY (SCALE 8-10) 7
DPTR FM NORMAL 13
[CDD (BASE 65) ]
TOTAL THIS MO. 146
DPTR FM NORMAL -54 [PRESSURE DATA]
TOTAL FM JAN 1 366 HIGHEST SLP 30.33 ON 13
DPTR FM NORMAL 50 LOWEST SLP 29.62 ON 30
[REMARKS]
#FINAL-07-21#