000
CXUS51 KGYX 280900
CF6CON
PRELIMINARY LOCAL CLIMATOLOGICAL DATA (WS FORM: F-6)
STATION: CONCORD NH
MONTH: MARCH
YEAR: 2024
LATITUDE: 43 12 N
LONGITUDE: 71 30 W
TEMPERATURE IN F: :PCPN: SNOW: WIND :SUNSHINE: SKY :PK WND
================================================================================
1 2 3 4 5 6A 6B 7 8 9 10 11 12 13 14 15 16 17 18
12Z AVG MX 2MIN
DY MAX MIN AVG DEP HDD CDD WTR SNW DPTH SPD SPD DIR MIN PSBL S-S WX SPD DR
================================================================================
1 44 11 28 -1 37 0 0.00 0.0 T 6.7 20 290 M M 0 27 270
2 45 27 36 7 29 0 0.72 0.0 T 5.0 12 40 M M 8 1 16 40
3 63 40 52 23 13 0 0.17 0.0 0 6.9 17 350 M M 9 1 23 340
4 56 38 47 17 18 0 0.00 0.0 0 4.8 13 130 M M 10 1 21 140
5 41 36 39 9 26 0 0.42 0.0 0 2.8 8 310 M M 10 1 10 40
6 58 33 46 16 19 0 0.30 0.0 0 2.8 9 40 M M 7 12 13 30
7 48 38 43 13 22 0 1.38 0.0 0 8.6 17 40 M M 7 1 25 360
8 54 24 39 8 26 0 0.00 0.0 0 3.3 13 350 M M 0 1 18 350
9 43 24 34 3 31 0 0.16 0.3 0 5.2 15 130 M M 7 1 23 110
10 48 34 41 10 24 0 0.96 T T 12.4 21 290 M M 10 1 33 290
11 39 29 34 2 31 0 T 0.1 T 17.6 33 300 M M 7 1 51 300
12 52 30 41 9 24 0 0.00 0.0 0 14.2 30 300 M M 0 48 310
13 59 24 42 10 23 0 T 0.0 0 3.8 12 140 M M 2 18 140
14 63 28 46 13 19 0 T 0.0 0 1.8 13 120 M M 2 19 120
15 42 39 41 8 24 0 0.28 0.0 0 3.8 12 10 M M 10 1 17 30
16 57 31 44 11 21 0 0.00 0.0 0 1.7 12 230 M M 7 12 17 210
17 57 28 43 9 22 0 0.03 0.0 0 8.6 22 270 M M 6 1 34 290
18 48 27 38 4 27 0 0.00 0.0 0 8.4 21 260 M M 5 35 290
19 44 27 36 2 29 0 0.00 0.0 0 9.2 22 320 M M 6 32 320
20 51 28 40 5 25 0 T T T 8.9 31 270 M M 7 18 51 260
21 37 22 30 -5 35 0 T T T 17.4 31 290 M M 3 45 320
22 39 20 30 -5 35 0 0.00 0.0 0 8.6 23 300 M M 4 1 35 290
23 33 27 30 -6 35 0 2.43 8.3 4 7.4 22 320 M M 10 126 33 320
24 39 19 29 -7 36 0 0.00 0.0 7 6.8 25 320 M M 1 42 320
25 39 17 28 -8 37 0 0.00 0.0 5 4.1 16 50 M M 0 23 50
26 37 23 30 -7 35 0 T 0.0 4 3.9 13 50 M M 9 18 18 60
27 53 34 44 7 21 0 0.04 0.0 3 1.9 10 310 M M 9 13 13 310
================================================================================
SM 1289 758 724 0 6.89 8.7 186.6 M 156
================================================================================
AV 47.7 28.1 6.9 FASTST M M 6 MAX(MPH)
MISC ----> 33 300 # 51 300
================================================================================
NOTES:
# LAST OF SEVERAL OCCURRENCES
COLUMN 17 PEAK WIND IN M.P.H.
PRELIMINARY LOCAL CLIMATOLOGICAL DATA (WS FORM: F-6) , PAGE 2
STATION: CONCORD NH
MONTH: MARCH
YEAR: 2024
LATITUDE: 43 12 N
LONGITUDE: 71 30 W
[TEMPERATURE DATA] [PRECIPITATION DATA] SYMBOLS USED IN COLUMN 16
AVERAGE MONTHLY: 37.9 TOTAL FOR MONTH: 6.89 1 = FOG OR MIST
DPTR FM NORMAL: 5.2 DPTR FM NORMAL: 4.03 2 = FOG REDUCING VISIBILITY
HIGHEST: 63 ON 14, 3 GRTST 24HR 2.43 ON 23-23 TO 1/4 MILE OR LESS
LOWEST: 11 ON 1 3 = THUNDER
SNOW, ICE PELLETS, HAIL 4 = ICE PELLETS
TOTAL MONTH: 8.7 INCHES 5 = HAIL
GRTST 24HR 8.3 ON 23-23 6 = FREEZING RAIN OR DRIZZLE
GRTST DEPTH: 7 ON 24 7 = DUSTSTORM OR SANDSTORM:
VSBY 1/2 MILE OR LESS
8 = SMOKE OR HAZE
[NO. OF DAYS WITH] [WEATHER - DAYS WITH] 9 = BLOWING SNOW
X = TORNADO
MAX 32 OR BELOW: 0 0.01 INCH OR MORE: 11
MAX 90 OR ABOVE: 0 0.10 INCH OR MORE: 9
MIN 32 OR BELOW: 19 0.50 INCH OR MORE: 4
MIN 0 OR BELOW: 0 1.00 INCH OR MORE: 2
[HDD (BASE 65) ]
TOTAL THIS MO. 724 CLEAR (SCALE 0-3) 8
DPTR FM NORMAL -147 PTCLDY (SCALE 4-7) 11
TOTAL FM JUL 1 5130 CLOUDY (SCALE 8-10) 8
DPTR FM NORMAL -804
[CDD (BASE 65) ]
TOTAL THIS MO. 0
DPTR FM NORMAL 0 [PRESSURE DATA]
TOTAL FM JAN 1 0 HIGHEST SLP M ON M
DPTR FM NORMAL 0 LOWEST SLP 29.20 ON 10
[REMARKS]