000
CXUS55 KPUB 011828
CF6COS
PRELIMINARY LOCAL CLIMATOLOGICAL DATA (WS FORM: F-6)
STATION: COLORADO SPRINGS CO
MONTH: DECEMBER
YEAR: 2020
LATITUDE: 38 49 N
LONGITUDE: 104 43 W
TEMPERATURE IN F: :PCPN: SNOW: WIND :SUNSHINE: SKY :PK WND
================================================================================
1 2 3 4 5 6A 6B 7 8 9 10 11 12 13 14 15 16 17 18
12Z AVG MX 2MIN
DY MAX MIN AVG DEP HDD CDD WTR SNW DPTH SPD SPD DIR MIN PSBL S-S WX SPD DR
================================================================================
1 44 25 35 3 30 0 T T 0 19.6 38 20 M M 8 8 46 10
2 28 19 24 -8 41 0 T T 0 20.6 35 340 M M 7 45 350
3 51 28 40 9 25 0 0.00 0.0 0 13.9 26 350 M M 3 33 340
4 63 33 48 17 17 0 0.00 0.0 0 8.6 16 320 M M 0 22 320
5 57 27 42 11 23 0 0.00 0.0 0 8.1 16 330 M M 0 22 340
6 63 27 45 15 20 0 0.00 0.0 0 8.1 18 30 M M 2 23 30
7 62 27 45 15 20 0 0.00 0.0 0 6.3 18 36 M M 0 19 10
8 62 30 46 16 19 0 0.00 0.0 0 7.1 14 360 M M 2 17 150
9 61 28 45 15 20 0 0.00 0.0 0 8.2 14 10 M M 0 20 140
10 46 27 37 7 28 0 0.04 0.5 0 11.3 24 340 M M 8 1 32 340
11 29 22 26 -4 39 0 0.09 0.9 1 2.6 14 10 M M 10 1 17 10
12 25 18 22 -8 43 0 0.04 0.5 1 7.8 23 340 M M 10 128 31 330
13 25 11 18 -11 47 0 T T 1 7.5 25 340 M M 4 36 340
14 47 10 29 0 36 0 T T 1 11.5 28 340 M M 8 39 350
15 30 10 20 -9 45 0 T T T 13.8 30 340 M M 6 40 360
16 45 11 28 -1 37 0 0.00 0.0 T 6.9 17 200 M M 4 21 140
17 44 24 34 5 31 0 0.00 0.0 0 5.2 13 40 M M 6 14 20
18 40 18 29 0 36 0 0.00 0.0 0 12.2 31 10 M M 6 39 360
19 49 14 32 3 33 0 0.00 0.0 0 9.8 26 300 M M 3 39 310
20 53 19 36 7 29 0 0.00 0.0 0 6.8 20 310 M M 5 27 310
21 58 30 44 15 21 0 0.00 0.0 0 8.8 18 310 M M 4 27 310
22 63 26 45 16 20 0 T 0.1 0 14.7 39 300 M M 3 9 56 310
23 33 8 21 -8 44 0 0.00 0.0 0 15.0 43 310 M M 3 62 310
24 54 11 33 4 32 0 0.00 0.0 0 7.8 25 350 M M 1 36 340
25 55 22 39 10 26 0 0.00 0.0 0 6.7 12 20 M M 1 14 20
26 59 25 42 12 23 0 0.00 0.0 0 9.1 22 320 M M 2 30 310
27 48 25 37 7 28 0 0.00 0.0 0 9.6 26 290 M M 5 39 290
28 33 23 28 -2 37 0 0.33 2.8 0 11.1 23 140 M M 9 12 30 140
29 40 17 29 -1 36 0 0.02 0.3 3 8.1 22 350 M M 6 12 28 340
30 35 3 19 -11 46 0 0.00 0.0 3 4.9 12 30 M M 1 14 20
31 46 14 30 0 35 0 0.00 0.0 2 8.9 20 330 M M 7 26 330
================================================================================
SM 1448 632 967 0 0.52 5.1 300.6 M 134
================================================================================
AV 46.7 20.4 9.7 FASTST M M 4 MAX(MPH)
MISC ----> 43 310 62 310
================================================================================
NOTES:
COLUMN 17 PEAK WIND IN M.P.H.
PRELIMINARY LOCAL CLIMATOLOGICAL DATA (WS FORM: F-6) , PAGE 2
STATION: COLORADO SPRINGS CO
MONTH: DECEMBER
YEAR: 2020
LATITUDE: 38 49 N
LONGITUDE: 104 43 W
[TEMPERATURE DATA] [PRECIPITATION DATA] SYMBOLS USED IN COLUMN 16
AVERAGE MONTHLY: 33.5 TOTAL FOR MONTH: 0.52 1 = FOG OR MIST
DPTR FM NORMAL: 3.7 DPTR FM NORMAL: 0.18 2 = FOG REDUCING VISIBILITY
HIGHEST: 63 ON 22, 6 GRTST 24HR 0.35 ON 28-29 TO 1/4 MILE OR LESS
LOWEST: 3 ON 30 3 = THUNDER
SNOW, ICE PELLETS, HAIL 4 = ICE PELLETS
TOTAL MONTH: 5.1 INCHES 5 = HAIL
GRTST 24HR 3.1 ON 28-29 6 = FREEZING RAIN OR DRIZZLE
GRTST DEPTH: 3 ON 30,29 7 = DUSTSTORM OR SANDSTORM:
VSBY 1/2 MILE OR LESS
8 = SMOKE OR HAZE
[NO. OF DAYS WITH] [WEATHER - DAYS WITH] 9 = BLOWING SNOW
X = TORNADO
MAX 32 OR BELOW: 5 0.01 INCH OR MORE: 5
MAX 90 OR ABOVE: 0 0.10 INCH OR MORE: 1
MIN 32 OR BELOW: 30 0.50 INCH OR MORE: 0
MIN 0 OR BELOW: 0 1.00 INCH OR MORE: 0
[HDD (BASE 65) ]
TOTAL THIS MO. 967 CLEAR (SCALE 0-3) 14
DPTR FM NORMAL -124 PTCLDY (SCALE 4-7) 10
TOTAL FM JUL 1 2194 CLOUDY (SCALE 8-10) 7
DPTR FM NORMAL -380
[CDD (BASE 65) ]
TOTAL THIS MO. 0
DPTR FM NORMAL 0 [PRESSURE DATA]
TOTAL FM JAN 1 904 HIGHEST SLP 30.55 ON 2
DPTR FM NORMAL 449 LOWEST SLP 29.49 ON 22
[REMARKS]
#FINAL-12-20#