000
CXUS54 KCRP 281210
CF6COT
PRELIMINARY LOCAL CLIMATOLOGICAL DATA (WS FORM: F-6)
STATION: COTULLA
MONTH: MARCH
YEAR: 2024
LATITUDE: 28 27 N
LONGITUDE: 99 13 W
TEMPERATURE IN F: :PCPN: SNOW: WIND :SUNSHINE: SKY :PK WND
================================================================================
1 2 3 4 5 6A 6B 7 8 9 10 11 12 13 14 15 16 17 18
12Z AVG MX 2MIN
DY MAX MIN AVG DEP HDD CDD WTR SNW DPTH SPD SPD DIR MIN PSBL S-S WX SPD DR
================================================================================
1 79 50 65 1 0 0 0.00 0.0 0 3.4 12 150 M M 5 8 17 150
2 86 49 68 4 0 3 0.00 0.0 0 7.2 22 140 M M 0 1 26 140
3 81 63 72 7 0 7 0.00 0.0 0 7.6 14 140 M M 6 18 19 130
4 84 68 76 11 0 11 0.00 0.0 0 5.0 17 140 M M 4 18 25 140
5 93 59 76 11 0 11 0.00 0.0 0 3.9 10 350 M M 0 18 15 340
6 92 60 76 11 0 11 0.00 0.0 0 11.0 23 130 M M 0 18 30 130
7 86 71 79 14 0 14 T 0.0 0 10.7 18 130 M M 7 18 28 130
8 90 63 77 11 0 12 T 0.0 0 11.5 28 20 M M 3 18 38 20
9 70 51 61 -5 4 0 0.00 0.0 0 11.6 21 350 M M 1 28 360
10 70 52 61 -5 4 0 0.00 0.0 0 5.6 13 140 M M 1 17 100
11 81 51 66 0 0 1 T 0.0 0 9.0 20 130 M M 3 26 140
12 82 63 73 7 0 8 0.00 0.0 0 10.3 17 140 M M 7 25 160
13 98 67 83 16 0 18 0.00 0.0 0 8.2 21 160 M M 3 30 170
14 91 71 81 14 0 16 0.00 0.0 0 8.8 15 150 M M 4 8 27 150
15 87 68 78 11 0 13 0.03 0.0 0 11.9 44 130 M M 6 138 59 140
16 85 67 76 9 0 11 1.37 0.0 0 7.9 22 110 M M 9 13 29 60
17 72 64 68 0 0 3 0.09 0.0 0 8.3 16 10 M M 9 13 21 30
18 68 56 62 -6 3 0 0.01 0.0 0 9.4 20 60 M M 9 3 28 50
19 62 54 58 -10 7 0 T 0.0 0 8.7 14 130 M M 9 18 110
20 69 55 62 -6 3 0 0.04 0.0 0 6.0 13 140 M M 10 1 16 150
21 79 62 71 3 0 6 0.13 0.0 0 5.3 10 330 M M 6 1 13 340
22 93 59 76 8 0 11 0.00 0.0 M 7.9 20 50 M M 3 12 30 60
23 81 54 68 -1 0 3 0.00 0.0 0 8.9 18 130 M M 0 25 110
24 83 60 72 3 0 7 0.00 0.0 0 12.2 21 150 M M 5 29 150
25 86 64 75 6 0 10 T 0.0 0 8.1 22 330 M M 3 8 30 350
26 81 52 67 -2 0 2 0.00 0.0 0 6.2 17 110 M M 0 24 90
27 79 50 65 -5 0 0 T 0.0 0 7.0 15 120 M M 2 23 120
================================================================================
SM 2208 1603 21 178 1.67 0.0 221.6 M 115
================================================================================
AV 81.8 59.4 8.2 FASTST M M 4 MAX(MPH)
MISC ----> 44 130 59 140
================================================================================
NOTES:
# LAST OF SEVERAL OCCURRENCES
COLUMN 17 PEAK WIND IN M.P.H.
PRELIMINARY LOCAL CLIMATOLOGICAL DATA (WS FORM: F-6) , PAGE 2
STATION: COTULLA
MONTH: MARCH
YEAR: 2024
LATITUDE: 28 27 N
LONGITUDE: 99 13 W
[TEMPERATURE DATA] [PRECIPITATION DATA] SYMBOLS USED IN COLUMN 16
AVERAGE MONTHLY: 70.6 TOTAL FOR MONTH: 1.67 1 = FOG OR MIST
DPTR FM NORMAL: 3.7 DPTR FM NORMAL: 0.29 2 = FOG REDUCING VISIBILITY
HIGHEST: 98 ON 13 GRTST 24HR 1.42 ON 16-17 TO 1/4 MILE OR LESS
LOWEST: 49 ON 2 3 = THUNDER
SNOW, ICE PELLETS, HAIL 4 = ICE PELLETS
TOTAL MONTH: 0.0 INCH 5 = HAIL
GRTST 24HR 0.0 6 = FREEZING RAIN OR DRIZZLE
GRTST DEPTH: 0 7 = DUSTSTORM OR SANDSTORM:
VSBY 1/2 MILE OR LESS
8 = SMOKE OR HAZE
[NO. OF DAYS WITH] [WEATHER - DAYS WITH] 9 = BLOWING SNOW
X = TORNADO
MAX 32 OR BELOW: 0 0.01 INCH OR MORE: 6
MAX 90 OR ABOVE: 6 0.10 INCH OR MORE: 2
MIN 32 OR BELOW: 0 0.50 INCH OR MORE: 1
MIN 0 OR BELOW: 0 1.00 INCH OR MORE: 1
[HDD (BASE 65) ]
TOTAL THIS MO. 21 CLEAR (SCALE 0-3) 10
DPTR FM NORMAL -51 PTCLDY (SCALE 4-7) 12
TOTAL FM JUL 1 715 CLOUDY (SCALE 8-10) 5
DPTR FM NORMAL -266
[CDD (BASE 65) ]
TOTAL THIS MO. 178
DPTR FM NORMAL 54 [PRESSURE DATA]
TOTAL FM JAN 1 276 HIGHEST SLP M ON M
DPTR FM NORMAL 68 LOWEST SLP 29.40 ON 25
[REMARKS]