570
CXUS54 KCRP 011300
CF6COT
PRELIMINARY LOCAL CLIMATOLOGICAL DATA (WS FORM: F-6)
STATION: COTULLA
MONTH: APRIL
YEAR: 2020
LATITUDE: 28 27 N
LONGITUDE: 99 13 W
TEMPERATURE IN F: :PCPN: SNOW: WIND :SUNSHINE: SKY :PK WND
================================================================================
1 2 3 4 5 6A 6B 7 8 9 10 11 12 13 14 15 16 17 18
12Z AVG MX 2MIN
DY MAX MIN AVG DEP HDD CDD WTR SNW DPTH SPD SPD DIR MIN PSBL S-S WX SPD DR
================================================================================
1 87 55 71 1 0 6 0.00 0.0 0 11.2 22 130 M M 0 28 140
2 79 64 72 2 0 7 0.00 0.0 0 9.7 16 150 M M 8 22 150
3 M M M M M M M 0.0 0 M M M M M 9 M M
4 M M M M M M M M M M M M M M M M M
5 M M M M M M M M M M M M M M M M M
6 80 65 73 2 0 8 T 0.0 M 6.6 15 140 M M 7 18 140
7 89 70 80 9 0 15 T 0.0 0 4.6 10 170 M M 5 1 15 180
8 96 71 84 13 0 19 0.00 0.0 0 4.3 10 150 M M 0 1 14 160
9 94 67 81 9 0 16 0.86 0.0 0 7.3 35 330 M M 1 13 46 340
10 76 66 71 -1 0 6 0.00 0.0 0 9.2 18 120 M M 5 23 120
11 85 68 77 5 0 12 T 0.0 0 11.7 21 130 M M 9 25 150
12 92 60 76 4 0 11 0.00 0.0 0 10.4 29 290 M M 3 1 40 300
13 74 54 64 -8 1 0 0.00 0.0 0 9.3 20 20 M M 0 27 30
14 69 53 61 -12 4 0 0.00 0.0 0 10.3 18 60 M M 6 24 50
15 73 47 60 -13 5 0 0.00 0.0 0 6.2 16 60 M M 1 20 60
16 79 51 65 -8 0 0 0.00 0.0 0 9.0 18 140 M M 6 23 140
17 76 66 71 -2 0 6 T 0.0 0 6.4 15 60 M M 10 1 19 70
18 68 57 63 -11 2 0 T 0.0 0 9.0 17 60 M M 10 1 21 50
19 96 63 80 6 0 15 0.02 0.0 0 6.9 18 340 M M 5 1 23 320
20 99 54 77 3 0 12 0.00 0.0 0 6.6 23 140 M M 0 28 130
21 88 69 79 5 0 14 0.00 0.0 0 11.4 22 130 M M 8 27 130
22 95 72 84 9 0 19 0.01 0.0 0 6.6 15 140 M M 6 1 18 140
23 95 69 82 7 0 17 0.00 0.0 0 7.0 17 60 M M 0 1 23 60
24 103 62 83 8 0 18 0.00 0.0 0 6.9 24 60 M M 0 32 60
25 88 72 80 5 0 15 0.00 0.0 0 12.1 22 60 M M 1 32 50
26 91 58 75 0 0 10 0.00 0.0 0 9.9 21 130 M M 2 28 130
27 94 66 80 4 0 15 0.12 0.0 0 13.2 32 350 M M 1 13 37 360
28 97 67 82 6 0 17 0.00 0.0 0 9.4 17 140 M M 1 26 180
29 91 64 78 2 0 13 T 0.0 0 8.9 29 40 M M 0 36 40
30 93 57 75 -1 0 10 0.00 0.0 0 6.7 17 130 M M 0 21 140
================================================================================
SM 2347 1687 12 281 1.01 0.0 230.8 M 104
================================================================================
AV 86.9 62.5 8.5 FASTST M M 4 MAX(MPH)
MISC ----> # 35 330 # 46 340
================================================================================
NOTES:
# LAST OF SEVERAL OCCURRENCES
COLUMN 17 PEAK WIND IN M.P.H.
PRELIMINARY LOCAL CLIMATOLOGICAL DATA (WS FORM: F-6) , PAGE 2
STATION: COTULLA
MONTH: APRIL
YEAR: 2020
LATITUDE: 28 27 N
LONGITUDE: 99 13 W
[TEMPERATURE DATA] [PRECIPITATION DATA] SYMBOLS USED IN COLUMN 16
AVERAGE MONTHLY: 74.7 TOTAL FOR MONTH: 1.01 1 = FOG OR MIST
DPTR FM NORMAL: 1.7 DPTR FM NORMAL: -0.59 2 = FOG REDUCING VISIBILITY
HIGHEST: 103 ON 24 GRTST 24HR 0.86 ON 9- 9 TO 1/4 MILE OR LESS
LOWEST: 47 ON 15 3 = THUNDER
SNOW, ICE PELLETS, HAIL 4 = ICE PELLETS
TOTAL MONTH: 0.0 INCH 5 = HAIL
GRTST 24HR 0.0 6 = FREEZING RAIN OR DRIZZLE
GRTST DEPTH: 0 7 = DUSTSTORM OR SANDSTORM:
VSBY 1/2 MILE OR LESS
8 = SMOKE OR HAZE
[NO. OF DAYS WITH] [WEATHER - DAYS WITH] 9 = BLOWING SNOW
X = TORNADO
MAX 32 OR BELOW: 0 0.01 INCH OR MORE: 4
MAX 90 OR ABOVE: 13 0.10 INCH OR MORE: 2
MIN 32 OR BELOW: 0 0.50 INCH OR MORE: 1
MIN 0 OR BELOW: 0 1.00 INCH OR MORE: 0
[HDD (BASE 65) ]
TOTAL THIS MO. 12 CLEAR (SCALE 0-3) 15
DPTR FM NORMAL -7 PTCLDY (SCALE 4-7) 9
TOTAL FM JUL 1 793 CLOUDY (SCALE 8-10) 4
DPTR FM NORMAL -300
[CDD (BASE 65) ]
TOTAL THIS MO. 281
DPTR FM NORMAL 21 [PRESSURE DATA]
TOTAL FM JAN 1 686 HIGHEST SLP 30.23 ON 15
DPTR FM NORMAL 256 LOWEST SLP 29.46 ON 12
[REMARKS]
#FINAL-04-20#