000
CXUS53 KLSX 011400
CF6COU
PRELIMINARY LOCAL CLIMATOLOGICAL DATA (WS FORM: F-6)
STATION: COLUMBIA ASOS
MONTH: MAY
YEAR: 2023
LATITUDE: 38 49 N
LONGITUDE: 92 13 W
TEMPERATURE IN F: :PCPN: SNOW: WIND :SUNSHINE: SKY :PK WND
================================================================================
1 2 3 4 5 6A 6B 7 8 9 10 11 12 13 14 15 16 17 18
12Z AVG MX 2MIN
DY MAX MIN AVG DEP HDD CDD WTR SNW DPTH SPD SPD DIR MIN PSBL S-S WX SPD DR
================================================================================
1 65 45 55 -6 10 0 0.00 0.0 0 15.7 31 320 M M 1 43 280
2 67 43 55 -7 10 0 0.00 0.0 0 13.3 29 300 M M 0 41 330
3 72 39 56 -6 9 0 0.00 0.0 0 5.6 13 330 M M 0 8 20 320
4 76 44 60 -2 5 0 0.00 0.0 0 7.4 20 210 M M 0 24 210
5 76 53 65 3 0 0 0.00 0.0 0 12.9 22 160 M M 6 32 170
6 85 61 73 10 0 8 0.09 0.0 0 13.8 23 170 M M 6 13 32 160
7 92 71 82 19 0 17 0.00 0.0 0 11.7 24 210 M M 1 29 210
8 84 61 73 10 0 8 0.39 0.0 0 6.9 30 340 M M 5 13 40 350
9 79 59 69 5 0 4 0.00 0.0 0 10.2 17 130 M M 3 1 26 130
10 85 63 74 10 0 9 0.00 0.0 0 9.9 20 150 M M 1 26 120
11 75 63 69 5 0 4 0.03 0.0 0 9.7 16 150 M M 6 23 150
12 86 65 76 12 0 11 0.02 0.0 0 7.2 13 160 M M 3 1 19 250
13 89 69 79 14 0 14 0.00 0.0 0 6.5 15 90 M M 1 3 21 80
14 89 66 78 13 0 13 1.35 0.0 0 5.3 32 320 M M 2 13 40 320
15 69 61 65 -1 0 0 0.60 0.0 0 9.0 15 40 M M 10 1 19 40
16 68 59 64 -2 1 0 1.34 0.0 0 6.2 13 20 M M 8 1 17 10
17 82 57 70 4 0 5 0.00 0.0 0 5.7 10 10 M M 1 1 12 10
18 81 59 70 4 0 5 0.00 0.0 0 5.9 14 160 M M 1 18 150
19 72 53 63 -4 2 0 0.12 0.0 0 7.5 20 350 M M 8 18 24 350
20 71 47 59 -8 6 0 0.00 0.0 0 6.2 15 360 M M 0 25 20
21 76 50 63 -4 2 0 0.00 0.0 0 3.0 10 130 M M 0 16 130
22 79 53 66 -2 0 1 0.00 0.0 0 6.1 13 150 M M 0 18 160
23 83 57 70 2 0 5 0.00 0.0 0 6.0 14 120 M M 1 20 160
24 85 62 74 6 0 9 0.00 0.0 0 4.9 13 70 M M 3 18 100
25 82 60 71 2 0 6 0.00 0.0 0 8.8 16 70 M M 1 21 50
26 77 52 65 -4 0 0 0.00 0.0 0 7.8 15 70 M M 0 23 70
27 79 52 66 -3 0 1 0.00 0.0 0 6.3 15 80 M M 0 20 80
28 83 55 69 -1 0 4 0.00 0.0 0 4.8 10 70 M M 0 16 80
29 84 59 72 2 0 7 0.00 0.0 0 5.3 10 260 M M 0 14 170
30 88 62 75 5 0 10 0.00 0.0 0 5.8 10 180 M M 0 15 180
31 84 63 74 4 0 9 0.00 0.0 0 6.9 16 200 M M 2 23 210
================================================================================
SM 2463 1763 45 150 3.94 0.0 242.3 M 70
================================================================================
AV 79.5 56.9 7.8 FASTST M M 2 MAX(MPH)
MISC ----> 32 320 43 280
================================================================================
NOTES:
# LAST OF SEVERAL OCCURRENCES
COLUMN 17 PEAK WIND IN M.P.H.
PRELIMINARY LOCAL CLIMATOLOGICAL DATA (WS FORM: F-6) , PAGE 2
STATION: COLUMBIA ASOS
MONTH: MAY
YEAR: 2023
LATITUDE: 38 49 N
LONGITUDE: 92 13 W
[TEMPERATURE DATA] [PRECIPITATION DATA] SYMBOLS USED IN COLUMN 16
AVERAGE MONTHLY: 68.2 TOTAL FOR MONTH: 3.94 1 = FOG OR MIST
DPTR FM NORMAL: 2.4 DPTR FM NORMAL: -0.83 2 = FOG REDUCING VISIBILITY
HIGHEST: 92 ON 7 GRTST 24HR 1.93 ON 15-16 TO 1/4 MILE OR LESS
LOWEST: 39 ON 3 3 = THUNDER
SNOW, ICE PELLETS, HAIL 4 = ICE PELLETS
TOTAL MONTH: 0.0 INCH 5 = HAIL
GRTST 24HR 0.0 6 = FREEZING RAIN OR DRIZZLE
GRTST DEPTH: 0 7 = DUSTSTORM OR SANDSTORM:
VSBY 1/2 MILE OR LESS
8 = SMOKE OR HAZE
[NO. OF DAYS WITH] [WEATHER - DAYS WITH] 9 = BLOWING SNOW
X = TORNADO
MAX 32 OR BELOW: 0 0.01 INCH OR MORE: 8
MAX 90 OR ABOVE: 1 0.10 INCH OR MORE: 5
MIN 32 OR BELOW: 0 0.50 INCH OR MORE: 3
MIN 0 OR BELOW: 0 1.00 INCH OR MORE: 2
[HDD (BASE 65) ]
TOTAL THIS MO. 45 CLEAR (SCALE 0-3) 23
DPTR FM NORMAL -45 PTCLDY (SCALE 4-7) 7
TOTAL FM JUL 1 4177 CLOUDY (SCALE 8-10) 1
DPTR FM NORMAL -498
[CDD (BASE 65) ]
TOTAL THIS MO. 150
DPTR FM NORMAL 36 [PRESSURE DATA]
TOTAL FM JAN 1 177 HIGHEST SLP 30.26 ON 26
DPTR FM NORMAL 31 LOWEST SLP 29.72 ON 1
[REMARKS]
#FINAL-05-23#