000
CXUS53 KLSX 020848 CCA
CF6COU
PRELIMINARY LOCAL CLIMATOLOGICAL DATA (WS FORM: F-6)
STATION: COLUMBIA ASOS
MONTH: MAY
YEAR: 2020
LATITUDE: 38 49 N
LONGITUDE: 92 13 W
TEMPERATURE IN F: :PCPN: SNOW: WIND :SUNSHINE: SKY :PK WND
================================================================================
1 2 3 4 5 6A 6B 7 8 9 10 11 12 13 14 15 16 17 18
12Z AVG MX 2MIN
DY MAX MIN AVG DEP HDD CDD WTR SNW DPTH SPD SPD DIR MIN PSBL S-S WX SPD DR
================================================================================
1 80 47 64 4 1 0 0.00 0.0 0 10.5 21 190 M M 0 27 190
2 86 59 73 13 0 8 0.00 0.0 0 7.1 14 40 M M 2 20 40
3 73 55 64 4 1 0 0.00 0.0 0 10.4 24 30 M M 4 32 60
4 67 50 59 -2 6 0 0.40 0.0 0 10.6 36 80 M M 5 13 49 70
5 70 50 60 -1 5 0 T 0.0 0 15.8 32 320 M M 6 1 45 320
6 62 44 53 -8 12 0 0.00 0.0 0 7.6 17 320 M M 8 24 320
7 69 45 57 -5 8 0 0.10 0.0 0 6.7 14 230 M M 3 20 240
8 60 41 51 -11 14 0 0.07 0.0 0 12.5 25 340 M M 3 1 34 350
9 64 39 52 -10 13 0 0.00 0.0 0 6.4 13 230 M M 1 17 330
10 60 42 51 -11 14 0 0.00 0.0 0 15.6 26 310 M M 4 37 280
11 58 36 47 -16 18 0 0.00 0.0 0 7.3 16 300 M M 4 30 340
12 54 46 50 -13 15 0 0.00 0.0 0 6.9 14 140 M M 10 20 150
13 63 49 56 -7 9 0 T 0.0 0 9.7 18 150 M M 10 1 25 130
14 81 61 71 8 0 6 T 0.0 0 13.2 24 180 M M 5 35 170
15 72 61 67 3 0 2 1.07 0.0 0 6.5 32 300 M M 6 13 42 320
16 75 61 68 4 0 3 0.52 0.0 0 6.8 13 180 M M 7 13 19 180
17 72 58 65 1 0 0 0.03 0.0 0 10.6 21 300 M M 9 1 29 300
18 64 55 60 -5 5 0 0.03 0.0 0 10.7 20 330 M M 10 18 26 320
19 67 55 61 -4 4 0 0.00 0.0 0 9.7 16 360 M M 10 1 23 10
20 71 58 65 0 0 0 T 0.0 0 8.6 16 70 M M 10 1 23 70
21 67 57 62 -3 3 0 0.00 0.0 0 7.5 12 150 M M 8 1 15 90
22 74 58 66 0 0 1 0.03 0.0 0 7.8 15 140 M M 5 1 19 110
23 85 62 74 8 0 9 0.00 0.0 0 8.3 17 260 M M 2 8 24 220
24 89 65 77 11 0 12 T 0.0 0 8.8 18 220 M M 1 25 220
25 86 64 75 8 0 10 0.22 0.0 0 9.2 24 110 M M 2 138 36 110
26 84 68 76 9 0 11 0.04 0.0 0 12.6 31 160 M M 5 3 45 160
27 77 65 71 4 0 6 0.36 0.0 0 3.5 15 230 M M 9 12 18 230
28 74 62 68 1 0 3 0.02 0.0 0 5.5 16 290 M M 8 123 22 300
29 76 58 67 -1 0 2 0.00 0.0 0 9.7 21 340 M M 2 12 29 320
30 77 54 66 -2 0 1 0.00 0.0 0 5.8 14 10 M M 2 19 360
31 80 58 69 1 0 4 0.00 0.0 0 5.9 12 80 M M 1 16 100
================================================================================
SM 2237 1683 128 78 2.89 0.0 277.8 M 162
================================================================================
AV 72.2 54.3 9.0 FASTST M M 5 MAX(MPH)
MISC ----> 36 80 49 70
================================================================================
NOTES:
# LAST OF SEVERAL OCCURRENCES
COLUMN 17 PEAK WIND IN M.P.H.
PRELIMINARY LOCAL CLIMATOLOGICAL DATA (WS FORM: F-6) , PAGE 2
STATION: COLUMBIA ASOS
MONTH: MAY
YEAR: 2020
LATITUDE: 38 49 N
LONGITUDE: 92 13 W
[TEMPERATURE DATA] [PRECIPITATION DATA] SYMBOLS USED IN COLUMN 16
AVERAGE MONTHLY: 63.2 TOTAL FOR MONTH: 2.89 1 = FOG OR MIST
DPTR FM NORMAL: -0.8 DPTR FM NORMAL: -2.09 2 = FOG REDUCING VISIBILITY
HIGHEST: 89 ON 24 GRTST 24HR 1.07 ON 15 TO 1/4 MILE OR LESS
LOWEST: 36 ON 11 3 = THUNDER
SNOW, ICE PELLETS, HAIL 4 = ICE PELLETS
TOTAL MONTH: 0.0 INCH 5 = HAIL
GRTST 24HR 0.0 6 = FREEZING RAIN OR DRIZZLE
GRTST DEPTH: 0 7 = DUSTSTORM OR SANDSTORM:
VSBY 1/2 MILE OR LESS
8 = SMOKE OR HAZE
[NO. OF DAYS WITH] [WEATHER - DAYS WITH] 9 = BLOWING SNOW
X = TORNADO
MAX 32 OR BELOW: 0 0.01 INCH OR MORE: 12
MAX 90 OR ABOVE: 0 0.10 INCH OR MORE: 6
MIN 32 OR BELOW: 0 0.50 INCH OR MORE: 2
MIN 0 OR BELOW: 0 1.00 INCH OR MORE: 1
[HDD (BASE 65) ]
TOTAL THIS MO. 128 CLEAR (SCALE 0-3) 11
DPTR FM NORMAL 19 PTCLDY (SCALE 4-7) 10
TOTAL FM JUL 1 4671 CLOUDY (SCALE 8-10) 10
DPTR FM NORMAL -341
[CDD (BASE 65) ]
TOTAL THIS MO. 78
DPTR FM NORMAL 0 [PRESSURE DATA]
TOTAL FM JAN 1 90 HIGHEST SLP 30.36 ON 11
DPTR FM NORMAL -13 LOWEST SLP 29.71 ON 4
[REMARKS]
#FINAL-05-20#