000
CXUS56 KLOX 011655
CF6CQT
PRELIMINARY LOCAL CLIMATOLOGICAL DATA (WS FORM: F-6)
STATION: DOWNTOWN LOS ANGELES (USC) CA
MONTH: APRIL
YEAR: 2020
LATITUDE: 34 1 N
LONGITUDE: 118 17 W
TEMPERATURE IN F: :PCPN: SNOW: WIND :SUNSHINE: SKY :PK WND
================================================================================
1 2 3 4 5 6A 6B 7 8 9 10 11 12 13 14 15 16 17 18
12Z AVG MX 2MIN
DY MAX MIN AVG DEP HDD CDD WTR SNW DPTH SPD SPD DIR MIN PSBL S-S WX SPD DR
================================================================================
1 75 60 68 6 0 3 0.00 0.0 0 1.8 12 270 M M 2 8 18 280
2 72 60 66 4 0 1 0.00 0.0 0 2.0 9 260 M M 6 16 270
3 71 57 64 2 1 0 0.00 0.0 0 1.7 12 270 M M 1 8 16 270
4 70 57 64 2 1 0 0.00 0.0 0 2.6 10 260 M M 8 8 16 260
5 65 57 61 -1 4 0 0.12 0.0 0 1.6 8 140 M M 10 8 14 130
6 64 56 60 -2 5 0 1.10 0.0 0 2.1 8 250 M M 10 1 14 170
7 67 53 60 -2 5 0 0.82 0.0 0 2.1 9 270 M M 9 1 15 270
8 64 52 58 -4 7 0 0.01 0.0 0 2.9 10 260 M M 6 18 19 260
9 57 52 55 -7 10 0 0.75 0.0 0 5.7 10 80 M M 9 15 90
10 67 51 59 -3 6 0 0.16 0.0 0 3.2 12 90 M M 8 16 100
11 73 53 63 1 2 0 0.00 0.0 0 2.3 9 260 M M 2 15 260
12 63 58 61 -2 4 0 0.06 0.0 0 0.8 5 270 M M 10 18 M M
13 67 56 62 -1 3 0 0.00 0.0 0 2.1 10 270 M M 7 8 17 270
14 74 53 64 1 1 0 0.00 0.0 0 1.6 9 270 M M 0 8 14 270
15 83 56 70 7 0 5 0.00 0.0 0 1.7 12 270 M M 0 18 260
16 78 58 68 5 0 3 0.00 0.0 0 1.5 9 260 M M 0 8 15 270
17 71 59 65 2 0 0 0.00 0.0 0 1.7 10 270 M M 5 8 18 260
18 69 60 65 2 0 0 0.00 0.0 0 1.9 12 260 M M 10 8 17 270
19 70 59 65 1 0 0 0.00 0.0 0 2.3 12 270 M M 7 8 20 270
20 69 59 64 0 1 0 0.00 0.0 0 2.3 12 270 M M 5 8 16 260
21 74 58 66 2 0 1 0.00 0.0 0 1.7 10 270 M M 1 8 17 270
22 82 58 70 6 0 5 0.00 0.0 0 2.5 9 270 M M 0 8 14 260
23 92 65 79 15 0 14 0.00 0.0 0 2.1 9 130 M M 0 8 15 280
24 93 66 80 16 0 15 0.00 0.0 0 1.5 9 100 M M 0 8 13 340
25 93 69 81 17 0 16 0.00 0.0 0 1.4 8 260 M M 0 8 12 260
26 88 64 76 12 0 11 0.00 0.0 0 1.6 8 270 M M 0 8 13 260
27 81 63 72 8 0 7 0.00 0.0 0 1.4 8 280 M M 1 8 13 270
28 85 64 75 11 0 10 0.00 0.0 0 1.0 9 280 M M 0 8 15 260
29 79 64 72 7 0 7 0.00 0.0 0 1.6 10 270 M M 5 8 18 260
30 76 64 70 5 0 5 0.00 0.0 0 1.6 10 270 M M 6 8 16 270
================================================================================
SM 2232 1761 50 103 3.02 0.0 60.3 M 128
================================================================================
AV 74.4 58.7 2.0 FASTST M M 4 MAX(MPH)
MISC ----> # 12 270 # 20 270
================================================================================
NOTES:
# LAST OF SEVERAL OCCURRENCES
COLUMN 17 PEAK WIND IN M.P.H.
PRELIMINARY LOCAL CLIMATOLOGICAL DATA (WS FORM: F-6) , PAGE 2
STATION: DOWNTOWN LOS ANGELES (USC) CA
MONTH: APRIL
YEAR: 2020
LATITUDE: 34 1 N
LONGITUDE: 118 17 W
[TEMPERATURE DATA] [PRECIPITATION DATA] SYMBOLS USED IN COLUMN 16
AVERAGE MONTHLY: 66.6 TOTAL FOR MONTH: 3.02 1 = FOG OR MIST
DPTR FM NORMAL: 3.5 DPTR FM NORMAL: 2.11 2 = FOG REDUCING VISIBILITY
HIGHEST: 93 ON 25,24 GRTST 24HR 1.10 ON 6- 6 TO 1/4 MILE OR LESS
LOWEST: 51 ON 10 3 = THUNDER
SNOW, ICE PELLETS, HAIL 4 = ICE PELLETS
TOTAL MONTH: 0.0 INCH 5 = HAIL
GRTST 24HR 0.0 6 = FREEZING RAIN OR DRIZZLE
GRTST DEPTH: 0 7 = DUSTSTORM OR SANDSTORM:
VSBY 1/2 MILE OR LESS
8 = SMOKE OR HAZE
[NO. OF DAYS WITH] [WEATHER - DAYS WITH] 9 = BLOWING SNOW
X = TORNADO
MAX 32 OR BELOW: 0 0.01 INCH OR MORE: 7
MAX 90 OR ABOVE: 3 0.10 INCH OR MORE: 5
MIN 32 OR BELOW: 0 0.50 INCH OR MORE: 3
MIN 0 OR BELOW: 0 1.00 INCH OR MORE: 1
[HDD (BASE 65) ]
TOTAL THIS MO. 50 CLEAR (SCALE 0-3) 14
DPTR FM NORMAL -51 PTCLDY (SCALE 4-7) 10
TOTAL FM JUL 1 634 CLOUDY (SCALE 8-10) 6
DPTR FM NORMAL -399
[CDD (BASE 65) ]
TOTAL THIS MO. 103
DPTR FM NORMAL 59 [PRESSURE DATA]
TOTAL FM JAN 1 162 HIGHEST SLP 30.15 ON 14
DPTR FM NORMAL 75 LOWEST SLP 29.82 ON 24
[REMARKS]
#FINAL-04-20#