000
CXUS56 KSGX 011245
CF6CRQ
PRELIMINARY LOCAL CLIMATOLOGICAL DATA (WS FORM: F-6)
STATION: CARLSBAD PALOMAR AIRPORT CA
MONTH: APRIL
YEAR: 2020
LATITUDE: 33 7 N
LONGITUDE: 117 17 W
TEMPERATURE IN F: :PCPN: SNOW: WIND :SUNSHINE: SKY :PK WND
================================================================================
1 2 3 4 5 6A 6B 7 8 9 10 11 12 13 14 15 16 17 18
12Z AVG MX 2MIN
DY MAX MIN AVG DEP HDD CDD WTR SNW DPTH SPD SPD DIR MIN PSBL S-S WX SPD DR
================================================================================
1 65 51 58 0 7 0 0.00 0.0 0 5.8 14 240 M M 5 128 18 230
2 65 56 61 3 4 0 0.00 0.0 0 7.2 20 220 M M 9 1 23 200
3 63 52 58 0 7 0 0.00 0.0 0 4.6 13 240 M M 4 19 240
4 63 56 60 2 5 0 0.00 0.0 0 8.4 16 220 M M 9 21 210
5 63 54 59 1 6 0 0.03 0.0 0 7.5 14 250 M M 9 18 19 260
6 61 53 57 -1 8 0 1.55 0.0 0 8.9 23 190 M M 9 18 33 190
7 62 52 57 -1 8 0 0.32 0.0 0 4.8 24 160 M M 10 1 34 170
8 60 50 55 -3 10 0 0.59 0.0 0 5.4 18 220 M M 8 1 22 200
9 59 50 55 -3 10 0 0.81 0.0 0 6.4 14 150 M M 8 18 19 150
10 55 51 53 -5 12 0 2.88 0.0 0 4.9 15 140 M M 10 1 18 140
11 63 49 56 -3 9 0 T M 0 5.6 13 220 M M 5 16 250
12 60 55 58 -1 7 0 0.03 0.0 0 5.0 12 250 M M 10 18 17 250
13 63 54 59 0 6 0 0.06 0.0 0 4.5 12 260 M M 9 1 16 260
14 65 54 60 1 5 0 0.00 0.0 0 4.9 14 260 M M 3 18 18 270
15 74 52 63 4 2 0 0.00 0.0 0 2.9 12 250 M M 0 15 230
16 68 53 61 2 4 0 0.00 0.0 0 4.1 12 230 M M 1 15 250
17 64 54 59 0 6 0 0.00 0.0 0 6.9 15 240 M M 7 1 22 230
18 64 56 60 1 5 0 0.13 0.0 0 4.7 15 250 M M 7 1 20 250
19 64 57 61 1 4 0 0.00 0.0 0 5.4 14 250 M M 8 19 270
20 64 58 61 1 4 0 0.00 0.0 0 5.7 16 240 M M 9 22 240
21 65 58 62 2 3 0 0.00 0.0 0 4.4 14 250 M M 5 19 260
22 73 55 64 4 1 0 0.00 0.0 0 3.0 12 260 M M 0 16 260
23 77 58 68 8 0 3 0.00 0.0 0 3.7 12 260 M M 0 14 240
24 79 61 70 10 0 5 0.00 0.0 0 3.0 10 260 M M 0 12 14 240
25 79 61 70 10 0 5 0.00 0.0 0 2.8 10 250 M M 4 12 13 250
26 84 59 72 12 0 7 0.00 0.0 0 3.1 13 250 M M 2 128 17 260
27 71 60 66 6 0 1 0.00 0.0 0 4.1 14 250 M M 4 12 18 230
28 70 61 66 6 0 1 0.00 0.0 0 2.9 12 210 M M 6 18 16 260
29 68 61 65 4 0 0 0.01 0.0 0 3.9 12 240 M M 10 18 16 260
30 69 62 66 5 0 1 0.00 0.0 0 3.7 12 250 M M 9 1 15 250
================================================================================
SM 2000 1663 133 23 6.41 0.0 148.2 M 180
================================================================================
AV 66.7 55.4 4.9 FASTST M M 6 MAX(MPH)
MISC ----> # 24 160 # 34 170
================================================================================
NOTES:
# LAST OF SEVERAL OCCURRENCES
COLUMN 17 PEAK WIND IN M.P.H.
PRELIMINARY LOCAL CLIMATOLOGICAL DATA (WS FORM: F-6) , PAGE 2
STATION: CARLSBAD PALOMAR AIRPORT CA
MONTH: APRIL
YEAR: 2020
LATITUDE: 33 7 N
LONGITUDE: 117 17 W
[TEMPERATURE DATA] [PRECIPITATION DATA] SYMBOLS USED IN COLUMN 16
AVERAGE MONTHLY: 61.1 TOTAL FOR MONTH: 6.41 1 = FOG OR MIST
DPTR FM NORMAL: 2.0 DPTR FM NORMAL: 5.39 2 = FOG REDUCING VISIBILITY
HIGHEST: 84 ON 26 GRTST 24HR 2.88 ON 10-10 TO 1/4 MILE OR LESS
LOWEST: 49 ON 11 3 = THUNDER
SNOW, ICE PELLETS, HAIL 4 = ICE PELLETS
TOTAL MONTH: 0.0 INCH 5 = HAIL
GRTST 24HR 0.0 6 = FREEZING RAIN OR DRIZZLE
GRTST DEPTH: 0 7 = DUSTSTORM OR SANDSTORM:
VSBY 1/2 MILE OR LESS
8 = SMOKE OR HAZE
[NO. OF DAYS WITH] [WEATHER - DAYS WITH] 9 = BLOWING SNOW
X = TORNADO
MAX 32 OR BELOW: 0 0.01 INCH OR MORE: 10
MAX 90 OR ABOVE: 0 0.10 INCH OR MORE: 6
MIN 32 OR BELOW: 0 0.50 INCH OR MORE: 4
MIN 0 OR BELOW: 0 1.00 INCH OR MORE: 2
[HDD (BASE 65) ]
TOTAL THIS MO. 133 CLEAR (SCALE 0-3) 7
DPTR FM NORMAL -48 PTCLDY (SCALE 4-7) 10
TOTAL FM JUL 1 1264 CLOUDY (SCALE 8-10) 13
DPTR FM NORMAL -265
[CDD (BASE 65) ]
TOTAL THIS MO. 23
DPTR FM NORMAL 19 [PRESSURE DATA]
TOTAL FM JAN 1 35 HIGHEST SLP 30.14 ON 14
DPTR FM NORMAL 22 LOWEST SLP 29.82 ON 1
[REMARKS]
#FINAL-04-20#