000
CXUS51 KRLX 011149
CF6CRW
PRELIMINARY LOCAL CLIMATOLOGICAL DATA (WS FORM: F-6)
STATION: CHARLESTON WV
MONTH: AUGUST
YEAR: 2021
LATITUDE: 38 22 N
LONGITUDE: 81 36 W
TEMPERATURE IN F: :PCPN: SNOW: WIND :SUNSHINE: SKY :PK WND
================================================================================
1 2 3 4 5 6A 6B 7 8 9 10 11 12 13 14 15 16 17 18
12Z AVG MX 2MIN
DY MAX MIN AVG DEP HDD CDD WTR SNW DPTH SPD SPD DIR MIN PSBL S-S WX SPD DR
================================================================================
1 85 63 74 -2 0 9 0.02 0.0 0 4.9 21 320 M M 7 18 28 360
2 81 60 71 -5 0 6 0.00 0.0 0 2.3 9 360 M M 5 1 13 340
3 82 57 70 -5 0 5 0.22 0.0 0 3.7 14 210 M M 7 13 18 190
4 83 61 72 -3 0 7 0.01 0.0 0 2.3 8 80 M M 8 123 11 50
5 86 64 75 0 0 10 0.04 0.0 0 1.9 9 150 M M 6 13 12 150
6 90 62 76 1 0 11 0.00 0.0 0 2.2 9 220 M M 5 1 14 180
7 88 66 77 2 0 12 T 0.0 0 3.3 10 210 M M 5 13 14 230
8 87 63 75 0 0 10 0.00 0.0 0 2.9 13 220 M M 2 16 220
9 92 65 79 4 0 14 0.04 0.0 0 3.4 32 230 M M 4 38 41 230
10 92 68 80 5 0 15 0.17 0.0 0 6.0 17 180 M M 5 13 22 190
11 86 70 78 3 0 13 1.00 0.0 0 2.8 17 160 M M 5 13 23 150
12 93 71 82 7 0 17 0.00 0.0 0 4.8 15 200 M M 3 1 20 210
13 92 69 81 6 0 16 0.70 0.0 0 3.2 37 300 M M 5 1238 55 300
14 86 69 78 3 0 13 0.16 0.0 0 1.9 10 340 M M 8 123 13 340
15 81 66 74 -1 0 9 0.50 0.0 0 1.8 12 130 M M 8 13 15 130
16 84 70 77 2 0 12 0.45 0.0 0 1.3 8 150 M M 8 123 11 200
17 81 70 76 1 0 11 0.96 0.0 0 4.2 17 140 M M 9 1 21 150
18 82 71 77 2 0 12 0.36 0.0 0 7.8 18 250 M M 8 18 28 250
19 80 70 75 0 0 10 0.04 0.0 0 1.9 8 220 M M 7 1 10 40
20 86 68 77 2 0 12 0.00 0.0 0 1.1 7 360 M M 5 12 10 340
21 89 66 78 4 0 13 0.00 0.0 0 0.9 7 330 M M 4 12 10 320
22 89 67 78 4 0 13 0.07 0.0 0 1.5 17 60 M M 5 12 20 60
23 91 68 80 6 0 15 0.00 0.0 0 2.0 8 270 M M 5 1 14 240
24 93 69 81 7 0 16 0.00 0.0 0 1.0 6 340 M M 2 1 9 310
25 93 69 81 7 0 16 0.02 0.0 0 2.2 33 330 M M 5 138 47 320
26 89 69 79 5 0 14 0.24 0.0 0 1.7 10 250 M M 7 123 14 330
27 90 69 80 6 0 15 0.00 0.0 0 1.4 7 230 M M 6 12 10 240
28 93 71 82 8 0 17 0.00 0.0 0 1.7 7 320 M M 4 128 11 300
29 91 69 80 7 0 15 0.31 0.0 0 2.3 32 270 M M 5 13 46 280
30 84 68 76 3 0 11 0.28 0.0 0 2.6 18 190 M M 7 13 25 200
31 77 68 73 0 0 8 0.51 0.0 0 3.5 14 230 M M 9 1 21 210
================================================================================
SM 2696 2076 0 377 6.10 0.0 84.5 M 179
================================================================================
AV 87.0 67.0 2.7 FASTST M M 6 MAX(MPH)
MISC ----> 37 300 55 300
================================================================================
NOTES:
# LAST OF SEVERAL OCCURRENCES
COLUMN 17 PEAK WIND IN M.P.H.
PRELIMINARY LOCAL CLIMATOLOGICAL DATA (WS FORM: F-6) , PAGE 2
STATION: CHARLESTON WV
MONTH: AUGUST
YEAR: 2021
LATITUDE: 38 22 N
LONGITUDE: 81 36 W
[TEMPERATURE DATA] [PRECIPITATION DATA] SYMBOLS USED IN COLUMN 16
AVERAGE MONTHLY: 77.0 TOTAL FOR MONTH: 6.10 1 = FOG OR MIST
DPTR FM NORMAL: 2.4 DPTR FM NORMAL: 2.35 2 = FOG REDUCING VISIBILITY
HIGHEST: 93 ON 28,25 GRTST 24HR 1.25 ON 17-18 TO 1/4 MILE OR LESS
LOWEST: 57 ON 3 3 = THUNDER
SNOW, ICE PELLETS, HAIL 4 = ICE PELLETS
TOTAL MONTH: 0.0 INCH 5 = HAIL
GRTST 24HR 0.0 6 = FREEZING RAIN OR DRIZZLE
GRTST DEPTH: 0 7 = DUSTSTORM OR SANDSTORM:
VSBY 1/2 MILE OR LESS
8 = SMOKE OR HAZE
[NO. OF DAYS WITH] [WEATHER - DAYS WITH] 9 = BLOWING SNOW
X = TORNADO
MAX 32 OR BELOW: 0 0.01 INCH OR MORE: 20
MAX 90 OR ABOVE: 11 0.10 INCH OR MORE: 13
MIN 32 OR BELOW: 0 0.50 INCH OR MORE: 5
MIN 0 OR BELOW: 0 1.00 INCH OR MORE: 1
[HDD (BASE 65) ]
TOTAL THIS MO. 0 CLEAR (SCALE 0-3) 2
DPTR FM NORMAL -1 PTCLDY (SCALE 4-7) 24
TOTAL FM JUL 1 0 CLOUDY (SCALE 8-10) 5
DPTR FM NORMAL 0
[CDD (BASE 65) ]
TOTAL THIS MO. 377
DPTR FM NORMAL 77 [PRESSURE DATA]
TOTAL FM JAN 1 1056 HIGHEST SLP 30.21 ON 28
DPTR FM NORMAL 65 LOWEST SLP 29.64 ON 31
[REMARKS]
#FINAL-08-21#