000
CXUS52 KFFC 011110
CF6CSG
PRELIMINARY LOCAL CLIMATOLOGICAL DATA (WS FORM: F-6)
STATION: COLUMBUS
MONTH: DECEMBER
YEAR: 2021
LATITUDE: 32 31 N
LONGITUDE: 84 56 W
TEMPERATURE IN F: :PCPN: SNOW: WIND :SUNSHINE: SKY :PK WND
================================================================================
1 2 3 4 5 6A 6B 7 8 9 10 11 12 13 14 15 16 17 18
12Z AVG MX 2MIN
DY MAX MIN AVG DEP HDD CDD WTR SNW DPTH SPD SPD DIR MIN PSBL S-S WX SPD DR
================================================================================
1 68 37 53 0 12 0 0.00 0.0 M 1.6 12 180 M M 0 19 210
2 75 39 57 4 8 0 0.00 0.0 M 1.9 15 310 M M 0 21 310
3 75 43 59 6 6 0 0.00 0.0 M 1.4 9 270 M M 0 8 14 250
4 75 44 60 7 5 0 0.00 0.0 M 1.8 12 300 M M 2 128 15 300
5 74 47 61 9 4 0 0.00 0.0 M 3.1 10 190 M M 4 12 14 220
6 74 51 63 11 2 0 0.73 0.0 M 5.6 32 330 M M 8 1238 45 330
7 57 45 51 -1 14 0 T M M 4.1 12 350 M M 10 1 18 360
8 62 41 52 0 13 0 0.58 M M 3.9 14 340 M M 6 18 20 350
9 60 36 48 -4 17 0 T M M 4.6 14 170 M M 3 128 17 140
10 71 51 61 10 4 0 0.14 0.0 M 4.4 14 210 M M 10 1 18 210
11 79 54 67 16 0 2 0.23 0.0 M 9.7 32 330 M M 9 13 43 330
12 62 41 52 1 13 0 T M M 4.3 16 340 M M 1 24 20
13 66 39 53 2 12 0 0.00 0.0 M 3.6 10 80 M M 0 13 90
14 70 36 53 2 12 0 0.00 0.0 M 1.5 8 120 M M 0 13 140
15 69 41 55 4 10 0 0.00 0.0 M 7.2 15 90 M M 4 21 110
16 70 51 61 11 4 0 0.00 0.0 M 2.8 8 180 M M 5 12 11 120
17 72 54 63 13 2 0 0.01 0.0 M 3.1 8 100 M M 9 128 13 120
18 72 61 67 17 0 2 0.91 0.0 M 4.1 14 200 M M 8 13 18 220
19 64 42 53 3 12 0 T M M 6.8 20 350 M M 5 12 31 340
20 49 41 45 -5 20 0 0.00 0.0 M 9.5 20 100 M M 6 27 110
21 44 39 42 -8 23 0 0.41 M M 6.2 14 90 M M 9 1 18 80
22 61 35 48 -2 17 0 0.00 0.0 M 6.4 18 330 M M 1 26 350
23 62 32 47 -2 18 0 0.00 0.0 M 2.4 10 330 M M 0 15 330
24 69 33 51 2 14 0 0.00 0.0 M 3.5 14 200 M M 0 19 200
25 73 50 62 13 3 0 0.00 0.0 M 5.4 20 290 M M 5 1 29 300
26 72 56 64 15 1 0 0.00 0.0 M 2.3 12 230 M M 7 12 15 230
27 74 55 65 16 0 0 0.00 0.0 M 4.4 14 260 M M 10 12 20 250
28 78 64 71 22 0 6 0.00 0.0 M 8.5 20 200 M M 8 1 31 190
29 73 66 70 21 0 5 1.51 0.0 M 6.8 22 220 M M 9 123 28 220
30 78 64 71 22 0 6 0.29 0.0 M 5.3 29 330 M M 9 13 37 330
31 80 63 72 23 0 7 T 0.0 M 6.6 17 240 M M 7 12 24 240
================================================================================
SM 2128 1451 246 28 4.81 0.0 142.8 M 155
================================================================================
AV 68.6 46.8 4.6 FASTST M M 5 MAX(MPH)
MISC ----> # 32 330 45 330
================================================================================
NOTES:
# LAST OF SEVERAL OCCURRENCES
COLUMN 17 PEAK WIND IN M.P.H.
PRELIMINARY LOCAL CLIMATOLOGICAL DATA (WS FORM: F-6) , PAGE 2
STATION: COLUMBUS
MONTH: DECEMBER
YEAR: 2021
LATITUDE: 32 31 N
LONGITUDE: 84 56 W
[TEMPERATURE DATA] [PRECIPITATION DATA] SYMBOLS USED IN COLUMN 16
AVERAGE MONTHLY: 57.7 TOTAL FOR MONTH: 4.81 1 = FOG OR MIST
DPTR FM NORMAL: 7.1 DPTR FM NORMAL: 0.02 2 = FOG REDUCING VISIBILITY
HIGHEST: 80 ON 31 GRTST 24HR 1.51 ON 29-29 TO 1/4 MILE OR LESS
LOWEST: 32 ON 23 3 = THUNDER
SNOW, ICE PELLETS, HAIL 4 = ICE PELLETS
TOTAL MONTH: 0.0 INCH 5 = HAIL
GRTST 24HR 0.0 6 = FREEZING RAIN OR DRIZZLE
GRTST DEPTH: M ON M 7 = DUSTSTORM OR SANDSTORM:
VSBY 1/2 MILE OR LESS
8 = SMOKE OR HAZE
[NO. OF DAYS WITH] [WEATHER - DAYS WITH] 9 = BLOWING SNOW
X = TORNADO
MAX 32 OR BELOW: 0 0.01 INCH OR MORE: 9
MAX 90 OR ABOVE: 0 0.10 INCH OR MORE: 8
MIN 32 OR BELOW: 1 0.50 INCH OR MORE: 4
MIN 0 OR BELOW: 0 1.00 INCH OR MORE: 1
[HDD (BASE 65) ]
TOTAL THIS MO. 246 CLEAR (SCALE 0-3) 10
DPTR FM NORMAL -205 PTCLDY (SCALE 4-7) 13
TOTAL FM JUL 1 601 CLOUDY (SCALE 8-10) 8
DPTR FM NORMAL -164
[CDD (BASE 65) ]
TOTAL THIS MO. 28
DPTR FM NORMAL 23 [PRESSURE DATA]
TOTAL FM JAN 1 2273 HIGHEST SLP 30.44 ON 14
DPTR FM NORMAL -260 LOWEST SLP 29.84 ON 30
[REMARKS]
#FINAL-12-21#