000
CXUS52 KFFC 011110
CF6CSG
PRELIMINARY LOCAL CLIMATOLOGICAL DATA (WS FORM: F-6)
STATION: COLUMBUS
MONTH: FEBRUARY
YEAR: 2024
LATITUDE: 32 31 N
LONGITUDE: 84 56 W
TEMPERATURE IN F: :PCPN: SNOW: WIND :SUNSHINE: SKY :PK WND
================================================================================
1 2 3 4 5 6A 6B 7 8 9 10 11 12 13 14 15 16 17 18
12Z AVG MX 2MIN
DY MAX MIN AVG DEP HDD CDD WTR SNW DPTH SPD SPD DIR MIN PSBL S-S WX SPD DR
================================================================================
1 61 32 47 -3 18 0 0.00 0.0 M 1.8 9 220 M M 0 14 270
2 71 37 54 4 11 0 0.00 0.0 M 2.4 13 310 M M 0 17 340
3 67 41 54 4 11 0 0.00 0.0 M 8.4 18 100 M M 0 28 120
4 54 44 49 -1 16 0 0.88 M M 16.2 31 80 M M 9 1 47 80
5 53 44 49 -1 16 0 0.02 M M 10.8 21 100 M M 9 1 30 80
6 67 36 52 2 13 0 0.00 0.0 M 3.5 15 100 M M 0 21 340
7 63 35 49 -2 16 0 0.00 0.0 M 3.7 17 110 M M 0 26 90
8 64 37 51 0 14 0 0.00 0.0 M 4.0 14 190 M M 0 17 190
9 72 45 59 8 6 0 0.00 0.0 M 4.6 13 220 M M 3 18 220
10 68 59 64 13 1 0 0.07 0.0 M 5.6 15 210 M M 9 1 20 190
11 68 57 63 11 2 0 4.28 0.0 M 5.8 17 310 M M 10 13 29 300
12 62 52 57 5 8 0 2.75 0.0 M 11.9 30 270 M M 9 13 49 250
13 61 42 52 0 13 0 0.00 0.0 M 11.4 24 310 M M 4 37 310
14 69 34 52 0 13 0 0.00 0.0 M 1.9 12 40 M M 0 16 50
15 71 40 56 4 9 0 0.00 0.0 M 3.0 15 280 M M 0 20 230
16 67 46 57 4 8 0 0.00 0.0 M 3.8 16 190 M M 0 22 200
17 58 42 50 -3 15 0 0.00 0.0 M 9.3 20 350 M M 5 27 350
18 57 37 47 -6 18 0 0.00 0.0 M 5.7 13 350 M M 0 18 20
19 65 36 51 -2 14 0 0.00 0.0 M 4.1 13 280 M M 1 17 320
20 66 31 49 -5 16 0 0.00 0.0 M 1.4 10 240 M M 0 14 250
21 69 35 52 -2 13 0 0.00 0.0 M 2.2 10 240 M M 0 8 14 300
22 74 39 57 3 8 0 0.00 0.0 M 9.2 21 220 M M 1 8 35 210
23 70 55 63 9 2 0 0.10 0.0 M 10.7 22 310 M M 6 1 29 310
24 71 45 58 4 7 0 0.00 0.0 M 11.5 32 310 M M 0 50 310
25 68 36 52 -3 13 0 0.00 0.0 M 2.0 8 190 M M 0 10 190
26 75 39 57 2 8 0 0.00 0.0 M 5.8 13 200 M M 0 22 220
27 78 60 69 14 0 4 0.00 0.0 M 11.1 17 200 M M 7 36 230
28 80 49 65 10 0 0 0.01 M M 12.6 30 340 M M 9 46 340
29 58 44 51 -5 14 0 T M M 8.5 17 120 M M 2 24 130
================================================================================
SM 1927 1229 303 4 8.11 0.0 192.9 M 84
================================================================================
AV 66.4 42.4 6.7 FASTST M M 3 MAX(MPH)
MISC ----> 32 310 50 310
================================================================================
NOTES:
# LAST OF SEVERAL OCCURRENCES
COLUMN 17 PEAK WIND IN M.P.H.
PRELIMINARY LOCAL CLIMATOLOGICAL DATA (WS FORM: F-6) , PAGE 2
STATION: COLUMBUS
MONTH: FEBRUARY
YEAR: 2024
LATITUDE: 32 31 N
LONGITUDE: 84 56 W
[TEMPERATURE DATA] [PRECIPITATION DATA] SYMBOLS USED IN COLUMN 16
AVERAGE MONTHLY: 54.4 TOTAL FOR MONTH: 8.11 1 = FOG OR MIST
DPTR FM NORMAL: 2.1 DPTR FM NORMAL: 3.65 2 = FOG REDUCING VISIBILITY
HIGHEST: 80 ON 28 GRTST 24HR 6.90 ON 11-12 TO 1/4 MILE OR LESS
LOWEST: 31 ON 20 3 = THUNDER
SNOW, ICE PELLETS, HAIL 4 = ICE PELLETS
TOTAL MONTH: 0.0 INCH 5 = HAIL
GRTST 24HR 0.0 6 = FREEZING RAIN OR DRIZZLE
GRTST DEPTH: M ON M 7 = DUSTSTORM OR SANDSTORM:
VSBY 1/2 MILE OR LESS
8 = SMOKE OR HAZE
[NO. OF DAYS WITH] [WEATHER - DAYS WITH] 9 = BLOWING SNOW
X = TORNADO
MAX 32 OR BELOW: 0 0.01 INCH OR MORE: 7
MAX 90 OR ABOVE: 0 0.10 INCH OR MORE: 4
MIN 32 OR BELOW: 2 0.50 INCH OR MORE: 3
MIN 0 OR BELOW: 0 1.00 INCH OR MORE: 2
[HDD (BASE 65) ]
TOTAL THIS MO. 303 CLEAR (SCALE 0-3) 19
DPTR FM NORMAL -58 PTCLDY (SCALE 4-7) 4
TOTAL FM JUL 1 1562 CLOUDY (SCALE 8-10) 6
DPTR FM NORMAL -100
[CDD (BASE 65) ]
TOTAL THIS MO. 4
DPTR FM NORMAL -3 [PRESSURE DATA]
TOTAL FM JAN 1 10 HIGHEST SLP 30.41 ON 29
DPTR FM NORMAL 1 LOWEST SLP 29.47 ON 4
[REMARKS]
#FINAL-02-24#