000
CXUS54 KOUN 010810
CF6CSM
PRELIMINARY LOCAL CLIMATOLOGICAL DATA (WS FORM: F-6)
STATION: CLINTON
MONTH: JUNE
YEAR: 2021
LATITUDE: 35 20 N
LONGITUDE: 99 12 W
TEMPERATURE IN F: :PCPN: SNOW: WIND :SUNSHINE: SKY :PK WND
================================================================================
1 2 3 4 5 6A 6B 7 8 9 10 11 12 13 14 15 16 17 18
12Z AVG MX 2MIN
DY MAX MIN AVG DEP HDD CDD WTR SNW DPTH SPD SPD DIR MIN PSBL S-S WX SPD DR
================================================================================
1 74 57 66 -9 0 1 0.00 0.0 M 9.2 15 20 M M 9 20 10
2 78 58 68 -7 0 3 0.00 0.0 M 5.0 12 110 M M 4 15 120
3 82 61 72 -3 0 7 T M M 9.2 18 90 M M 4 3 22 90
4 85 63 74 -2 0 9 0.00 M M 11.0 18 140 M M 2 24 150
5 81 61 71 -5 0 6 0.00 M M 9.9 18 170 M M 1 1 25 170
6 87 62 75 -1 0 10 0.00 M M 11.0 20 140 M M 4 24 140
7 85 65 75 -1 0 10 0.03 M M 8.2 23 140 M M 2 13 28 140
8 92 68 80 3 0 15 0.00 M M 8.6 15 130 M M 2 18 22 140
9 96 73 85 8 0 20 0.00 M M 13.9 22 160 M M 2 18 29 170
10 97 74 86 9 0 21 0.00 M M 13.2 22 160 M M 0 18 37 120
11 99 73 86 9 0 21 0.00 M M 12.3 23 190 M M 1 29 200
12 94 67 81 3 0 16 T M M 10.7 45 50 M M 1 3 55 60
13 89 67 78 0 0 13 0.07 0.0 0 9.0 32 290 M M 2 3 44 270
14 95 66 81 3 0 16 0.00 M M 5.3 14 90 M M 0 19 80
15 97 69 83 5 0 18 0.00 M M 6.9 15 150 M M 0 19 160
16 98 69 84 6 0 19 0.00 M M 10.6 20 170 M M 0 25 200
17 99 71 85 6 0 20 0.00 M M 12.7 20 170 M M 0 29 180
18 99 71 85 6 0 20 0.00 M M 13.8 21 170 M M 0 27 160
19 98 71 85 6 0 20 0.00 M M 14.4 23 150 M M 0 30 150
20 100 71 86 7 0 21 0.00 M M 17.3 25 190 M M 0 34 190
21 80 60 70 -9 0 5 0.24 M M 16.9 31 30 M M 5 13 39 30
22 85 57 71 -9 0 6 0.00 M M 13.4 23 170 M M 0 31 160
23 98 71 85 5 0 20 0.00 M M 21.5 29 180 M M 2 1 38 170
24 100 75 88 8 0 23 0.00 M M 21.5 31 200 M M 0 40 210
25 97 75 86 6 0 21 0.03 M M 16.6 26 170 M M 1 3 35 180
26 85 67 76 -4 0 11 1.79 M M 9.6 53 310 M M 9 123 76 280
27 78 66 72 -8 0 7 1.49 M M 7.7 16 50 M M 5 13 19 50
28 83 68 76 -5 0 11 T M M 7.6 15 100 M M 5 18 90
29 78 69 74 -7 0 9 0.25 M M 6.6 13 90 M M 9 13X 15 80
30 85 71 78 -3 0 13 0.03 M M 6.7 13 290 M M 5 13 20 200
================================================================================
SM 2694 2016 0 412 3.93 0.0 340.3 M 75
================================================================================
AV 89.8 67.2 11.3 FASTST M M 3 MAX(MPH)
MISC ----> 53 310 76 280
================================================================================
NOTES:
# LAST OF SEVERAL OCCURRENCES
COLUMN 17 PEAK WIND IN M.P.H.
PRELIMINARY LOCAL CLIMATOLOGICAL DATA (WS FORM: F-6) , PAGE 2
STATION: CLINTON
MONTH: JUNE
YEAR: 2021
LATITUDE: 35 20 N
LONGITUDE: 99 12 W
[TEMPERATURE DATA] [PRECIPITATION DATA] SYMBOLS USED IN COLUMN 16
AVERAGE MONTHLY: 78.5 TOTAL FOR MONTH: 3.93 1 = FOG OR MIST
DPTR FM NORMAL: 0.4 DPTR FM NORMAL: 0.65 2 = FOG REDUCING VISIBILITY
HIGHEST: 100 ON 24,20 GRTST 24HR 1.81 ON 25-26 TO 1/4 MILE OR LESS
LOWEST: 57 ON 22, 1 3 = THUNDER
SNOW, ICE PELLETS, HAIL 4 = ICE PELLETS
TOTAL MONTH: 0.0 INCH 5 = HAIL
GRTST 24HR 0.0 6 = FREEZING RAIN OR DRIZZLE
GRTST DEPTH: 0 7 = DUSTSTORM OR SANDSTORM:
VSBY 1/2 MILE OR LESS
8 = SMOKE OR HAZE
[NO. OF DAYS WITH] [WEATHER - DAYS WITH] 9 = BLOWING SNOW
X = TORNADO
MAX 32 OR BELOW: 0 0.01 INCH OR MORE: 8
MAX 90 OR ABOVE: 15 0.10 INCH OR MORE: 4
MIN 32 OR BELOW: 0 0.50 INCH OR MORE: 2
MIN 0 OR BELOW: 0 1.00 INCH OR MORE: 2
[HDD (BASE 65) ]
TOTAL THIS MO. 0 CLEAR (SCALE 0-3) 20
DPTR FM NORMAL -1 PTCLDY (SCALE 4-7) 7
TOTAL FM JUL 1 3897 CLOUDY (SCALE 8-10) 3
DPTR FM NORMAL 147
[CDD (BASE 65) ]
TOTAL THIS MO. 412
DPTR FM NORMAL 16 [PRESSURE DATA]
TOTAL FM JAN 1 537 HIGHEST SLP M ON M
DPTR FM NORMAL -64 LOWEST SLP 29.58 ON 20
[REMARKS]
#FINAL-06-21#