000
CXUS55 KOHX 011647
CF6CSV
PRELIMINARY LOCAL CLIMATOLOGICAL DATA (WS FORM: F-6)
STATION: CROSSVILLE
MONTH: JANUARY
YEAR: 2024
LATITUDE: 35 57 N
LONGITUDE: 85 5 W
TEMPERATURE IN F: :PCPN: SNOW: WIND :SUNSHINE: SKY :PK WND
================================================================================
1 2 3 4 5 6A 6B 7 8 9 10 11 12 13 14 15 16 17 18
12Z AVG MX 2MIN
DY MAX MIN AVG DEP HDD CDD WTR SNW DPTH SPD SPD DIR MIN PSBL S-S WX SPD DR
================================================================================
1 34 29 32 -4 33 0 0.00 M M 7.9 13 30 M M 10 19 300
2 45 26 36 0 29 0 0.00 M M 3.8 10 60 M M 4 14 50
3 36 21 29 -7 36 0 0.00 M M 2.4 9 260 M M 3 16 210
4 40 25 33 -3 32 0 0.00 M M 6.7 15 10 M M 5 1 19 360
5 44 24 34 -2 31 0 0.06 M M 5.9 14 180 M M 2 24 180
6 45 36 41 5 24 0 0.18 M M 8.7 17 260 M M 10 1 26 150
7 39 26 33 -2 32 0 0.02 M M 10.3 24 280 M M 8 1 33 270
8 46 24 35 0 30 0 0.11 M M 8.4 21 150 M M 3 1 40 120
9 49 30 40 5 25 0 2.30 M M 11.9 26 250 M M 10 1 46 260
10 39 30 35 0 30 0 0.00 M M 8.7 30 260 M M 6 45 270
11 54 32 43 8 22 0 0.00 M M 4.2 12 270 M M 0 16 270
12 47 33 40 5 25 0 0.50 M M 12.4 29 260 M M 7 13 49 130
13 36 24 30 -5 35 0 0.00 M M 11.3 28 270 M M 5 42 280
14 32 20 26 -9 39 0 0.09 M M 6.9 16 280 M M 6 1 20 270
15 22 15 19 -16 46 0 0.26 M M 4.5 9 20 M M 10 128 13 340
16 14 -3 6 -29 59 0 T M M 7.3 15 330 M M 5 18 21 320
17 23 -7 8 -27 57 0 0.00 M M 3.9 15 280 M M 0 21 260
18 34 12 23 -12 42 0 0.07 M M 6.4 13 180 M M 5 168 21 210
19 34 9 22 -13 43 0 T M M 11.7 21 280 M M 10 128 29 280
20 13 1 7 -28 58 0 T M M 6.9 15 300 M M 2 8 21 340
21 27 1 14 -21 51 0 0.00 M M 3.9 14 100 M M 0 1 20 110
22 41 18 30 -5 35 0 0.00 M M 5.8 16 180 M M 1 30 200
23 49 39 44 9 21 0 T M M 5.8 13 170 M M 8 8 20 190
24 57 48 53 18 12 0 1.03 M M 6.9 15 180 M M 10 1 25 180
25 63 57 60 25 5 0 0.43 M M 7.2 14 250 M M 10 1 26 150
26 60 46 53 18 12 0 T M M 4.6 13 260 M M 5 1 16 260
27 58 39 49 13 16 0 0.72 M M 8.6 23 270 M M 9 13 32 260
28 38 34 36 0 29 0 0.07 M M 15.4 24 270 M M 10 1 33 270
29 37 30 34 -2 31 0 T M M 5.0 13 330 M M 10 1 20 330
30 52 29 41 5 24 0 0.01 M M 6.0 15 320 M M 8 12 23 310
31 43 26 35 -1 30 0 0.01 M M 5.8 14 330 M M 7 1 22 330
================================================================================
SM 1251 774 994 0 5.86 M 225.2 M 189
================================================================================
AV 40.4 25.0 7.3 FASTST M M 6 MAX(MPH)
MISC ----> 30 260 49 130
================================================================================
NOTES:
# LAST OF SEVERAL OCCURRENCES
COLUMN 17 PEAK WIND IN M.P.H.
PRELIMINARY LOCAL CLIMATOLOGICAL DATA (WS FORM: F-6) , PAGE 2
STATION: CROSSVILLE
MONTH: JANUARY
YEAR: 2024
LATITUDE: 35 57 N
LONGITUDE: 85 5 W
[TEMPERATURE DATA] [PRECIPITATION DATA] SYMBOLS USED IN COLUMN 16
AVERAGE MONTHLY: 32.7 TOTAL FOR MONTH: 5.86 1 = FOG OR MIST
DPTR FM NORMAL: -2.6 DPTR FM NORMAL: 0.91 2 = FOG REDUCING VISIBILITY
HIGHEST: 63 ON 25 GRTST 24HR 2.30 ON 9- 9 TO 1/4 MILE OR LESS
LOWEST: -7 ON 17 3 = THUNDER
SNOW, ICE PELLETS, HAIL 4 = ICE PELLETS
TOTAL MONTH: M 5 = HAIL
GRTST 24HR M ON M 6 = FREEZING RAIN OR DRIZZLE
GRTST DEPTH: M ON M 7 = DUSTSTORM OR SANDSTORM:
VSBY 1/2 MILE OR LESS
8 = SMOKE OR HAZE
[NO. OF DAYS WITH] [WEATHER - DAYS WITH] 9 = BLOWING SNOW
X = TORNADO
MAX 32 OR BELOW: 6 0.01 INCH OR MORE: 15
MAX 90 OR ABOVE: 0 0.10 INCH OR MORE: 8
MIN 32 OR BELOW: 23 0.50 INCH OR MORE: 4
MIN 0 OR BELOW: 2 1.00 INCH OR MORE: 2
[HDD (BASE 65) ]
TOTAL THIS MO. 994 CLEAR (SCALE 0-3) 8
DPTR FM NORMAL 75 PTCLDY (SCALE 4-7) 12
TOTAL FM JUL 1 2455 CLOUDY (SCALE 8-10) 11
DPTR FM NORMAL -186
[CDD (BASE 65) ]
TOTAL THIS MO. 0
DPTR FM NORMAL 0 [PRESSURE DATA]
TOTAL FM JAN 1 0 HIGHEST SLP 30.70 ON 21
DPTR FM NORMAL 0 LOWEST SLP 29.21 ON 9
[REMARKS]
#FINAL-01-24#