000
CXUS52 KTAE 011254
CF6CTY
PRELIMINARY LOCAL CLIMATOLOGICAL DATA (WS FORM: F-6)
STATION: CROSS CITY
MONTH: AUGUST
YEAR: 2020
LATITUDE: 29 37 N
LONGITUDE: 83 6 W
TEMPERATURE IN F: :PCPN: SNOW: WIND :SUNSHINE: SKY :PK WND
================================================================================
1 2 3 4 5 6A 6B 7 8 9 10 11 12 13 14 15 16 17 18
12Z AVG MX 2MIN
DY MAX MIN AVG DEP HDD CDD WTR SNW DPTH SPD SPD DIR MIN PSBL S-S WX SPD DR
================================================================================
1 94 72 83 1 0 18 0.00 0.0 0 2.3 8 280 M M 0 13 M M
2 95 71 83 1 0 18 0.00 0.0 0 4.9 14 70 M M 2 22 70
3 94 74 84 2 0 19 0.00 0.0 0 5.7 12 250 M M 1 M M
4 94 75 85 3 0 20 0.00 0.0 0 4.6 13 230 M M 1 M M
5 93 75 84 2 0 19 0.09 0.0 0 3.6 12 240 M M 2 18 M M
6 93 75 84 2 0 19 0.10 0.0 0 3.3 10 120 M M 2 38 18 120
7 88 73 81 -1 0 16 0.30 0.0 0 2.7 14 310 M M 2 138 27 310
8 90 73 82 0 0 17 0.61 0.0 0 2.2 6 230 M M 1 13 M M
9 95 72 84 2 0 19 0.00 0.0 0 2.8 8 220 M M 1 M M
10 95 72 84 2 0 19 0.00 0.0 0 3.7 13 280 M M 1 3 M M
11 92 74 83 1 0 18 1.35 0.0 0 3.2 13 340 M M 2 13 22 340
12 88 72 80 -1 0 15 0.17 0.0 0 2.4 12 230 M M 3 128 M M
13 90 72 81 0 0 16 0.00 0.0 0 3.2 10 250 M M 2 3 M M
14 75 74 75 -6 0 10 0.00 0.0 0 0.0 M M M M 0 1 M M
15 M M M M M M 0.00 0.0 0 M M M M M 0 M M
16 M M M M M M 0.00 0.0 0 M M M M M 0 M M
17 M M M M M M 0.00 0.0 0 M M M M M 0 M M
18 M M M M M M 0.00 0.0 0 M M M M M 0 M M
19 91 72 82 1 0 17 0.07 0.0 0 5.1 10 220 M M 0 3 M M
20 85 71 78 -3 0 13 0.45 0.0 0 4.7 21 180 M M 0 3 27 180
21 83 71 77 -4 0 12 0.44 0.0 0 4.2 8 260 M M 0 13 M M
22 80 72 76 -5 0 11 0.44 0.0 0 4.5 9 110 M M 2 13 M M
23 93 72 83 2 0 18 0.46 0.0 0 4.3 14 120 M M 0 38 21 120
24 94 73 84 3 0 19 1.48 0.0 0 5.0 10 140 M M 8 13 22 140
25 96 74 85 4 0 20 0.00 0.0 0 5.5 12 150 M M 2 1 16 120
26 96 76 86 5 0 21 0.05 0.0 0 4.5 9 210 M M 1 3 M M
27 93 76 85 4 0 20 0.00 0.0 0 4.8 10 220 M M 3 M M
28 93 74 84 3 0 19 0.00 0.0 0 4.5 13 220 M M 2 3 17 220
29 89 74 82 1 0 17 1.21 0.0 0 5.1 14 230 M M 3 13 17 260
30 89 73 81 0 0 16 1.81 0.0 0 5.3 14 290 M M 3 13 20 270
31 88 76 82 1 0 17 0.52 0.0 0 4.1 14 250 M M 2 13 M M
================================================================================
SM 2446 1978 0 463 9.55 0.0 106.2 M 46
================================================================================
AV 90.6 73.3 3.9 FASTST M M 1 MAX(MPH)
MISC ----> # 21 180 # 27 310
================================================================================
NOTES:
# LAST OF SEVERAL OCCURRENCES
COLUMN 17 PEAK WIND IN M.P.H.
PRELIMINARY LOCAL CLIMATOLOGICAL DATA (WS FORM: F-6) , PAGE 2
STATION: CROSS CITY
MONTH: AUGUST
YEAR: 2020
LATITUDE: 29 37 N
LONGITUDE: 83 6 W
[TEMPERATURE DATA] [PRECIPITATION DATA] SYMBOLS USED IN COLUMN 16
AVERAGE MONTHLY: 81.9 TOTAL FOR MONTH: 9.55 1 = FOG OR MIST
DPTR FM NORMAL: 0.7 DPTR FM NORMAL: 2.10 2 = FOG REDUCING VISIBILITY
HIGHEST: 96 ON 26,25 GRTST 24HR 1.81 ON 30-30 TO 1/4 MILE OR LESS
LOWEST: 71 ON 21,20 3 = THUNDER
SNOW, ICE PELLETS, HAIL 4 = ICE PELLETS
TOTAL MONTH: 0.0 INCH 5 = HAIL
GRTST 24HR 0.0 6 = FREEZING RAIN OR DRIZZLE
GRTST DEPTH: 0 7 = DUSTSTORM OR SANDSTORM:
VSBY 1/2 MILE OR LESS
8 = SMOKE OR HAZE
[NO. OF DAYS WITH] [WEATHER - DAYS WITH] 9 = BLOWING SNOW
X = TORNADO
MAX 32 OR BELOW: 0 0.01 INCH OR MORE: 16
MAX 90 OR ABOVE: 18 0.10 INCH OR MORE: 13
MIN 32 OR BELOW: 0 0.50 INCH OR MORE: 6
MIN 0 OR BELOW: 0 1.00 INCH OR MORE: 4
[HDD (BASE 65) ]
TOTAL THIS MO. 0 CLEAR (SCALE 0-3) 30
DPTR FM NORMAL 0 PTCLDY (SCALE 4-7) 1
TOTAL FM JUL 1 0 CLOUDY (SCALE 8-10) 0
DPTR FM NORMAL 0
[CDD (BASE 65) ]
TOTAL THIS MO. 463
DPTR FM NORMAL -41 [PRESSURE DATA]
TOTAL FM JAN 1 2182 HIGHEST SLP 30.18 ON 9
DPTR FM NORMAL 244 LOWEST SLP 29.82 ON 18
[REMARKS]
#FINAL-08-20#