000
CXUS53 KUNR 011030
CF6CUT
PRELIMINARY LOCAL CLIMATOLOGICAL DATA (WS FORM: F-6)
STATION: CUSTER COUNTY AIRPORT SD
MONTH: NOVEMBER
YEAR: 2022
LATITUDE: 43 43 N
LONGITUDE: 103 37 W
TEMPERATURE IN F: :PCPN: SNOW: WIND :SUNSHINE: SKY :PK WND
================================================================================
1 2 3 4 5 6A 6B 7 8 9 10 11 12 13 14 15 16 17 18
12Z AVG MX 2MIN
DY MAX MIN AVG DEP HDD CDD WTR SNW DPTH SPD SPD DIR MIN PSBL S-S WX SPD DR
================================================================================
1 65 33 49 11 16 0 0.00 M M 6.7 15 230 M M 0 26 220
2 63 39 51 14 14 0 0.00 M M 11.0 25 250 M M 1 44 230
3 39 23 31 -6 34 0 0.06 M M 4.8 10 340 M M 6 1 18 330
4 36 16 26 -11 39 0 0.00 M M 6.8 16 270 M M 1 1 23 260
5 50 25 38 2 27 0 0.02 M M 11.6 29 270 M M 3 1 45 260
6 36 18 27 -9 38 0 0.00 M M 9.1 24 280 M M 0 41 290
7 37 20 29 -7 36 0 0.05 M M 7.9 17 160 M M 6 1 33 190
8 57 22 40 5 25 0 0.00 M M 3.6 12 200 M M 0 20 200
9 26 20 23 -12 42 0 0.04 M M 4.9 14 80 M M 10 12 17 70
10 23 3 13 -22 52 0 0.01 M M 5.3 17 280 M M 3 1 30 310
11 29 2 16 -18 49 0 0.00 M M 4.1 12 100 M M 0 20 90
12 38 10 24 -10 41 0 0.00 M M 4.8 13 250 M M 0 19 240
13 38 14 26 -8 39 0 0.00 M M 5.4 15 350 M M 3 25 10
14 30 15 23 -10 42 0 0.00 M M 5.5 17 270 M M 9 26 290
15 24 10 17 -16 48 0 0.01 M M 6.8 22 280 M M 9 8 32 270
16 31 6 19 -13 46 0 T M M 6.8 21 280 M M 5 32 260
17 21 -8 7 -25 58 0 T M M 9.0 22 300 M M 3 35 290
18 19 -9 5 -27 60 0 0.00 M M 10.8 25 290 M M 0 45 270
19 31 14 23 -8 42 0 T M M 7.6 18 280 M M 2 27 300
20 47 24 36 5 29 0 0.00 M M 8.3 16 270 M M 0 27 320
21 48 25 37 7 28 0 0.00 M M 5.0 13 260 M M 0 18 270
22 50 27 39 9 26 0 0.00 M M 5.3 15 270 M M 0 21 250
23 45 30 38 8 27 0 0.00 M M 8.9 16 270 M M 3 26 340
24 44 26 35 6 30 0 0.00 M M 5.9 14 290 M M 1 21 270
25 62 26 44 15 21 0 0.00 M M 5.8 15 260 M M 0 24 260
26 50 24 37 8 28 0 T M M 6.8 18 260 M M 3 29 250
27 37 14 26 -2 39 0 0.00 M M 9.1 22 250 M M 1 12 37 260
28 29 11 20 -8 45 0 0.13 M M 3.5 13 270 M M 6 12 20 280
29 21 2 12 -16 53 0 0.00 M M 5.7 17 280 M M 1 24 280
30 34 2 18 -10 47 0 0.00 M M 8.7 18 230 M M 0 36 220
================================================================================
SM 1160 484 1121 0 0.32 M 205.5 M 76
================================================================================
AV 38.7 16.1 6.9 FASTST M M 3 MAX(MPH)
MISC ----> 29 270 # 45 260
================================================================================
NOTES:
# LAST OF SEVERAL OCCURRENCES
COLUMN 17 PEAK WIND IN M.P.H.
PRELIMINARY LOCAL CLIMATOLOGICAL DATA (WS FORM: F-6) , PAGE 2
STATION: CUSTER COUNTY AIRPORT SD
MONTH: NOVEMBER
YEAR: 2022
LATITUDE: 43 43 N
LONGITUDE: 103 37 W
[TEMPERATURE DATA] [PRECIPITATION DATA] SYMBOLS USED IN COLUMN 16
AVERAGE MONTHLY: 27.4 TOTAL FOR MONTH: 0.32 1 = FOG OR MIST
DPTR FM NORMAL: -5.2 DPTR FM NORMAL: -0.20 2 = FOG REDUCING VISIBILITY
HIGHEST: 65 ON 1 GRTST 24HR 0.13 ON 28-28 TO 1/4 MILE OR LESS
LOWEST: -9 ON 18 3 = THUNDER
SNOW, ICE PELLETS, HAIL 4 = ICE PELLETS
TOTAL MONTH: M 5 = HAIL
GRTST 24HR M ON M 6 = FREEZING RAIN OR DRIZZLE
GRTST DEPTH: M ON M 7 = DUSTSTORM OR SANDSTORM:
VSBY 1/2 MILE OR LESS
8 = SMOKE OR HAZE
[NO. OF DAYS WITH] [WEATHER - DAYS WITH] 9 = BLOWING SNOW
X = TORNADO
MAX 32 OR BELOW: 11 0.01 INCH OR MORE: 7
MAX 90 OR ABOVE: 0 0.10 INCH OR MORE: 1
MIN 32 OR BELOW: 28 0.50 INCH OR MORE: 0
MIN 0 OR BELOW: 2 1.00 INCH OR MORE: 0
[HDD (BASE 65) ]
TOTAL THIS MO. 1121 CLEAR (SCALE 0-3) 19
DPTR FM NORMAL 147 PTCLDY (SCALE 4-7) 8
TOTAL FM JUL 1 1915 CLOUDY (SCALE 8-10) 3
DPTR FM NORMAL -161
[CDD (BASE 65) ]
TOTAL THIS MO. 0
DPTR FM NORMAL 0 [PRESSURE DATA]
TOTAL FM JAN 1 314 HIGHEST SLP 30.53 ON 17
DPTR FM NORMAL 105 LOWEST SLP 29.27 ON 5
[REMARKS]
#FINAL-11-22#