000
CXUS54 KEWX 011011
CF6CVB
PRELIMINARY LOCAL CLIMATOLOGICAL DATA (WS FORM: F-6)
STATION: CASTROVILLE
MONTH: SEPTEMBER
YEAR: 2023
LATITUDE: 29 20 N
LONGITUDE: 98 51 W
TEMPERATURE IN F: :PCPN: SNOW: WIND :SUNSHINE: SKY :PK WND
================================================================================
1 2 3 4 5 6A 6B 7 8 9 10 11 12 13 14 15 16 17 18
12Z AVG MX 2MIN
DY MAX MIN AVG DEP HDD CDD WTR SNW DPTH SPD SPD DIR MIN PSBL S-S WX SPD DR
================================================================================
1 103 72 88 M 0 23 0.00 M M 2.6 9 160 M M 1 9 0
2 103 72 88 M 0 23 0.00 M M 4.0 13 170 M M 0 20 80
3 102 74 88 M 0 23 0.00 M M 4.4 12 150 M M 0 17 190
4 104 80 92 M 0 27 0.00 M M 7.9 15 160 M M 5 8 24 160
5 104 80 92 M 0 27 0.00 M M 9.0 16 150 M M 2 22 140
6 104 81 93 M 0 28 0.00 M M 4.8 10 160 M M 3 8 10 200
7 104 78 91 M 0 26 0.00 M M 3.9 8 170 M M 1 8 17 150
8 105 75 90 M 0 25 0.00 M M 3.9 9 210 M M 0 8 16 170
9 103 77 90 M 0 25 0.02 M M 4.6 20 60 M M 2 29 60
10 103 72 88 M 0 23 0.00 M M 3.8 9 320 M M 1 16 100
11 100 78 89 M 0 24 0.00 M M 4.9 12 140 M M 2 17 130
12 97 78 88 M 0 23 0.00 M M 6.2 13 50 M M 2 21 50
13 94 76 85 M 0 20 0.00 M M 6.1 13 100 M M 1 17 100
14 102 77 90 M 0 25 0.00 M M 5.8 15 80 M M 3 27 70
15 97 73 85 M 0 20 0.55 M M 4.5 14 110 M M 4 38 24 70
16 96 74 85 M 0 20 0.00 M M 4.3 17 360 M M 1 1 25 360
17 96 71 84 M 0 19 0.00 M M 3.6 9 60 M M 3 8 M M
18 97 73 85 M 0 20 0.00 M M 3.9 13 170 M M 2 8 24 170
19 98 72 85 M 0 20 0.00 M M 5.9 15 160 M M 1 24 160
20 101 71 86 M 0 21 0.00 M M 6.1 13 140 M M 0 17 150
21 100 78 89 M 0 24 0.00 M M 5.4 14 150 M M 4 8 20 150
22 100 78 89 M 0 24 0.00 M M 6.3 15 160 M M 4 8 16 200
23 101 79 90 M 0 25 0.00 M M 8.1 14 170 M M 2 8 24 170
24 104 79 92 M 0 27 0.00 M M 6.3 15 150 M M 1 8 27 160
25 98 76 87 M 0 22 0.00 M M 6.4 14 100 M M 4 1 24 340
26 100 74 87 M 0 22 0.00 M M 2.7 7 150 M M 2 8 M M
27 99 74 87 M 0 22 0.00 M M 3.6 10 60 M M 1 22 80
28 97 73 85 M 0 20 0.00 M M 3.9 10 170 M M 1 8 16 110
29 97 71 84 M 0 19 0.00 M M 4.3 12 120 M M 0 18 130
30 98 77 88 M 0 23 0.00 M M 6.2 14 170 M M 4 8 20 170
================================================================================
SM 3007 2263 0 690 0.57 M 153.4 M 57
================================================================================
AV100.2 75.4 5.1 FASTST M M 2 MAX(MPH)
MISC ----> 20 60 29 60
================================================================================
NOTES:
# LAST OF SEVERAL OCCURRENCES
COLUMN 17 PEAK WIND IN M.P.H.
PRELIMINARY LOCAL CLIMATOLOGICAL DATA (WS FORM: F-6) , PAGE 2
STATION: CASTROVILLE
MONTH: SEPTEMBER
YEAR: 2023
LATITUDE: 29 20 N
LONGITUDE: 98 51 W
[TEMPERATURE DATA] [PRECIPITATION DATA] SYMBOLS USED IN COLUMN 16
AVERAGE MONTHLY: 87.8 TOTAL FOR MONTH: 0.57 1 = FOG OR MIST
DPTR FM NORMAL: 0.0 DPTR FM NORMAL: M 2 = FOG REDUCING VISIBILITY
HIGHEST: 105 ON 8 GRTST 24HR 0.55 ON 15-15 TO 1/4 MILE OR LESS
LOWEST: 71 ON 29,20 3 = THUNDER
SNOW, ICE PELLETS, HAIL 4 = ICE PELLETS
TOTAL MONTH: M 5 = HAIL
GRTST 24HR M ON M 6 = FREEZING RAIN OR DRIZZLE
GRTST DEPTH: M ON M 7 = DUSTSTORM OR SANDSTORM:
VSBY 1/2 MILE OR LESS
8 = SMOKE OR HAZE
[NO. OF DAYS WITH] [WEATHER - DAYS WITH] 9 = BLOWING SNOW
X = TORNADO
MAX 32 OR BELOW: 0 0.01 INCH OR MORE: 2
MAX 90 OR ABOVE: 30 0.10 INCH OR MORE: 1
MIN 32 OR BELOW: 0 0.50 INCH OR MORE: 1
MIN 0 OR BELOW: 0 1.00 INCH OR MORE: 0
[HDD (BASE 65) ]
TOTAL THIS MO. 0 CLEAR (SCALE 0-3) 22
DPTR FM NORMAL M PTCLDY (SCALE 4-7) 8
TOTAL FM JUL 1 0 CLOUDY (SCALE 8-10) 0
DPTR FM NORMAL M
[CDD (BASE 65) ]
TOTAL THIS MO. 690
DPTR FM NORMAL M [PRESSURE DATA]
TOTAL FM JAN 1 3040 HIGHEST SLP M ON M
DPTR FM NORMAL M LOWEST SLP M ON M
[REMARKS]
#FINAL-09-23#