000
CXUS51 KILN 010542
CF6CVG
PRELIMINARY LOCAL CLIMATOLOGICAL DATA (WS FORM: F-6)
STATION: CINCINNATI OH
MONTH: OCTOBER
YEAR: 2020
LATITUDE: 39 2 N
LONGITUDE: 84 40 W
TEMPERATURE IN F: :PCPN: SNOW: WIND :SUNSHINE: SKY :PK WND
================================================================================
1 2 3 4 5 6A 6B 7 8 9 10 11 12 13 14 15 16 17 18
12Z AVG MX 2MIN
DY MAX MIN AVG DEP HDD CDD WTR SNW DPTH SPD SPD DIR MIN PSBL S-S WX SPD DR
================================================================================
1 69 44 57 -4 8 0 0.01 0.0 0 8.7 23 280 M M 3 31 280
2 63 38 51 -10 14 0 0.00 0.0 0 4.5 13 310 M M 5 1 17 340
3 66 45 56 -4 9 0 T 0.0 0 4.5 14 180 M M 8 17 190
4 70 42 56 -4 9 0 0.07 0.0 0 7.7 22 310 M M 8 1 26 320
5 63 37 50 -10 15 0 0.00 0.0 0 3.5 12 150 M M 1 14 160
6 72 39 56 -3 9 0 0.00 0.0 0 8.8 18 180 M M 0 22 180
7 84 53 69 10 0 4 0.00 0.0 0 9.8 22 270 M M 0 28 270
8 77 50 64 6 1 0 0.00 0.0 0 2.8 10 130 M M 2 8 12 130
9 81 53 67 9 0 2 0.00 0.0 0 6.9 16 160 M M 7 8 21 200
10 72 62 67 9 0 2 T 0.0 0 7.8 15 180 M M 10 19 180
11 74 64 69 12 0 4 0.02 0.0 0 10.1 20 70 M M 10 23 70
12 77 54 66 9 0 1 0.12 0.0 0 10.5 40 280 M M 10 138 52 290
13 68 41 55 -2 10 0 0.00 0.0 0 4.6 16 330 M M 0 1 21 320
14 77 45 61 5 4 0 0.00 0.0 0 9.7 21 190 M M 4 26 170
15 64 46 55 -1 10 0 0.11 0.0 0 9.7 20 310 M M 7 1 23 320
16 58 37 48 -8 17 0 0.00 0.0 0 6.6 16 280 M M 3 20 250
17 64 34 49 -6 16 0 0.00 0.0 0 8.0 16 170 M M 3 20 160
18 60 45 53 -2 12 0 0.08 0.0 0 9.2 20 190 M M 9 1 24 190
19 59 53 56 1 9 0 1.38 0.0 0 5.4 16 150 M M 10 12 20 150
20 60 49 55 1 10 0 0.28 0.0 0 7.3 14 350 M M 10 1 17 360
21 71 59 65 11 0 0 T 0.0 0 6.2 15 210 M M 6 18 21 200
22 81 57 69 15 0 4 0.00 0.0 0 7.2 15 200 M M 2 1 21 230
23 79 50 65 11 0 0 0.12 0.0 0 11.3 24 300 M M 6 13 29 330
24 52 44 48 -5 17 0 T 0.0 0 12.0 20 340 M M 9 24 10
25 54 44 49 -4 16 0 0.03 0.0 0 9.7 17 80 M M 10 1 21 40
26 51 46 49 -4 16 0 0.03 0.0 0 5.3 13 340 M M 10 18 18 350
27 53 46 50 -2 15 0 0.01 0.0 0 4.3 12 360 M M 10 18 14 350
28 54 48 51 -1 14 0 0.22 0.0 0 5.6 12 110 M M 10 12 13 120
29 54 45 50 -2 15 0 1.93 0.0 0 14.0 23 360 M M 10 1 29 360
30 50 37 44 -7 21 0 0.00 0.0 0 8.5 20 320 M M 7 27 330
31 57 35 46 -5 19 0 0.00 0.0 0 9.0 16 160 M M 2 21 170
================================================================================
SM 2034 1442 286 17 4.41 0.0 239.2 M 192
================================================================================
AV 65.6 46.5 7.7 FASTST M M 6 MAX(MPH)
MISC ----> 40 280 52 290
================================================================================
NOTES:
# LAST OF SEVERAL OCCURRENCES
COLUMN 17 PEAK WIND IN M.P.H.
PRELIMINARY LOCAL CLIMATOLOGICAL DATA (WS FORM: F-6) , PAGE 2
STATION: CINCINNATI OH
MONTH: OCTOBER
YEAR: 2020
LATITUDE: 39 2 N
LONGITUDE: 84 40 W
[TEMPERATURE DATA] [PRECIPITATION DATA] SYMBOLS USED IN COLUMN 16
AVERAGE MONTHLY: 56.1 TOTAL FOR MONTH: 4.41 1 = FOG OR MIST
DPTR FM NORMAL: 0.2 DPTR FM NORMAL: 1.11 2 = FOG REDUCING VISIBILITY
HIGHEST: 84 ON 7 GRTST 24HR 2.13 ON 28-29 TO 1/4 MILE OR LESS
LOWEST: 34 ON 17 3 = THUNDER
SNOW, ICE PELLETS, HAIL 4 = ICE PELLETS
TOTAL MONTH: 0.0 INCH 5 = HAIL
GRTST 24HR 0.0 6 = FREEZING RAIN OR DRIZZLE
GRTST DEPTH: 0 7 = DUSTSTORM OR SANDSTORM:
VSBY 1/2 MILE OR LESS
8 = SMOKE OR HAZE
[NO. OF DAYS WITH] [WEATHER - DAYS WITH] 9 = BLOWING SNOW
X = TORNADO
MAX 32 OR BELOW: 0 0.01 INCH OR MORE: 14
MAX 90 OR ABOVE: 0 0.10 INCH OR MORE: 7
MIN 32 OR BELOW: 0 0.50 INCH OR MORE: 2
MIN 0 OR BELOW: 0 1.00 INCH OR MORE: 2
[HDD (BASE 65) ]
TOTAL THIS MO. 286 CLEAR (SCALE 0-3) 8
DPTR FM NORMAL -18 PTCLDY (SCALE 4-7) 11
TOTAL FM JUL 1 328 CLOUDY (SCALE 8-10) 12
DPTR FM NORMAL -34
[CDD (BASE 65) ]
TOTAL THIS MO. 17
DPTR FM NORMAL 1 [PRESSURE DATA]
TOTAL FM JAN 1 1265 HIGHEST SLP M ON M
DPTR FM NORMAL 144 LOWEST SLP 29.35 ON 31
[REMARKS]
#FINAL-10-20#