000
CXUS55 KVEF 020144
CF6DAG
PRELIMINARY LOCAL CLIMATOLOGICAL DATA (WS FORM: F-6)
STATION: BARSTOW-DAGGETT CA
MONTH: DECEMBER
YEAR: 2022
LATITUDE: 34 51 N
LONGITUDE: 116 47 W
TEMPERATURE IN F: :PCPN: SNOW: WIND :SUNSHINE: SKY :PK WND
================================================================================
1 2 3 4 5 6A 6B 7 8 9 10 11 12 13 14 15 16 17 18
12Z AVG MX 2MIN
DY MAX MIN AVG DEP HDD CDD WTR SNW DPTH SPD SPD DIR MIN PSBL S-S WX SPD DR
================================================================================
1 60 38 49 -1 16 0 0.00 0.0 0 11.2 21 240 M M 1 26 240
2 61 47 54 4 11 0 0.00 0.0 0 6.4 22 260 M M 4 27 260
3 67 43 55 6 10 0 0.00 0.0 0 4.9 14 90 M M 1 18 100
4 68 38 53 4 12 0 0.00 0.0 0 6.1 20 270 M M 2 27 280
5 62 45 54 5 11 0 0.00 0.0 0 14.5 25 280 M M 1 35 280
6 58 39 49 1 16 0 0.00 0.0 0 9.5 18 280 M M 0 23 270
7 57 36 47 -1 18 0 0.00 0.0 0 10.3 17 300 M M 0 24 270
8 57 34 46 -2 19 0 0.00 0.0 0 7.0 14 280 M M 0 16 280
9 60 34 47 -1 18 0 0.00 0.0 0 6.9 15 320 M M 0 20 290
10 62 31 47 -1 18 0 0.00 0.0 0 5.6 15 40 M M 0 17 40
11 60 39 50 2 15 0 0.13 0.0 0 12.9 29 220 M M 4 1 41 210
12 48 34 41 -6 24 0 T 0.0 0 9.2 21 270 M M 3 25 280
13 52 32 42 -5 23 0 0.00 0.0 0 8.3 14 290 M M 0 19 300
14 54 31 43 -4 22 0 0.00 0.0 0 6.9 14 270 M M 0 16 270
15 56 30 43 -4 22 0 0.00 0.0 0 4.7 10 260 M M 0 11 40
16 54 29 42 -5 23 0 0.00 0.0 0 4.1 12 100 M M 0 21 60
17 51 25 38 -9 27 0 0.00 0.0 0 5.1 10 280 M M 0 13 90
18 55 29 42 -5 23 0 0.00 0.0 0 6.3 15 270 M M 0 16 270
19 56 27 42 -5 23 0 0.00 0.0 0 4.4 10 290 M M 0 13 290
20 59 33 46 -1 19 0 0.00 0.0 0 4.1 12 280 M M 0 15 280
21 63 35 49 2 16 0 0.00 0.0 0 10.9 18 270 M M 0 8 22 270
22 61 36 49 2 16 0 0.00 0.0 0 4.7 13 260 M M 0 16 260
23 65 36 51 4 14 0 0.00 0.0 0 4.6 14 250 M M 0 15 260
24 69 38 54 7 11 0 0.00 0.0 0 6.9 16 280 M M 0 20 270
25 70 43 57 10 8 0 0.00 0.0 0 9.2 16 280 M M 0 19 280
26 66 38 52 5 13 0 0.00 0.0 0 5.8 20 270 M M 0 24 280
27 69 43 56 9 9 0 0.06 0.0 0 11.5 32 250 M M 6 43 240
28 64 47 56 9 9 0 0.00 0.0 0 20.9 40 250 M M 0 52 250
29 60 46 53 6 12 0 T 0.0 0 7.1 23 260 M M 7 31 220
30 72 40 56 9 9 0 0.00 0.0 0 9.3 30 270 M M 3 36 260
31 65 47 56 9 9 0 T 0.0 0 8.1 24 250 M M 1 32 240
================================================================================
SM 1881 1143 496 0 0.19 0.0 247.4 M 33
================================================================================
AV 60.7 36.9 8.0 FASTST M M 1 MAX(MPH)
MISC ----> 40 250 52 250
================================================================================
NOTES:
# LAST OF SEVERAL OCCURRENCES
COLUMN 17 PEAK WIND IN M.P.H.
PRELIMINARY LOCAL CLIMATOLOGICAL DATA (WS FORM: F-6) , PAGE 2
STATION: BARSTOW-DAGGETT CA
MONTH: DECEMBER
YEAR: 2022
LATITUDE: 34 51 N
LONGITUDE: 116 47 W
[TEMPERATURE DATA] [PRECIPITATION DATA] SYMBOLS USED IN COLUMN 16
AVERAGE MONTHLY: 48.8 TOTAL FOR MONTH: 0.19 1 = FOG OR MIST
DPTR FM NORMAL: 1.4 DPTR FM NORMAL: -0.37 2 = FOG REDUCING VISIBILITY
HIGHEST: 72 ON 30 GRTST 24HR 0.13 ON 11-11 TO 1/4 MILE OR LESS
LOWEST: 25 ON 17 3 = THUNDER
SNOW, ICE PELLETS, HAIL 4 = ICE PELLETS
TOTAL MONTH: 0.0 INCH 5 = HAIL
GRTST 24HR 0.0 6 = FREEZING RAIN OR DRIZZLE
GRTST DEPTH: 0 7 = DUSTSTORM OR SANDSTORM:
VSBY 1/2 MILE OR LESS
8 = SMOKE OR HAZE
[NO. OF DAYS WITH] [WEATHER - DAYS WITH] 9 = BLOWING SNOW
X = TORNADO
MAX 32 OR BELOW: 0 0.01 INCH OR MORE: 2
MAX 90 OR ABOVE: 0 0.10 INCH OR MORE: 1
MIN 32 OR BELOW: 8 0.50 INCH OR MORE: 0
MIN 0 OR BELOW: 0 1.00 INCH OR MORE: 0
[HDD (BASE 65) ]
TOTAL THIS MO. 496 CLEAR (SCALE 0-3) 27
DPTR FM NORMAL -48 PTCLDY (SCALE 4-7) 4
TOTAL FM JUL 1 920 CLOUDY (SCALE 8-10) 0
DPTR FM NORMAL 56
[CDD (BASE 65) ]
TOTAL THIS MO. 0
DPTR FM NORMAL 0 [PRESSURE DATA]
TOTAL FM JAN 1 3591 HIGHEST SLP 30.41 ON 24
DPTR FM NORMAL 463 LOWEST SLP 29.66 ON 31
[REMARKS]
#FINAL-12-22#