000
CXUS55 KVEF 032221
CF6DAG
PRELIMINARY LOCAL CLIMATOLOGICAL DATA (WS FORM: F-6)
STATION: BARSTOW-DAGGETT CA
MONTH: DECEMBER
YEAR: 2020
LATITUDE: 34 51 N
LONGITUDE: 116 47 W
TEMPERATURE IN F: :PCPN: SNOW: WIND :SUNSHINE: SKY :PK WND
================================================================================
1 2 3 4 5 6A 6B 7 8 9 10 11 12 13 14 15 16 17 18
12Z AVG MX 2MIN
DY MAX MIN AVG DEP HDD CDD WTR SNW DPTH SPD SPD DIR MIN PSBL S-S WX SPD DR
================================================================================
1 69 36 53 3 12 0 0.00 0.0 0 9.2 17 270 M M 0 19 270
2 64 34 49 0 16 0 0.00 0.0 0 6.0 15 90 M M 0 19 90
3 59 28 44 -5 21 0 0.00 0.0 0 3.8 13 270 M M 0 16 60
4 63 29 46 -3 19 0 0.00 0.0 0 7.9 16 280 M M 0 18 280
5 62 26 44 -4 21 0 0.00 0.0 0 6.1 13 280 M M 0 15 280
6 63 28 46 -2 19 0 0.00 0.0 0 5.9 17 280 M M 0 21 280
7 65 36 51 3 14 0 0.00 0.0 0 3.7 12 120 M M 0 15 90
8 67 32 50 2 15 0 0.00 0.0 0 3.6 9 60 M M 0 12 60
9 67 34 51 3 14 0 0.00 0.0 0 4.7 13 280 M M 0 15 280
10 67 37 52 5 13 0 0.00 0.0 0 12.5 23 280 M M 0 26 280
11 60 41 51 4 14 0 0.00 0.0 0 7.5 18 270 M M 0 25 300
12 67 42 55 8 10 0 0.00 0.0 0 19.1 46 250 M M 2 8 57 250
13 56 30 43 -4 22 0 0.00 0.0 0 5.1 15 70 M M 1 18 80
14 62 38 50 3 15 0 0.00 0.0 0 12.8 28 280 M M 1 34 290
15 57 33 45 -2 20 0 0.00 0.0 0 6.4 16 290 M M 0 19 290
16 63 33 48 1 17 0 0.00 0.0 0 4.8 13 280 M M 0 14 280
17 70 35 53 7 12 0 0.00 0.0 0 12.0 38 280 M M 0 48 290
18 61 36 49 3 16 0 0.00 0.0 0 7.1 17 280 M M 0 19 20
19 63 33 48 2 17 0 0.00 0.0 0 5.8 14 280 M M 0 16 280
20 67 33 50 4 15 0 0.00 0.0 0 6.4 15 280 M M 0 17 280
21 70 34 52 6 13 0 0.00 0.0 0 4.9 15 280 M M 0 17 270
22 75 42 59 13 6 0 0.00 0.0 0 13.5 31 280 M M 0 8 37 280
23 59 32 46 0 19 0 0.00 0.0 0 6.3 15 90 M M 0 27 80
24 53 31 42 -4 23 0 0.00 0.0 0 4.2 15 270 M M 2 17 270
25 60 33 47 1 18 0 0.00 0.0 0 6.1 15 280 M M 0 19 270
26 69 30 50 4 15 0 0.00 0.0 0 11.2 30 260 M M 0 36 260
27 60 35 48 2 17 0 0.00 0.0 0 7.0 15 270 M M 1 18 270
28 55 35 45 -2 20 0 0.14 0.0 0 9.8 25 280 M M 6 1 31 280
29 58 35 47 0 18 0 T 0.0 0 9.2 17 280 M M 3 23 20
30 58 31 45 -2 20 0 0.00 0.0 0 10.0 17 270 M M 0 20 270
31 60 36 48 1 17 0 0.00 0.0 0 10.7 32 250 M M 4 41 240
================================================================================
SM 1949 1048 508 0 0.14 0.0 243.3 M 20
================================================================================
AV 62.9 33.8 7.8 FASTST M M 1 MAX(MPH)
MISC ----> 46 250 57 250
================================================================================
NOTES:
# LAST OF SEVERAL OCCURRENCES
COLUMN 17 PEAK WIND IN M.P.H.
PRELIMINARY LOCAL CLIMATOLOGICAL DATA (WS FORM: F-6) , PAGE 2
STATION: BARSTOW-DAGGETT CA
MONTH: DECEMBER
YEAR: 2020
LATITUDE: 34 51 N
LONGITUDE: 116 47 W
[TEMPERATURE DATA] [PRECIPITATION DATA] SYMBOLS USED IN COLUMN 16
AVERAGE MONTHLY: 48.3 TOTAL FOR MONTH: 0.14 1 = FOG OR MIST
DPTR FM NORMAL: 1.1 DPTR FM NORMAL: -0.43 2 = FOG REDUCING VISIBILITY
HIGHEST: 75 ON 22 GRTST 24HR 0.14 ON 28-28 TO 1/4 MILE OR LESS
LOWEST: 26 ON 5 3 = THUNDER
SNOW, ICE PELLETS, HAIL 4 = ICE PELLETS
TOTAL MONTH: 0.0 INCH 5 = HAIL
GRTST 24HR 0.0 6 = FREEZING RAIN OR DRIZZLE
GRTST DEPTH: 0 7 = DUSTSTORM OR SANDSTORM:
VSBY 1/2 MILE OR LESS
8 = SMOKE OR HAZE
[NO. OF DAYS WITH] [WEATHER - DAYS WITH] 9 = BLOWING SNOW
X = TORNADO
MAX 32 OR BELOW: 0 0.01 INCH OR MORE: 1
MAX 90 OR ABOVE: 0 0.10 INCH OR MORE: 1
MIN 32 OR BELOW: 10 0.50 INCH OR MORE: 0
MIN 0 OR BELOW: 0 1.00 INCH OR MORE: 0
[HDD (BASE 65) ]
TOTAL THIS MO. 508 CLEAR (SCALE 0-3) 29
DPTR FM NORMAL -45 PTCLDY (SCALE 4-7) 2
TOTAL FM JUL 1 808 CLOUDY (SCALE 8-10) 0
DPTR FM NORMAL -83
[CDD (BASE 65) ]
TOTAL THIS MO. 0
DPTR FM NORMAL 0 [PRESSURE DATA]
TOTAL FM JAN 1 3562 HIGHEST SLP 30.47 ON 23
DPTR FM NORMAL 583 LOWEST SLP 29.75 ON 28
[REMARKS]
#FINAL-12-20#