000
CXUS55 KVEF 011841
CF6DAG
PRELIMINARY LOCAL CLIMATOLOGICAL DATA (WS FORM: F-6)
STATION: BARSTOW-DAGGETT CA
MONTH: AUGUST
YEAR: 2020
LATITUDE: 34 51 N
LONGITUDE: 116 47 W
TEMPERATURE IN F: :PCPN: SNOW: WIND :SUNSHINE: SKY :PK WND
================================================================================
1 2 3 4 5 6A 6B 7 8 9 10 11 12 13 14 15 16 17 18
12Z AVG MX 2MIN
DY MAX MIN AVG DEP HDD CDD WTR SNW DPTH SPD SPD DIR MIN PSBL S-S WX SPD DR
================================================================================
1 113 78 96 7 0 31 0.00 0.0 0 15.0 25 270 M M 0 31 290
2 111 75 93 4 0 28 0.00 0.0 0 19.1 32 260 M M 0 39 260
3 111 78 95 6 0 30 0.00 0.0 0 18.0 32 260 M M 0 40 250
4 107 76 92 3 0 27 0.00 0.0 0 15.0 25 250 M M 0 31 260
5 103 78 91 2 0 26 0.00 0.0 0 17.8 29 250 M M 0 34 250
6 99 70 85 -4 0 20 0.00 0.0 0 12.6 24 250 M M 0 32 240
7 100 66 83 -6 0 18 0.00 0.0 0 12.0 20 290 M M 0 23 340
8 103 69 86 -2 0 21 0.00 0.0 0 9.2 22 270 M M 0 25 280
9 106 72 89 1 0 24 0.00 0.0 0 8.6 16 300 M M 0 20 340
10 108 73 91 3 0 26 0.00 0.0 0 10.8 25 230 M M 0 8 33 220
11 106 72 89 1 0 24 0.00 0.0 0 11.2 23 250 M M 0 8 30 240
12 109 70 90 2 0 25 0.00 0.0 0 10.1 20 280 M M 0 8 26 330
13 108 81 95 7 0 30 0.00 0.0 0 9.8 20 280 M M 0 25 270
14 112 78 95 7 0 30 0.00 0.0 0 8.8 18 190 M M 0 3 24 190
15 113 83 98 10 0 33 0.00 0.0 0 10.5 35 210 M M 0 43 200
16 115 82 99 11 0 34 0.00 0.0 0 10.4 18 260 M M 0 22 260
17 115 83 99 11 0 34 0.00 0.0 0 10.4 18 250 M M 0 22 250
18 113 83 98 11 0 33 0.00 0.0 0 10.7 40 210 M M 0 3 46 210
19 113 85 99 12 0 34 T 0.0 0 11.7 24 280 M M 0 38 29 270
20 113 80 97 10 0 32 0.00 0.0 0 12.4 20 280 M M 1 8 24 250
21 111 80 96 9 0 31 0.00 0.0 0 8.7 18 240 M M 3 8 22 250
22 108 84 96 9 0 31 0.01 0.0 0 8.5 31 240 M M 1 38 40 150
23 107 80 94 8 0 29 0.00 0.0 0 10.6 24 260 M M 0 31 270
24 109 78 94 8 0 29 0.00 0.0 0 12.1 25 260 M M 0 3 31 220
25 109 76 93 7 0 28 0.00 0.0 0 12.2 23 250 M M 0 28 240
26 110 74 92 6 0 27 0.00 0.0 0 12.3 26 250 M M 0 33 260
27 107 78 93 7 0 28 0.00 0.0 0 13.0 23 290 M M 0 28 290
28 107 73 90 4 0 25 0.00 0.0 0 11.8 29 260 M M 0 34 250
29 105 73 89 4 0 24 0.00 0.0 0 12.1 25 330 M M 0 32 260
30 102 68 85 0 0 20 0.00 0.0 0 7.1 16 330 M M 0 19 280
31 105 67 86 1 0 21 0.00 0.0 0 10.7 23 310 M M 0 8 28 310
================================================================================
SM 3358 2363 0 853 0.01 0.0 363.2 M 5
================================================================================
AV108.3 76.2 11.7 FASTST M M 0 MAX(MPH)
MISC ----> 40 210 46 210
================================================================================
NOTES:
# LAST OF SEVERAL OCCURRENCES
COLUMN 17 PEAK WIND IN M.P.H.
PRELIMINARY LOCAL CLIMATOLOGICAL DATA (WS FORM: F-6) , PAGE 2
STATION: BARSTOW-DAGGETT CA
MONTH: AUGUST
YEAR: 2020
LATITUDE: 34 51 N
LONGITUDE: 116 47 W
[TEMPERATURE DATA] [PRECIPITATION DATA] SYMBOLS USED IN COLUMN 16
AVERAGE MONTHLY: 92.3 TOTAL FOR MONTH: 0.01 1 = FOG OR MIST
DPTR FM NORMAL: 4.9 DPTR FM NORMAL: -0.25 2 = FOG REDUCING VISIBILITY
HIGHEST: 115 ON 17,16 GRTST 24HR 0.01 ON 22-22 TO 1/4 MILE OR LESS
LOWEST: 66 ON 7 3 = THUNDER
SNOW, ICE PELLETS, HAIL 4 = ICE PELLETS
TOTAL MONTH: 0.0 INCH 5 = HAIL
GRTST 24HR 0.0 6 = FREEZING RAIN OR DRIZZLE
GRTST DEPTH: 0 7 = DUSTSTORM OR SANDSTORM:
VSBY 1/2 MILE OR LESS
8 = SMOKE OR HAZE
[NO. OF DAYS WITH] [WEATHER - DAYS WITH] 9 = BLOWING SNOW
X = TORNADO
MAX 32 OR BELOW: 0 0.01 INCH OR MORE: 1
MAX 90 OR ABOVE: 31 0.10 INCH OR MORE: 0
MIN 32 OR BELOW: 0 0.50 INCH OR MORE: 0
MIN 0 OR BELOW: 0 1.00 INCH OR MORE: 0
[HDD (BASE 65) ]
TOTAL THIS MO. 0 CLEAR (SCALE 0-3) 30
DPTR FM NORMAL 0 PTCLDY (SCALE 4-7) 1
TOTAL FM JUL 1 0 CLOUDY (SCALE 8-10) 0
DPTR FM NORMAL 0
[CDD (BASE 65) ]
TOTAL THIS MO. 853
DPTR FM NORMAL 159 [PRESSURE DATA]
TOTAL FM JAN 1 2636 HIGHEST SLP 29.93 ON 18
DPTR FM NORMAL 270 LOWEST SLP 29.58 ON 27
[REMARKS]
#FINAL-08-20#