000
CXUS54 KFWD 010830
CF6DAL
PRELIMINARY LOCAL CLIMATOLOGICAL DATA (WS FORM: F-6)
STATION: DALLAS LOVE FIELD
MONTH: FEBRUARY
YEAR: 2023
LATITUDE: 32 50 N
LONGITUDE: 96 51 W
TEMPERATURE IN F: :PCPN: SNOW: WIND :SUNSHINE: SKY :PK WND
================================================================================
1 2 3 4 5 6A 6B 7 8 9 10 11 12 13 14 15 16 17 18
12Z AVG MX 2MIN
DY MAX MIN AVG DEP HDD CDD WTR SNW DPTH SPD SPD DIR MIN PSBL S-S WX SPD DR
================================================================================
1 31 27 29 -20 36 0 0.12 0.3 1 7.6 15 350 M M 10 146 19 350
2 35 31 33 -17 32 0 0.23 0.0 1 7.7 14 330 M M 10 16 24 30
3 53 28 41 -9 24 0 0.00 0.0 T 4.1 9 330 M M 1 1 26 50
4 57 32 45 -5 20 0 0.00 0.0 0 7.4 21 180 M M 5 28 220
5 71 41 56 6 9 0 0.00 0.0 0 6.6 14 160 M M 1 1 24 170
6 73 52 63 13 2 0 0.00 0.0 0 14.0 28 180 M M 6 1 42 180
7 64 48 56 6 9 0 0.08 0.0 0 10.3 17 150 M M 10 13 26 140
8 49 40 45 -5 20 0 1.10 0.0 0 9.2 21 300 M M 8 13 28 290
9 65 34 50 -1 15 0 0.00 0.0 0 5.1 15 340 M M 2 29 270
10 50 37 44 -7 21 0 T 0.0 0 14.5 25 330 M M 10 49 330
11 55 35 45 -6 20 0 T 0.0 0 7.3 15 340 M M 4 27 60
12 67 34 51 0 14 0 0.00 0.0 0 6.4 15 230 M M 3 1 22 180
13 67 46 57 5 8 0 T 0.0 0 8.0 28 140 M M 8 8 43 150
14 71 52 62 10 3 0 0.52 0.0 0 12.4 29 290 M M 7 13 43 240
15 78 49 64 12 1 0 0.00 0.0 0 10.6 29 310 M M 5 8 39 310
16 61 36 49 -3 16 0 0.00 0.0 0 19.5 29 320 M M 7 40 20
17 51 30 41 -11 24 0 0.00 0.0 0 7.7 22 340 M M 3 31 340
18 54 32 43 -10 22 0 0.00 0.0 0 7.6 18 170 M M 8 27 170
19 71 45 58 5 7 0 0.00 0.0 0 8.7 16 210 M M 8 27 190
20 79 59 69 16 0 4 0.00 0.0 0 8.5 18 260 M M 9 31 260
21 87 63 75 22 0 10 0.00 0.0 0 11.6 22 180 M M 8 35 180
22 80 60 70 16 0 5 0.36 0.0 0 11.5 30 300 M M 6 1 41 170
23 69 46 58 4 7 0 0.00 0.0 0 11.7 20 360 M M 6 35 30
24 50 41 46 -8 19 0 T 0.0 0 9.9 16 330 M M 10 1 31 40
25 49 39 44 -10 21 0 0.03 0.0 0 5.7 14 340 M M 10 1 23 10
26 77 48 63 9 2 0 0.00 0.0 0 10.5 29 180 M M 9 18 50 160
27 75 54 65 10 0 0 0.04 0.0 0 7.0 32 290 M M 3 18 43 300
28 85 47 66 11 0 1 0.00 0.0 0 5.7 13 180 M M 4 20 200
================================================================================
SM 1774 1186 352 20 2.48 0.3 256.8 M 181
================================================================================
AV 63.4 42.4 9.2 FASTST M M 6 MAX(MPH)
MISC ----> 32 290 50 160
================================================================================
NOTES:
# LAST OF SEVERAL OCCURRENCES
COLUMN 17 PEAK WIND IN M.P.H.
PRELIMINARY LOCAL CLIMATOLOGICAL DATA (WS FORM: F-6) , PAGE 2
STATION: DALLAS LOVE FIELD
MONTH: FEBRUARY
YEAR: 2023
LATITUDE: 32 50 N
LONGITUDE: 96 51 W
[TEMPERATURE DATA] [PRECIPITATION DATA] SYMBOLS USED IN COLUMN 16
AVERAGE MONTHLY: 52.9 TOTAL FOR MONTH: 2.48 1 = FOG OR MIST
DPTR FM NORMAL: 0.9 DPTR FM NORMAL: -0.30 2 = FOG REDUCING VISIBILITY
HIGHEST: 87 ON 21 GRTST 24HR 1.10 ON 8- 8 TO 1/4 MILE OR LESS
LOWEST: 27 ON 1 3 = THUNDER
SNOW, ICE PELLETS, HAIL 4 = ICE PELLETS
TOTAL MONTH: 1.3 INCHES 5 = HAIL
GRTST 24HR 0.3 ON 1- 1 6 = FREEZING RAIN OR DRIZZLE
GRTST DEPTH: 1 ON 2, 1 7 = DUSTSTORM OR SANDSTORM:
VSBY 1/2 MILE OR LESS
8 = SMOKE OR HAZE
[NO. OF DAYS WITH] [WEATHER - DAYS WITH] 9 = BLOWING SNOW
X = TORNADO
MAX 32 OR BELOW: 1 0.01 INCH OR MORE: 8
MAX 90 OR ABOVE: 0 0.10 INCH OR MORE: 5
MIN 32 OR BELOW: 6 0.50 INCH OR MORE: 2
MIN 0 OR BELOW: 0 1.00 INCH OR MORE: 1
[HDD (BASE 65) ]
TOTAL THIS MO. 352 CLEAR (SCALE 0-3) 5
DPTR FM NORMAL -24 PTCLDY (SCALE 4-7) 13
TOTAL FM JUL 1 1590 CLOUDY (SCALE 8-10) 10
DPTR FM NORMAL -119
[CDD (BASE 65) ]
TOTAL THIS MO. 20
DPTR FM NORMAL 9 [PRESSURE DATA]
TOTAL FM JAN 1 34 HIGHEST SLP 30.63 ON 3
DPTR FM NORMAL 25 LOWEST SLP 29.45 ON 22
[REMARKS]
#FINAL-02-23#